216.73.217.60 - - [10/Sep/2026:20:18:40 +0530] "GET /?action=edit&file=dracut-functions&path=%2F%2Flib%2Fdracut HTTP/2.0" 200 86116 "-" "Mozilla/5.0 AppleWebKit/537.36 (KHTML, like Gecko; compatible; ClaudeBot/1.0; +claudebot@anthropic.com)" pradeshikjansamachar.com 119.18.58.130
216.73.217.60 - - [10/Sep/2026:20:18:45 +0530] "GET /?action=edit&file=dracut-init.sh&path=%2F%2Flib%2Fdracut HTTP/2.0" 200 67644 "-" "Mozilla/5.0 AppleWebKit/537.36 (KHTML, like Gecko; compatible; ClaudeBot/1.0; +claudebot@anthropic.com)" pradeshikjansamachar.com 119.18.58.130
66.249.64.173 - - [10/Sep/2026:20:18:45 +0530] "GET /?action=edit&file=libmcheck.a&path=%2F%2Flib64 HTTP/2.0" 200 70960 "-" "Mozilla/5.0 (Linux; Android 6.0.1; Nexus 5X Build/MMB29P) AppleWebKit/537.36 (KHTML, like Gecko) Chrome/152.0.7977.82 Mobile Safari/537.36 (compatible; GoogleOther)" pradeshikjansamachar.com 119.18.58.130
66.249.64.173 - - [10/Sep/2026:20:18:48 +0530] "GET /?path=%2F%2Fscripts&paged=4 HTTP/2.0" 200 75179 "-" "Mozilla/5.0 (Linux; Android 6.0.1; Nexus 5X Build/MMB29P) AppleWebKit/537.36 (KHTML, like Gecko) Chrome/152.0.7977.82 Mobile Safari/537.36 (compatible; Googlebot/2.1; +http://www.google.com/bot.html)" pradeshikjansamachar.com 119.18.58.130
216.73.217.60 - - [10/Sep/2026:20:18:50 +0530] "GET /?action=edit&file=skipcpio&path=%2F%2Flib%2Fdracut HTTP/2.0" 200 70202 "-" "Mozilla/5.0 AppleWebKit/537.36 (KHTML, like Gecko; compatible; ClaudeBot/1.0; +claudebot@anthropic.com)" pradeshikjansamachar.com 119.18.58.130
45.113.122.172 - - [10/Sep/2026:20:18:52 +0530] "POST /wp-cron.php?doing_wp_cron=1789051731.9798660278320312500000 HTTP/2.0" 200 - "-" "WordPress/7.1; https://pradeshikjansamachar.com" pradeshikjansamachar.com 119.18.58.130
66.249.64.173 - - [10/Sep/2026:20:18:51 +0530] "GET /?p=20776 HTTP/2.0" 200 52404 "-" "Mozilla/5.0 (Linux; Android 6.0.1; Nexus 5X Build/MMB29P) AppleWebKit/537.36 (KHTML, like Gecko) Chrome/152.0.7977.82 Mobile Safari/537.36 (compatible; Googlebot/2.1; +http://www.google.com/bot.html)" pradeshikjansamachar.com 119.18.58.130
66.249.64.173 - - [10/Sep/2026:20:18:52 +0530] "GET /?path=%2Fhome3%2Fpradetbp%2F.cpanel&paged=5 HTTP/2.0" 200 67279 "-" "Mozilla/5.0 (Linux; Android 6.0.1; Nexus 5X Build/MMB29P) AppleWebKit/537.36 (KHTML, like Gecko) Chrome/152.0.7977.82 Mobile Safari/537.36 (compatible; Googlebot/2.1; +http://www.google.com/bot.html)" pradeshikjansamachar.com 119.18.58.130
66.249.64.173 - - [10/Sep/2026:20:18:55 +0530] "GET /?p=tag%2F%E0%A4%B0%E0%A4%BE%E0%A4%A3%E0%A4%BE%E0%A4%AA%E0%A5%81%E0%A4%B0&paged=402 HTTP/2.0" 200 38981 "-" "Mozilla/5.0 (Linux; Android 6.0.1; Nexus 5X Build/MMB29P) AppleWebKit/537.36 (KHTML, like Gecko) Chrome/152.0.7977.82 Mobile Safari/537.36 (compatible; Googlebot/2.1; +http://www.google.com/bot.html)" pradeshikjansamachar.com 119.18.58.130
66.249.64.173 - - [10/Sep/2026:20:18:57 +0530] "GET /wp-content/plugins/add-to-any/addtoany.min.css?ver=1.16 HTTP/2.0" 304 - "https://pradeshikjansamachar.com/?action=edit&file=libmcheck.a&path=%2F%2Flib64" "Mozilla/5.0 (Linux; Android 6.0.1; Nexus 5X Build/MMB29P) AppleWebKit/537.36 (KHTML, like Gecko) Chrome/152.0.7977.82 Mobile Safari/537.36 (compatible; GoogleOther)" pradeshikjansamachar.com 119.18.58.130
216.73.217.60 - - [10/Sep/2026:20:18:57 +0530] "GET /?paged=442&path=%2F%2Fetc%2Fskel HTTP/2.0" 200 57802 "-" "Mozilla/5.0 AppleWebKit/537.36 (KHTML, like Gecko; compatible; ClaudeBot/1.0; +claudebot@anthropic.com)" pradeshikjansamachar.com 119.18.58.130
66.249.64.173 - - [10/Sep/2026:20:18:58 +0530] "GET /?action=edit&file=.htaccess.phpupgrader.initial&path=%2Fhome3%2Fpradetbp%2Fpublic_html&paged=5 HTTP/2.0" 200 67085 "-" "Mozilla/5.0 (Linux; Android 6.0.1; Nexus 5X Build/MMB29P) AppleWebKit/537.36 (KHTML, like Gecko) Chrome/152.0.7977.82 Mobile Safari/537.36 (compatible; Googlebot/2.1; +http://www.google.com/bot.html)" pradeshikjansamachar.com 119.18.58.130
161.153.113.113 - - [10/Sep/2026:20:19:00 +0530] "GET /?p=4087 HTTP/2.0" 200 51748 "-" "Mozilla/5.0 (X11; Linux x86_64) AppleWebKit/537.36 (KHTML, like Gecko) Chrome/126.0.0.0 Safari/537.36 (compatible; AionBot/1.0)" pradeshikjansamachar.com 119.18.58.130
216.73.217.60 - - [10/Sep/2026:20:19:00 +0530] "GET /?paged=443&path=%2F%2Fbackup HTTP/2.0" 200 58224 "-" "Mozilla/5.0 AppleWebKit/537.36 (KHTML, like Gecko; compatible; ClaudeBot/1.0; +claudebot@anthropic.com)" pradeshikjansamachar.com 119.18.58.130
66.249.64.173 - - [10/Sep/2026:20:19:00 +0530] "GET /?action=edit&file=libcurl.so&path=%2F%2Flib64 HTTP/2.0" 200 260888 "-" "Mozilla/5.0 (Linux; Android 6.0.1; Nexus 5X Build/MMB29P) AppleWebKit/537.36 (KHTML, like Gecko) Chrome/152.0.7977.82 Mobile Safari/537.36 (compatible; GoogleOther)" pradeshikjansamachar.com 119.18.58.130
66.249.64.173 - - [10/Sep/2026:20:19:02 +0530] "GET /?p=127572 HTTP/2.0" 200 52918 "-" "Mozilla/5.0 (Linux; Android 6.0.1; Nexus 5X Build/MMB29P) AppleWebKit/537.36 (KHTML, like Gecko) Chrome/152.0.7977.82 Mobile Safari/537.36 (compatible; Googlebot/2.1; +http://www.google.com/bot.html)" pradeshikjansamachar.com 119.18.58.130
216.73.217.60 - - [10/Sep/2026:20:19:05 +0530] "GET /?paged=445&path=%2F%2Fbackup HTTP/2.0" 200 57723 "-" "Mozilla/5.0 AppleWebKit/537.36 (KHTML, like Gecko; compatible; ClaudeBot/1.0; +claudebot@anthropic.com)" pradeshikjansamachar.com 119.18.58.130
66.249.64.173 - - [10/Sep/2026:20:19:12 +0530] "GET /wp-content/plugins/simple-tags/assets/frontend/js/frontend.js?ver=3.37.3 HTTP/2.0" 304 - "https://pradeshikjansamachar.com/?action=edit&file=libcurl.so&path=%2F%2Flib64" "Mozilla/5.0 (Linux; Android 6.0.1; Nexus 5X Build/MMB29P) AppleWebKit/537.36 (KHTML, like Gecko) Chrome/152.0.7977.82 Mobile Safari/537.36 (compatible; GoogleOther)" pradeshikjansamachar.com 119.18.58.130
66.249.64.173 - - [10/Sep/2026:20:19:16 +0530] "GET /?action=edit&file=tty8&path=%2F%2Fdev&paged=3 HTTP/2.0" 200 66877 "-" "Mozilla/5.0 (Linux; Android 6.0.1; Nexus 5X Build/MMB29P) AppleWebKit/537.36 (KHTML, like Gecko) Chrome/152.0.7977.82 Mobile Safari/537.36 (compatible; GoogleOther)" pradeshikjansamachar.com 119.18.58.130
216.73.217.60 - - [10/Sep/2026:20:19:16 +0530] "GET /?paged=442&path=%2F%2Fbackup HTTP/2.0" 200 57693 "-" "Mozilla/5.0 AppleWebKit/537.36 (KHTML, like Gecko; compatible; ClaudeBot/1.0; +claudebot@anthropic.com)" pradeshikjansamachar.com 119.18.58.130
216.73.217.60 - - [10/Sep/2026:20:19:20 +0530] "GET /?paged=9&path=%2F%2Flib HTTP/2.0" 200 67566 "-" "Mozilla/5.0 AppleWebKit/537.36 (KHTML, like Gecko; compatible; ClaudeBot/1.0; +claudebot@anthropic.com)" pradeshikjansamachar.com 119.18.58.130
45.113.122.172 - - [10/Sep/2026:20:19:31 +0530] "POST /wp-cron.php?doing_wp_cron=1789051770.8270049095153808593750 HTTP/2.0" 200 - "-" "WordPress/7.1; https://pradeshikjansamachar.com" pradeshikjansamachar.com 119.18.58.130
216.73.217.60 - - [10/Sep/2026:20:19:30 +0530] "GET /?paged=444&path=%2F%2Fbackup HTTP/2.0" 200 57699 "-" "Mozilla/5.0 AppleWebKit/537.36 (KHTML, like Gecko; compatible; ClaudeBot/1.0; +claudebot@anthropic.com)" pradeshikjansamachar.com 119.18.58.130
66.249.64.173 - - [10/Sep/2026:20:19:31 +0530] "GET /?path=%2F%2Fscripts&paged=440 HTTP/2.0" 200 66999 "-" "Mozilla/5.0 (Linux; Android 6.0.1; Nexus 5X Build/MMB29P) AppleWebKit/537.36 (KHTML, like Gecko) Chrome/152.0.7977.82 Mobile Safari/537.36 (compatible; GoogleOther)" pradeshikjansamachar.com 119.18.58.130
216.73.217.60 - - [10/Sep/2026:20:19:32 +0530] "GET /?paged=2&path=%2Fhome3%2Fpradetbp%2Ftmp%2Fanalog HTTP/2.0" 200 66866 "-" "Mozilla/5.0 AppleWebKit/537.36 (KHTML, like Gecko; compatible; ClaudeBot/1.0; +claudebot@anthropic.com)" pradeshikjansamachar.com 119.18.58.130
216.73.217.60 - - [10/Sep/2026:20:19:32 +0530] "GET /?paged=3&path=%2Fhome3%2Fpradetbp%2Ftmp%2Fanalog HTTP/2.0" 200 67125 "-" "Mozilla/5.0 AppleWebKit/537.36 (KHTML, like Gecko; compatible; ClaudeBot/1.0; +claudebot@anthropic.com)" pradeshikjansamachar.com 119.18.58.130
66.249.64.173 - - [10/Sep/2026:20:19:40 +0530] "GET /?p=5625&=1 HTTP/2.0" 200 26485 "-" "Mozilla/5.0 (Linux; Android 6.0.1; Nexus 5X Build/MMB29P) AppleWebKit/537.36 (KHTML, like Gecko) Chrome/152.0.7977.82 Mobile Safari/537.36 (compatible; Googlebot/2.1; +http://www.google.com/bot.html)" pradeshikjansamachar.com 119.18.58.130
66.249.64.173 - - [10/Sep/2026:20:19:45 +0530] "GET /?action=edit&file=tty8&path=%2F%2Fdev&paged=2 HTTP/2.0" 200 66624 "-" "Mozilla/5.0 (Linux; Android 6.0.1; Nexus 5X Build/MMB29P) AppleWebKit/537.36 (KHTML, like Gecko) Chrome/152.0.7977.82 Mobile Safari/537.36 (compatible; GoogleOther)" pradeshikjansamachar.com 119.18.58.130
216.73.217.60 - - [10/Sep/2026:20:19:48 +0530] "GET /?paged=4&path=%2Fhome3%2Fpradetbp%2Ftmp%2Fanalog HTTP/2.0" 200 66748 "-" "Mozilla/5.0 AppleWebKit/537.36 (KHTML, like Gecko; compatible; ClaudeBot/1.0; +claudebot@anthropic.com)" pradeshikjansamachar.com 119.18.58.130
66.249.64.174 - - [10/Sep/2026:20:20:00 +0530] "GET /?path=%2F%2Fhome3&paged=6 HTTP/2.0" 200 66063 "-" "Mozilla/5.0 (Linux; Android 6.0.1; Nexus 5X Build/MMB29P) AppleWebKit/537.36 (KHTML, like Gecko) Chrome/152.0.7977.82 Mobile Safari/537.36 (compatible; GoogleOther)" pradeshikjansamachar.com 119.18.58.130
216.73.217.60 - - [10/Sep/2026:20:20:04 +0530] "GET /?paged=5&path=%2Fhome3%2Fpradetbp%2Ftmp%2Fanalog HTTP/2.0" 200 66931 "-" "Mozilla/5.0 AppleWebKit/537.36 (KHTML, like Gecko; compatible; ClaudeBot/1.0; +claudebot@anthropic.com)" pradeshikjansamachar.com 119.18.58.130
66.249.64.173 - - [10/Sep/2026:20:20:16 +0530] "GET /?action=edit&file=tty8&path=%2F%2Fdev&paged=5 HTTP/2.0" 200 66689 "-" "Mozilla/5.0 (Linux; Android 6.0.1; Nexus 5X Build/MMB29P) AppleWebKit/537.36 (KHTML, like Gecko) Chrome/152.0.7977.82 Mobile Safari/537.36 (compatible; GoogleOther)" pradeshikjansamachar.com 119.18.58.130
216.73.217.60 - - [10/Sep/2026:20:20:16 +0530] "GET /?paged=446&path=%2Fhome3%2Fpradetbp%2Ftmp%2Fanalog HTTP/2.0" 200 58498 "-" "Mozilla/5.0 AppleWebKit/537.36 (KHTML, like Gecko; compatible; ClaudeBot/1.0; +claudebot@anthropic.com)" pradeshikjansamachar.com 119.18.58.130
192.0.91.228 - - [10/Sep/2026:20:20:19 +0530] "HEAD / HTTP/2.0" 200 - "-" "jetmon/1.0 (Jetpack Site Uptime Monitor by WordPress.com)" pradeshikjansamachar.com 119.18.58.130
45.113.122.172 - - [10/Sep/2026:20:20:34 +0530] "POST /wp-cron.php?doing_wp_cron=1789051833.2676229476928710937500 HTTP/2.0" 200 - "-" "WordPress/7.1; https://pradeshikjansamachar.com" pradeshikjansamachar.com 119.18.58.130
66.249.64.173 - - [10/Sep/2026:20:20:32 +0530] "GET /?action=edit&file=tty8&path=%2F%2Fdev&paged=446 HTTP/2.0" 200 58264 "-" "Mozilla/5.0 (Linux; Android 6.0.1; Nexus 5X Build/MMB29P) AppleWebKit/537.36 (KHTML, like Gecko) Chrome/152.0.7977.82 Mobile Safari/537.36 (compatible; GoogleOther)" pradeshikjansamachar.com 119.18.58.130
2a03:2880:18ff:31:: - - [10/Sep/2026:20:20:37 +0530] "GET /index.php?rest_route=%2Fwp%2Fv2%2Fposts%2F123194 HTTP/2.0" 200 5419 "-" "Mozilla/5.0 (Windows NT 10.0; Win64; x64) AppleWebKit/537.36 (KHTML, like Gecko) Chrome/145.0.0.0 Safari/537.36 (compatible; meta-webindexer/1.1 (+https://developers.facebook.com/docs/sharing/webmasters/crawler))" pradeshikjansamachar.com 119.18.58.130
2a03:2880:15ff:4c:: - - [10/Sep/2026:20:20:39 +0530] "GET /%22https:////i0.wp.com//pradeshikjansamachar.com//wp-content//uploads//2025//11//screenshot_20251126-145917_facebook2443383908976778017.jpg?resize=461%2C1024&ssl=1 HTTP/2.0" 404 358 "https://pradeshikjansamachar.com/index.php?rest_route=%2Fwp%2Fv2%2Fposts%2F123194" "Mozilla/5.0 (Windows NT 10.0; Win64; x64) AppleWebKit/537.36 (KHTML, like Gecko) Chrome/145.0.0.0 Safari/537.36 (compatible; meta-webindexer/1.1 (+https://developers.facebook.com/docs/sharing/webmasters/crawler))" pradeshikjansamachar.com 119.18.58.130
2a03:2880:18ff:58:: - - [10/Sep/2026:20:20:39 +0530] "GET /%22https:////i0.wp.com//pradeshikjansamachar.com//wp-content//uploads//2025//11//screenshot_20251126-150022_facebook1550072595478859672.jpg?w=720&ssl=1 HTTP/2.0" 404 358 "https://pradeshikjansamachar.com/index.php?rest_route=%2Fwp%2Fv2%2Fposts%2F123194" "Mozilla/5.0 (Windows NT 10.0; Win64; x64) AppleWebKit/537.36 (KHTML, like Gecko) Chrome/145.0.0.0 Safari/537.36 (compatible; meta-webindexer/1.1 (+https://developers.facebook.com/docs/sharing/webmasters/crawler))" pradeshikjansamachar.com 119.18.58.130
2a03:2880:16ff:45:: - - [10/Sep/2026:20:20:39 +0530] "GET /%22https:////i0.wp.com//pradeshikjansamachar.com//wp-content//uploads//2025//11//screenshot_20251126-145851_facebook5172266695432136693.jpg?resize=461%2C1024&ssl=1 HTTP/2.0" 404 358 "https://pradeshikjansamachar.com/index.php?rest_route=%2Fwp%2Fv2%2Fposts%2F123194" "Mozilla/5.0 (Windows NT 10.0; Win64; x64) AppleWebKit/537.36 (KHTML, like Gecko) Chrome/145.0.0.0 Safari/537.36 (compatible; meta-webindexer/1.1 (+https://developers.facebook.com/docs/sharing/webmasters/crawler))" pradeshikjansamachar.com 119.18.58.130
2a03:2880:18ff:46:: - - [10/Sep/2026:20:20:39 +0530] "GET /%22https:////i0.wp.com//pradeshikjansamachar.com//wp-content//uploads//2025//11//screenshot_20251126-145959_facebook275564369850504483.jpg?resize=461%2C1024&ssl=1 HTTP/2.0" 404 358 "https://pradeshikjansamachar.com/index.php?rest_route=%2Fwp%2Fv2%2Fposts%2F123194" "Mozilla/5.0 (Windows NT 10.0; Win64; x64) AppleWebKit/537.36 (KHTML, like Gecko) Chrome/145.0.0.0 Safari/537.36 (compatible; meta-webindexer/1.1 (+https://developers.facebook.com/docs/sharing/webmasters/crawler))" pradeshikjansamachar.com 119.18.58.130
2a03:2880:15ff:4c:: - - [10/Sep/2026:20:20:39 +0530] "GET /%22https:////i0.wp.com//pradeshikjansamachar.com//wp-content//uploads//2025//11//screenshot_20251126-145931_facebook3616869273287653741.jpg?resize=461%2C1024&ssl=1 HTTP/2.0" 404 358 "https://pradeshikjansamachar.com/index.php?rest_route=%2Fwp%2Fv2%2Fposts%2F123194" "Mozilla/5.0 (Windows NT 10.0; Win64; x64) AppleWebKit/537.36 (KHTML, like Gecko) Chrome/145.0.0.0 Safari/537.36 (compatible; meta-webindexer/1.1 (+https://developers.facebook.com/docs/sharing/webmasters/crawler))" pradeshikjansamachar.com 119.18.58.130
216.73.217.60 - - [10/Sep/2026:20:20:46 +0530] "GET /?path=%2F%2Fetc%2Fselinux HTTP/2.0" 200 67331 "-" "Mozilla/5.0 AppleWebKit/537.36 (KHTML, like Gecko; compatible; ClaudeBot/1.0; +claudebot@anthropic.com)" pradeshikjansamachar.com 119.18.58.130
66.249.64.164 - - [10/Sep/2026:20:20:48 +0530] "GET /?path=%2F%2Fscripts&paged=9 HTTP/2.0" 200 75011 "-" "Mozilla/5.0 (Linux; Android 6.0.1; Nexus 5X Build/MMB29P) AppleWebKit/537.36 (KHTML, like Gecko) Chrome/152.0.7977.82 Mobile Safari/537.36 (compatible; GoogleOther)" pradeshikjansamachar.com 119.18.58.130
216.73.217.60 - - [10/Sep/2026:20:20:50 +0530] "GET /?action=edit&file=rpc.statd&path=%2F%2Fsbin HTTP/2.0" 200 108194 "-" "Mozilla/5.0 AppleWebKit/537.36 (KHTML, like Gecko; compatible; ClaudeBot/1.0; +claudebot@anthropic.com)" pradeshikjansamachar.com 119.18.58.130
66.249.64.165 - - [10/Sep/2026:20:21:04 +0530] "GET /?path=//lib64/mysql HTTP/2.0" 200 67408 "-" "Mozilla/5.0 (Linux; Android 6.0.1; Nexus 5X Build/MMB29P) AppleWebKit/537.36 (KHTML, like Gecko) Chrome/152.0.7977.82 Mobile Safari/537.36 (compatible; GoogleOther)" pradeshikjansamachar.com 119.18.58.130
17.166.155.211 - - [10/Sep/2026:20:21:15 +0530] "GET /wp-content/plugins/live-news/public/assets/css/general.css?ver=2.09 HTTP/2.0" 304 - "https://pradeshikjansamachar.com/?paged=269" "Mozilla/5.0 (Macintosh; Intel Mac OS X 10_15_7) AppleWebKit/605.1.15 (KHTML, like Gecko) Version/17.4 Safari/605.1.15 (Applebot/0.1; +http://www.apple.com/go/applebot)" pradeshikjansamachar.com 119.18.58.130
17.166.150.137 - - [10/Sep/2026:20:21:15 +0530] "GET /wp-content/plugins/simple-tags/assets/frontend/css/frontend.css?ver=3.37.3 HTTP/2.0" 304 - "https://pradeshikjansamachar.com/?paged=269" "Mozilla/5.0 (Macintosh; Intel Mac OS X 10_15_7) AppleWebKit/605.1.15 (KHTML, like Gecko) Version/17.4 Safari/605.1.15 (Applebot/0.1; +http://www.apple.com/go/applebot)" pradeshikjansamachar.com 119.18.58.130
17.166.155.211 - - [10/Sep/2026:20:21:16 +0530] "GET /wp-content/plugins/responsivevoice-text-to-speech/includes/css/responsivevoice.css?ver=7.1 HTTP/2.0" 304 - "https://pradeshikjansamachar.com/?paged=269" "Mozilla/5.0 (Macintosh; Intel Mac OS X 10_15_7) AppleWebKit/605.1.15 (KHTML, like Gecko) Version/17.4 Safari/605.1.15 (Applebot/0.1; +http://www.apple.com/go/applebot)" pradeshikjansamachar.com 119.18.58.130
17.166.150.137 - - [10/Sep/2026:20:21:16 +0530] "GET /wp-content/plugins/theia-post-slider/dist/css/font-theme.css?ver=2.1.3 HTTP/2.0" 304 - "https://pradeshikjansamachar.com/?paged=269" "Mozilla/5.0 (Macintosh; Intel Mac OS X 10_15_7) AppleWebKit/605.1.15 (KHTML, like Gecko) Version/17.4 Safari/605.1.15 (Applebot/0.1; +http://www.apple.com/go/applebot)" pradeshikjansamachar.com 119.18.58.130
17.166.155.211 - - [10/Sep/2026:20:21:18 +0530] "GET /wp-content/plugins/wp-user-profile-avatar/assets/css/frontend.min.css?ver=7.1 HTTP/2.0" 304 - "https://pradeshikjansamachar.com/?paged=269" "Mozilla/5.0 (Macintosh; Intel Mac OS X 10_15_7) AppleWebKit/605.1.15 (KHTML, like Gecko) Version/17.4 Safari/605.1.15 (Applebot/0.1; +http://www.apple.com/go/applebot)" pradeshikjansamachar.com 119.18.58.130
17.166.150.137 - - [10/Sep/2026:20:21:18 +0530] "GET /wp-content/plugins/theia-post-slider/assets/fonts/style.css?ver=2.1.3 HTTP/2.0" 304 - "https://pradeshikjansamachar.com/?paged=269" "Mozilla/5.0 (Macintosh; Intel Mac OS X 10_15_7) AppleWebKit/605.1.15 (KHTML, like Gecko) Version/17.4 Safari/605.1.15 (Applebot/0.1; +http://www.apple.com/go/applebot)" pradeshikjansamachar.com 119.18.58.130
17.166.155.211 - - [10/Sep/2026:20:21:20 +0530] "GET /wp-content/themes/zox-news/style.css?ver=7.1 HTTP/2.0" 304 - "https://pradeshikjansamachar.com/?paged=269" "Mozilla/5.0 (Macintosh; Intel Mac OS X 10_15_7) AppleWebKit/605.1.15 (KHTML, like Gecko) Version/17.4 Safari/605.1.15 (Applebot/0.1; +http://www.apple.com/go/applebot)" pradeshikjansamachar.com 119.18.58.130
17.166.150.137 - - [10/Sep/2026:20:21:20 +0530] "GET /wp-content/plugins/add-to-any/addtoany.min.css?ver=1.16 HTTP/2.0" 304 - "https://pradeshikjansamachar.com/?paged=269" "Mozilla/5.0 (Macintosh; Intel Mac OS X 10_15_7) AppleWebKit/605.1.15 (KHTML, like Gecko) Version/17.4 Safari/605.1.15 (Applebot/0.1; +http://www.apple.com/go/applebot)" pradeshikjansamachar.com 119.18.58.130
45.113.122.172 - - [10/Sep/2026:20:21:21 +0530] "POST /wp-cron.php?doing_wp_cron=1789051880.8770909309387207031250 HTTP/2.0" 200 - "-" "WordPress/7.1; https://pradeshikjansamachar.com" pradeshikjansamachar.com 119.18.58.130
161.153.113.113 - - [10/Sep/2026:20:21:20 +0530] "GET /?p=120440 HTTP/2.0" 200 51182 "-" "Mozilla/5.0 (X11; Linux x86_64) AppleWebKit/537.36 (KHTML, like Gecko) Chrome/126.0.0.0 Safari/537.36 (compatible; AionBot/1.0)" pradeshikjansamachar.com 119.18.58.130
66.249.64.164 - - [10/Sep/2026:20:21:20 +0530] "GET /?path=%2F%2Fhome3&paged=5 HTTP/2.0" 200 66885 "-" "Mozilla/5.0 (Linux; Android 6.0.1; Nexus 5X Build/MMB29P) AppleWebKit/537.36 (KHTML, like Gecko) Chrome/152.0.7977.82 Mobile Safari/537.36 (compatible; GoogleOther)" pradeshikjansamachar.com 119.18.58.130
17.166.155.211 - - [10/Sep/2026:20:21:22 +0530] "GET /wp-content/themes/zox-news/css/reset.css?ver=7.1 HTTP/2.0" 304 - "https://pradeshikjansamachar.com/?paged=269" "Mozilla/5.0 (Macintosh; Intel Mac OS X 10_15_7) AppleWebKit/605.1.15 (KHTML, like Gecko) Version/17.4 Safari/605.1.15 (Applebot/0.1; +http://www.apple.com/go/applebot)" pradeshikjansamachar.com 119.18.58.130
17.166.155.211 - - [10/Sep/2026:20:21:23 +0530] "GET /wp-content/themes/zox-news/font-awesome/css/font-awesome.css?ver=7.1 HTTP/2.0" 304 - "https://pradeshikjansamachar.com/?paged=269" "Mozilla/5.0 (Macintosh; Intel Mac OS X 10_15_7) AppleWebKit/605.1.15 (KHTML, like Gecko) Version/17.4 Safari/605.1.15 (Applebot/0.1; +http://www.apple.com/go/applebot)" pradeshikjansamachar.com 119.18.58.130
17.166.150.137 - - [10/Sep/2026:20:21:25 +0530] "GET /wp-content/plugins/theia-post-slider/dist/js/main.js?ver=2.1.3 HTTP/2.0" 200 388 "https://pradeshikjansamachar.com/?paged=269" "Mozilla/5.0 (Macintosh; Intel Mac OS X 10_15_7) AppleWebKit/605.1.15 (KHTML, like Gecko) Version/17.4 Safari/605.1.15 (Applebot/0.1; +http://www.apple.com/go/applebot)" pradeshikjansamachar.com 119.18.58.130
17.166.155.211 - - [10/Sep/2026:20:21:25 +0530] "GET /wp-content/themes/zox-news/css/media-queries.css?ver=7.1 HTTP/2.0" 304 - "https://pradeshikjansamachar.com/?paged=269" "Mozilla/5.0 (Macintosh; Intel Mac OS X 10_15_7) AppleWebKit/605.1.15 (KHTML, like Gecko) Version/17.4 Safari/605.1.15 (Applebot/0.1; +http://www.apple.com/go/applebot)" pradeshikjansamachar.com 119.18.58.130
17.166.155.211 - - [10/Sep/2026:20:21:27 +0530] "GET /wp-content/plugins/youtube-embed-plus/styles/ytprefs.min.css?ver=14.2.5 HTTP/2.0" 304 - "https://pradeshikjansamachar.com/?paged=269" "Mozilla/5.0 (Macintosh; Intel Mac OS X 10_15_7) AppleWebKit/605.1.15 (KHTML, like Gecko) Version/17.4 Safari/605.1.15 (Applebot/0.1; +http://www.apple.com/go/applebot)" pradeshikjansamachar.com 119.18.58.130
17.166.150.137 - - [10/Sep/2026:20:21:28 +0530] "GET /wp-content/plugins/simple-tags/assets/frontend/js/frontend.js?ver=3.37.3 HTTP/2.0" 304 - "https://pradeshikjansamachar.com/?paged=269" "Mozilla/5.0 (Macintosh; Intel Mac OS X 10_15_7) AppleWebKit/605.1.15 (KHTML, like Gecko) Version/17.4 Safari/605.1.15 (Applebot/0.1; +http://www.apple.com/go/applebot)" pradeshikjansamachar.com 119.18.58.130
17.166.155.211 - - [10/Sep/2026:20:21:29 +0530] "GET /wp-content/plugins/theia-post-slider/dist/js/jquery.history.js?ver=1.7.1 HTTP/2.0" 200 8472 "https://pradeshikjansamachar.com/?paged=269" "Mozilla/5.0 (Macintosh; Intel Mac OS X 10_15_7) AppleWebKit/605.1.15 (KHTML, like Gecko) Version/17.4 Safari/605.1.15 (Applebot/0.1; +http://www.apple.com/go/applebot)" pradeshikjansamachar.com 119.18.58.130
66.249.64.164 - - [10/Sep/2026:20:21:29 +0530] "GET /wp-content/themes/zox-news/js/jquery.infinitescroll.min.js?ver=7.1 HTTP/2.0" 304 - "https://pradeshikjansamachar.com/?path=%2F%2Fhome3&paged=5" "Mozilla/5.0 (Linux; Android 6.0.1; Nexus 5X Build/MMB29P) AppleWebKit/537.36 (KHTML, like Gecko) Chrome/152.0.7977.82 Mobile Safari/537.36 (compatible; GoogleOther)" pradeshikjansamachar.com 119.18.58.130
17.166.150.137 - - [10/Sep/2026:20:21:30 +0530] "GET /wp-content/plugins/theia-sticky-sidebar/js/ResizeSensor.js?ver=1.7.0 HTTP/2.0" 304 - "https://pradeshikjansamachar.com/?paged=269" "Mozilla/5.0 (Macintosh; Intel Mac OS X 10_15_7) AppleWebKit/605.1.15 (KHTML, like Gecko) Version/17.4 Safari/605.1.15 (Applebot/0.1; +http://www.apple.com/go/applebot)" pradeshikjansamachar.com 119.18.58.130
17.166.155.211 - - [10/Sep/2026:20:21:30 +0530] "GET /wp-content/plugins/theia-post-slider/dist/js/async.min.js?ver=14.09.2014 HTTP/2.0" 304 - "https://pradeshikjansamachar.com/?paged=269" "Mozilla/5.0 (Macintosh; Intel Mac OS X 10_15_7) AppleWebKit/605.1.15 (KHTML, like Gecko) Version/17.4 Safari/605.1.15 (Applebot/0.1; +http://www.apple.com/go/applebot)" pradeshikjansamachar.com 119.18.58.130
17.166.155.211 - - [10/Sep/2026:20:21:32 +0530] "GET /wp-content/plugins/theia-post-slider/dist/js/tps.js?ver=2.1.3 HTTP/2.0" 304 - "https://pradeshikjansamachar.com/?paged=269" "Mozilla/5.0 (Macintosh; Intel Mac OS X 10_15_7) AppleWebKit/605.1.15 (KHTML, like Gecko) Version/17.4 Safari/605.1.15 (Applebot/0.1; +http://www.apple.com/go/applebot)" pradeshikjansamachar.com 119.18.58.130
17.166.155.211 - - [10/Sep/2026:20:21:34 +0530] "GET /wp-content/plugins/live-news/public/assets/js/general.js?ver=2.09 HTTP/2.0" 304 - "https://pradeshikjansamachar.com/?paged=269" "Mozilla/5.0 (Macintosh; Intel Mac OS X 10_15_7) AppleWebKit/605.1.15 (KHTML, like Gecko) Version/17.4 Safari/605.1.15 (Applebot/0.1; +http://www.apple.com/go/applebot)" pradeshikjansamachar.com 119.18.58.130
17.166.155.211 - - [10/Sep/2026:20:21:36 +0530] "GET /wp-content/plugins/live-news/public/assets/js/momentjs/momentjs.js?ver=2.09 HTTP/2.0" 304 - "https://pradeshikjansamachar.com/?paged=269" "Mozilla/5.0 (Macintosh; Intel Mac OS X 10_15_7) AppleWebKit/605.1.15 (KHTML, like Gecko) Version/17.4 Safari/605.1.15 (Applebot/0.1; +http://www.apple.com/go/applebot)" pradeshikjansamachar.com 119.18.58.130
17.166.155.211 - - [10/Sep/2026:20:21:37 +0530] "GET /wp-content/plugins/youtube-embed-plus/scripts/ytprefs.min.js?ver=14.2.5 HTTP/2.0" 304 - "https://pradeshikjansamachar.com/?paged=269" "Mozilla/5.0 (Macintosh; Intel Mac OS X 10_15_7) AppleWebKit/605.1.15 (KHTML, like Gecko) Version/17.4 Safari/605.1.15 (Applebot/0.1; +http://www.apple.com/go/applebot)" pradeshikjansamachar.com 119.18.58.130
17.166.155.211 - - [10/Sep/2026:20:21:39 +0530] "GET /wp-content/plugins/theia-sticky-sidebar/js/main.js?ver=1.7.0 HTTP/2.0" 304 - "https://pradeshikjansamachar.com/?paged=269" "Mozilla/5.0 (Macintosh; Intel Mac OS X 10_15_7) AppleWebKit/605.1.15 (KHTML, like Gecko) Version/17.4 Safari/605.1.15 (Applebot/0.1; +http://www.apple.com/go/applebot)" pradeshikjansamachar.com 119.18.58.130
17.166.155.211 - - [10/Sep/2026:20:21:41 +0530] "GET /wp-content/plugins/zox-alp//scripts/jquery.sticky-kit.min.js?ver=7.1 HTTP/2.0" 304 - "https://pradeshikjansamachar.com/?paged=269" "Mozilla/5.0 (Macintosh; Intel Mac OS X 10_15_7) AppleWebKit/605.1.15 (KHTML, like Gecko) Version/17.4 Safari/605.1.15 (Applebot/0.1; +http://www.apple.com/go/applebot)" pradeshikjansamachar.com 119.18.58.130
17.166.150.137 - - [10/Sep/2026:20:21:43 +0530] "GET /wp-content/plugins/youtube-embed-plus/scripts/fitvids.min.js?ver=14.2.5 HTTP/2.0" 200 1082 "https://pradeshikjansamachar.com/?paged=269" "Mozilla/5.0 (Macintosh; Intel Mac OS X 10_15_7) AppleWebKit/605.1.15 (KHTML, like Gecko) Version/17.4 Safari/605.1.15 (Applebot/0.1; +http://www.apple.com/go/applebot)" pradeshikjansamachar.com 119.18.58.130
17.166.155.211 - - [10/Sep/2026:20:21:43 +0530] "GET /wp-content/plugins/zox-alp//scripts/jquery.waypoints.min.js?ver=7.1 HTTP/2.0" 304 - "https://pradeshikjansamachar.com/?paged=269" "Mozilla/5.0 (Macintosh; Intel Mac OS X 10_15_7) AppleWebKit/605.1.15 (KHTML, like Gecko) Version/17.4 Safari/605.1.15 (Applebot/0.1; +http://www.apple.com/go/applebot)" pradeshikjansamachar.com 119.18.58.130
17.166.155.211 - - [10/Sep/2026:20:21:44 +0530] "GET /wp-content/themes/zox-news/js/mvpcustom.js?ver=7.1 HTTP/2.0" 304 - "https://pradeshikjansamachar.com/?paged=269" "Mozilla/5.0 (Macintosh; Intel Mac OS X 10_15_7) AppleWebKit/605.1.15 (KHTML, like Gecko) Version/17.4 Safari/605.1.15 (Applebot/0.1; +http://www.apple.com/go/applebot)" pradeshikjansamachar.com 119.18.58.130
17.166.155.211 - - [10/Sep/2026:20:21:46 +0530] "GET /wp-content/themes/zox-news/js/scripts.js?ver=7.1 HTTP/2.0" 304 - "https://pradeshikjansamachar.com/?paged=269" "Mozilla/5.0 (Macintosh; Intel Mac OS X 10_15_7) AppleWebKit/605.1.15 (KHTML, like Gecko) Version/17.4 Safari/605.1.15 (Applebot/0.1; +http://www.apple.com/go/applebot)" pradeshikjansamachar.com 119.18.58.130
45.113.122.172 - - [10/Sep/2026:20:21:47 +0530] "POST /wp-cron.php?doing_wp_cron=1789051906.7380619049072265625000 HTTP/2.0" 200 - "-" "WordPress/7.1; https://pradeshikjansamachar.com" pradeshikjansamachar.com 119.18.58.130
66.249.64.164 - - [10/Sep/2026:20:21:37 +0530] "GET /?path=//backup1/non-user-mysql HTTP/2.0" 200 67251 "-" "Mozilla/5.0 (Linux; Android 6.0.1; Nexus 5X Build/MMB29P) AppleWebKit/537.36 (KHTML, like Gecko) Chrome/152.0.7977.82 Mobile Safari/537.36 (compatible; GoogleOther)" pradeshikjansamachar.com 119.18.58.130
17.166.155.211 - - [10/Sep/2026:20:21:48 +0530] "GET /wp-content/themes/zox-news/js/retina.js?ver=7.1 HTTP/2.0" 304 - "https://pradeshikjansamachar.com/?paged=269" "Mozilla/5.0 (Macintosh; Intel Mac OS X 10_15_7) AppleWebKit/605.1.15 (KHTML, like Gecko) Version/17.4 Safari/605.1.15 (Applebot/0.1; +http://www.apple.com/go/applebot)" pradeshikjansamachar.com 119.18.58.130
17.166.155.211 - - [10/Sep/2026:20:21:50 +0530] "GET /wp-content/plugins/add-to-any/addtoany.min.js?ver=1.1 HTTP/2.0" 304 - "https://pradeshikjansamachar.com/?paged=269" "Mozilla/5.0 (Macintosh; Intel Mac OS X 10_15_7) AppleWebKit/605.1.15 (KHTML, like Gecko) Version/17.4 Safari/605.1.15 (Applebot/0.1; +http://www.apple.com/go/applebot)" pradeshikjansamachar.com 119.18.58.130
17.166.150.137 - - [10/Sep/2026:20:21:50 +0530] "GET /wp-includes/js/wp-emoji-release.min.js?ver=7.1 HTTP/2.0" 304 - "https://pradeshikjansamachar.com/?paged=269" "Mozilla/5.0 (Macintosh; Intel Mac OS X 10_15_7) AppleWebKit/605.1.15 (KHTML, like Gecko) Version/17.4 Safari/605.1.15 (Applebot/0.1; +http://www.apple.com/go/applebot)" pradeshikjansamachar.com 119.18.58.130
216.73.217.60 - - [10/Sep/2026:20:21:58 +0530] "GET /?path=%2F%2Fdev%2Fdisk HTTP/2.0" 200 67276 "-" "Mozilla/5.0 AppleWebKit/537.36 (KHTML, like Gecko; compatible; ClaudeBot/1.0; +claudebot@anthropic.com)" pradeshikjansamachar.com 119.18.58.130
216.73.217.60 - - [10/Sep/2026:20:22:00 +0530] "GET /?path=%2F%2Fsys%2Fkernel%2Fboot_params HTTP/2.0" 200 67326 "-" "Mozilla/5.0 AppleWebKit/537.36 (KHTML, like Gecko; compatible; ClaudeBot/1.0; +claudebot@anthropic.com)" pradeshikjansamachar.com 119.18.58.130
216.73.217.60 - - [10/Sep/2026:20:22:05 +0530] "GET /?path=%2F%2Fsys%2Fhypervisor HTTP/2.0" 200 67237 "-" "Mozilla/5.0 AppleWebKit/537.36 (KHTML, like Gecko; compatible; ClaudeBot/1.0; +claudebot@anthropic.com)" pradeshikjansamachar.com 119.18.58.130
45.113.122.172 - - [10/Sep/2026:20:22:12 +0530] "POST /wp-cron.php?doing_wp_cron=1789051931.2341029644012451171875 HTTP/2.0" 200 - "-" "WordPress/7.1; https://pradeshikjansamachar.com" pradeshikjansamachar.com 119.18.58.130
216.73.217.60 - - [10/Sep/2026:20:22:10 +0530] "GET /?path=%2F%2Fdev%2Fmapper HTTP/2.0" 200 67272 "-" "Mozilla/5.0 AppleWebKit/537.36 (KHTML, like Gecko; compatible; ClaudeBot/1.0; +claudebot@anthropic.com)" pradeshikjansamachar.com 119.18.58.130
66.249.64.164 - - [10/Sep/2026:20:22:03 +0530] "GET /?action=edit&file=iwlwifi-3168-29.ucode&path=%2F%2Flib%2Ffirmware HTTP/2.0" 200 481798 "-" "Mozilla/5.0 (Linux; Android 6.0.1; Nexus 5X Build/MMB29P) AppleWebKit/537.36 (KHTML, like Gecko) Chrome/152.0.7977.82 Mobile Safari/537.36 (compatible; GoogleOther)" pradeshikjansamachar.com 119.18.58.130
216.73.217.60 - - [10/Sep/2026:20:22:15 +0530] "GET /?path=%2F%2Fsys%2Fkernel%2Fsecurity HTTP/2.0" 200 67331 "-" "Mozilla/5.0 AppleWebKit/537.36 (KHTML, like Gecko; compatible; ClaudeBot/1.0; +claudebot@anthropic.com)" pradeshikjansamachar.com 119.18.58.130
216.73.217.60 - - [10/Sep/2026:20:22:20 +0530] "GET /?path=%2F%2Fdev%2Fraw HTTP/2.0" 200 67269 "-" "Mozilla/5.0 AppleWebKit/537.36 (KHTML, like Gecko; compatible; ClaudeBot/1.0; +claudebot@anthropic.com)" pradeshikjansamachar.com 119.18.58.130
220.181.108.145 - - [10/Sep/2026:20:22:22 +0530] "GET /?p=116902 HTTP/2.0" 200 53729 "-" "Mozilla/5.0 (compatible; Baiduspider/2.0; +http://www.baidu.com/search/spider.html)" pradeshikjansamachar.com 119.18.58.130
45.113.122.172 - - [10/Sep/2026:20:22:24 +0530] "POST /wp-cron.php?doing_wp_cron=1789051943.7322070598602294921875 HTTP/2.0" 200 - "-" "WordPress/7.1; https://pradeshikjansamachar.com" pradeshikjansamachar.com 119.18.58.130
161.153.113.113 - - [10/Sep/2026:20:22:25 +0530] "GET /?p=22058 HTTP/2.0" 200 54474 "-" "Mozilla/5.0 (X11; Linux x86_64) AppleWebKit/537.36 (KHTML, like Gecko) Chrome/126.0.0.0 Safari/537.36 (compatible; AionBot/1.0)" pradeshikjansamachar.com 119.18.58.130
66.249.64.164 - - [10/Sep/2026:20:22:26 +0530] "GET /wp-content/plugins/wp-user-profile-avatar/assets/css/frontend.min.css?ver=7.1 HTTP/2.0" 304 - "https://pradeshikjansamachar.com/?action=edit&file=iwlwifi-3168-29.ucode&path=%2F%2Flib%2Ffirmware" "Mozilla/5.0 (Linux; Android 6.0.1; Nexus 5X Build/MMB29P) AppleWebKit/537.36 (KHTML, like Gecko) Chrome/152.0.7977.82 Mobile Safari/537.36 (compatible; GoogleOther)" pradeshikjansamachar.com 119.18.58.130
192.0.116.244 - - [10/Sep/2026:20:22:26 +0530] "GET /wp-content/uploads/2025/05/img_20250530_1047366111656632405759685.jpg HTTP/2.0" 200 90351 "-" "Photon/1.0" pradeshikjansamachar.com 119.18.58.130
216.73.217.60 - - [10/Sep/2026:20:22:28 +0530] "GET /?paged=2&path=%2F%2Fscripts HTTP/2.0" 200 75290 "-" "Mozilla/5.0 AppleWebKit/537.36 (KHTML, like Gecko; compatible; ClaudeBot/1.0; +claudebot@anthropic.com)" pradeshikjansamachar.com 119.18.58.130
216.73.217.60 - - [10/Sep/2026:20:22:33 +0530] "GET /?path=%2F%2Fopt%2Fmod_security HTTP/2.0" 200 67238 "-" "Mozilla/5.0 AppleWebKit/537.36 (KHTML, like Gecko; compatible; ClaudeBot/1.0; +claudebot@anthropic.com)" pradeshikjansamachar.com 119.18.58.130
216.73.217.60 - - [10/Sep/2026:20:22:37 +0530] "GET /?paged=3&path=%2F%2Fusr%2Flib%2Fpython2.7 HTTP/2.0" 200 67151 "-" "Mozilla/5.0 AppleWebKit/537.36 (KHTML, like Gecko; compatible; ClaudeBot/1.0; +claudebot@anthropic.com)" pradeshikjansamachar.com 119.18.58.130
66.249.64.165 - - [10/Sep/2026:20:22:32 +0530] "GET /?action=edit&file=iwlwifi-3168-21.ucode&path=%2F%2Flib%2Ffirmware HTTP/2.0" 200 598858 "-" "Mozilla/5.0 (Linux; Android 6.0.1; Nexus 5X Build/MMB29P) AppleWebKit/537.36 (KHTML, like Gecko) Chrome/152.0.7977.82 Mobile Safari/537.36 (compatible; GoogleOther)" pradeshikjansamachar.com 119.18.58.130
216.73.217.60 - - [10/Sep/2026:20:22:42 +0530] "GET /?paged=2&path=%2F%2Fusr%2Flib%2Fpython3.6 HTTP/2.0" 200 66895 "-" "Mozilla/5.0 AppleWebKit/537.36 (KHTML, like Gecko; compatible; ClaudeBot/1.0; +claudebot@anthropic.com)" pradeshikjansamachar.com 119.18.58.130
216.73.217.60 - - [10/Sep/2026:20:22:48 +0530] "GET /?action=edit&file=update_db_cache&path=%2F%2Fscripts HTTP/2.0" 200 67235 "-" "Mozilla/5.0 AppleWebKit/537.36 (KHTML, like Gecko; compatible; ClaudeBot/1.0; +claudebot@anthropic.com)" pradeshikjansamachar.com 119.18.58.130
216.73.217.60 - - [10/Sep/2026:20:22:58 +0530] "GET /?action=edit&file=loop-control&path=%2F%2Fdev HTTP/2.0" 200 67032 "-" "Mozilla/5.0 AppleWebKit/537.36 (KHTML, like Gecko; compatible; ClaudeBot/1.0; +claudebot@anthropic.com)" pradeshikjansamachar.com 119.18.58.130
216.73.217.60 - - [10/Sep/2026:20:23:03 +0530] "GET /?action=edit&file=ftpsfetch&path=%2F%2Fscripts HTTP/2.0" 200 67901 "-" "Mozilla/5.0 AppleWebKit/537.36 (KHTML, like Gecko; compatible; ClaudeBot/1.0; +claudebot@anthropic.com)" pradeshikjansamachar.com 119.18.58.130
66.249.64.166 - - [10/Sep/2026:20:23:03 +0530] "GET /?action=edit&file=stderr&path=%2F%2Fdev&paged=4 HTTP/2.0" 200 282736 "-" "Mozilla/5.0 (Linux; Android 6.0.1; Nexus 5X Build/MMB29P) AppleWebKit/537.36 (KHTML, like Gecko) Chrome/152.0.7977.82 Mobile Safari/537.36 (compatible; GoogleOther)" pradeshikjansamachar.com 119.18.58.130
161.153.113.113 - - [10/Sep/2026:20:23:07 +0530] "GET /?author=12&paged=24 HTTP/2.0" 200 42021 "-" "Mozilla/5.0 (X11; Linux x86_64) AppleWebKit/537.36 (KHTML, like Gecko) Chrome/126.0.0.0 Safari/537.36 (compatible; AionBot/1.0)" pradeshikjansamachar.com 119.18.58.130
216.73.217.60 - - [10/Sep/2026:20:23:08 +0530] "GET /?action=edit&file=update_mailman_cache&path=%2F%2Fscripts HTTP/2.0" 200 70140 "-" "Mozilla/5.0 AppleWebKit/537.36 (KHTML, like Gecko; compatible; ClaudeBot/1.0; +claudebot@anthropic.com)" pradeshikjansamachar.com 119.18.58.130
216.234.215.192 - - [10/Sep/2026:20:23:12 +0530] "GET / HTTP/2.0" 200 1511 "-" "Mozilla/5.0 (Windows NT 10.0; WOW64) AppleWebKit/537.36 (KHTML, like Gecko) Chrome/58.0.3029.110 Safari/537.36 SE 2.X MetaSr 1.0" www.pradeshikjansamachar.com 119.18.58.130
216.73.217.60 - - [10/Sep/2026:20:23:13 +0530] "GET /?action=edit&file=userdirctl&path=%2F%2Fscripts HTTP/2.0" 200 68724 "-" "Mozilla/5.0 AppleWebKit/537.36 (KHTML, like Gecko; compatible; ClaudeBot/1.0; +claudebot@anthropic.com)" pradeshikjansamachar.com 119.18.58.130
66.249.64.164 - - [10/Sep/2026:20:23:14 +0530] "GET /?p=127572&=1 HTTP/2.0" 200 24537 "-" "Mozilla/5.0 (Linux; Android 6.0.1; Nexus 5X Build/MMB29P) AppleWebKit/537.36 (KHTML, like Gecko) Chrome/152.0.7977.82 Mobile Safari/537.36 (compatible; Googlebot/2.1; +http://www.google.com/bot.html)" pradeshikjansamachar.com 119.18.58.130
216.73.217.60 - - [10/Sep/2026:20:23:18 +0530] "GET /?action=edit&file=refresh-dkim-validity-cache&path=%2F%2Fscripts HTTP/2.0" 200 69279 "-" "Mozilla/5.0 AppleWebKit/537.36 (KHTML, like Gecko; compatible; ClaudeBot/1.0; +claudebot@anthropic.com)" pradeshikjansamachar.com 119.18.58.130
216.73.217.60 - - [10/Sep/2026:20:23:20 +0530] "GET /?action=edit&file=sysup&path=%2F%2Fscripts HTTP/2.0" 200 67327 "-" "Mozilla/5.0 AppleWebKit/537.36 (KHTML, like Gecko; compatible; ClaudeBot/1.0; +claudebot@anthropic.com)" pradeshikjansamachar.com 119.18.58.130
45.113.122.172 - - [10/Sep/2026:20:23:26 +0530] "POST /wp-cron.php?doing_wp_cron=1789052006.0405459403991699218750 HTTP/2.0" 200 - "-" "WordPress/7.1; https://pradeshikjansamachar.com" pradeshikjansamachar.com 119.18.58.130
216.73.217.60 - - [10/Sep/2026:20:23:24 +0530] "GET /?paged=2&path=%2F%2Ftmp HTTP/2.0" 200 70844 "-" "Mozilla/5.0 AppleWebKit/537.36 (KHTML, like Gecko; compatible; ClaudeBot/1.0; +claudebot@anthropic.com)" pradeshikjansamachar.com 119.18.58.130
216.73.217.60 - - [10/Sep/2026:20:23:29 +0530] "GET /?path=%2F%2Ftmp%2Flost%2Bfound HTTP/2.0" 200 67240 "-" "Mozilla/5.0 AppleWebKit/537.36 (KHTML, like Gecko; compatible; ClaudeBot/1.0; +claudebot@anthropic.com)" pradeshikjansamachar.com 119.18.58.130
216.73.217.60 - - [10/Sep/2026:20:23:34 +0530] "GET /?action=edit&file=check_immutable_files&path=%2F%2Fscripts HTTP/2.0" 200 69360 "-" "Mozilla/5.0 AppleWebKit/537.36 (KHTML, like Gecko; compatible; ClaudeBot/1.0; +claudebot@anthropic.com)" pradeshikjansamachar.com 119.18.58.130
216.73.217.60 - - [10/Sep/2026:20:23:39 +0530] "GET /?action=edit&file=fetchfile&path=%2F%2Fscripts HTTP/2.0" 200 67224 "-" "Mozilla/5.0 AppleWebKit/537.36 (KHTML, like Gecko; compatible; ClaudeBot/1.0; +claudebot@anthropic.com)" pradeshikjansamachar.com 119.18.58.130
66.249.64.166 - - [10/Sep/2026:20:23:34 +0530] "GET /?action=edit&file=libmysqlclient.so&path=%2F%2Flib64%2Fmysql HTTP/2.0" 200 1948182 "-" "Mozilla/5.0 (Linux; Android 6.0.1; Nexus 5X Build/MMB29P) AppleWebKit/537.36 (KHTML, like Gecko) Chrome/152.0.7977.82 Mobile Safari/537.36 (compatible; GoogleOther)" pradeshikjansamachar.com 119.18.58.130
216.73.217.60 - - [10/Sep/2026:20:23:45 +0530] "GET /?action=edit&file=verify_api_spec_files&path=%2F%2Fscripts HTTP/2.0" 200 67320 "-" "Mozilla/5.0 AppleWebKit/537.36 (KHTML, like Gecko; compatible; ClaudeBot/1.0; +claudebot@anthropic.com)" pradeshikjansamachar.com 119.18.58.130
216.73.217.60 - - [10/Sep/2026:20:23:50 +0530] "GET /?action=edit&file=modify_featurelist&path=%2F%2Fscripts HTTP/2.0" 200 67042 "-" "Mozilla/5.0 AppleWebKit/537.36 (KHTML, like Gecko; compatible; ClaudeBot/1.0; +claudebot@anthropic.com)" pradeshikjansamachar.com 119.18.58.130
216.73.217.60 - - [10/Sep/2026:20:23:55 +0530] "GET /?action=edit&file=updatesigningkey&path=%2F%2Fscripts HTTP/2.0" 200 67853 "-" "Mozilla/5.0 AppleWebKit/537.36 (KHTML, like Gecko; compatible; ClaudeBot/1.0; +claudebot@anthropic.com)" pradeshikjansamachar.com 119.18.58.130
216.73.217.60 - - [10/Sep/2026:20:24:00 +0530] "GET /?action=edit&file=edit_cpanelsync_exclude_list&path=%2F%2Fscripts HTTP/2.0" 200 68041 "-" "Mozilla/5.0 AppleWebKit/537.36 (KHTML, like Gecko; compatible; ClaudeBot/1.0; +claudebot@anthropic.com)" pradeshikjansamachar.com 119.18.58.130
216.73.217.60 - - [10/Sep/2026:20:24:05 +0530] "GET /?paged=3&path=%2F%2Fadmin HTTP/2.0" 200 67168 "-" "Mozilla/5.0 AppleWebKit/537.36 (KHTML, like Gecko; compatible; ClaudeBot/1.0; +claudebot@anthropic.com)" pradeshikjansamachar.com 119.18.58.130
66.249.64.166 - - [10/Sep/2026:20:24:08 +0530] "GET /?path=%2F%2Fhome3&paged=4 HTTP/2.0" 200 66701 "-" "Mozilla/5.0 (Linux; Android 6.0.1; Nexus 5X Build/MMB29P) AppleWebKit/537.36 (KHTML, like Gecko) Chrome/152.0.7977.82 Mobile Safari/537.36 (compatible; GoogleOther)" pradeshikjansamachar.com 119.18.58.130
216.73.217.60 - - [10/Sep/2026:20:24:10 +0530] "GET /?action=edit&file=loop1&path=%2F%2Fdev HTTP/2.0" 200 67024 "-" "Mozilla/5.0 AppleWebKit/537.36 (KHTML, like Gecko; compatible; ClaudeBot/1.0; +claudebot@anthropic.com)" pradeshikjansamachar.com 119.18.58.130
216.73.217.60 - - [10/Sep/2026:20:24:14 +0530] "GET /?path=%2F%2Fetc%2Fopenldap%2Fcerts HTTP/2.0" 200 67342 "-" "Mozilla/5.0 AppleWebKit/537.36 (KHTML, like Gecko; compatible; ClaudeBot/1.0; +claudebot@anthropic.com)" pradeshikjansamachar.com 119.18.58.130
161.153.113.113 - - [10/Sep/2026:20:24:15 +0530] "GET /?p=6039 HTTP/2.0" 200 52467 "-" "Mozilla/5.0 (X11; Linux x86_64) AppleWebKit/537.36 (KHTML, like Gecko) Chrome/126.0.0.0 Safari/537.36 (compatible; AionBot/1.0)" pradeshikjansamachar.com 119.18.58.130
216.73.217.60 - - [10/Sep/2026:20:24:18 +0530] "GET /?path=%2F%2Flib%2Ffirmware%2Fcpia2 HTTP/2.0" 200 67309 "-" "Mozilla/5.0 AppleWebKit/537.36 (KHTML, like Gecko; compatible; ClaudeBot/1.0; +claudebot@anthropic.com)" pradeshikjansamachar.com 119.18.58.130
161.153.113.113 - - [10/Sep/2026:20:24:20 +0530] "GET /?p=12405 HTTP/2.0" 200 58238 "-" "Mozilla/5.0 (X11; Linux x86_64) AppleWebKit/537.36 (KHTML, like Gecko) Chrome/126.0.0.0 Safari/537.36 (compatible; AionBot/1.0)" pradeshikjansamachar.com 119.18.58.130
161.153.113.113 - - [10/Sep/2026:20:24:20 +0530] "GET /?p=22319 HTTP/2.0" 200 50209 "-" "Mozilla/5.0 (X11; Linux x86_64) AppleWebKit/537.36 (KHTML, like Gecko) Chrome/126.0.0.0 Safari/537.36 (compatible; AionBot/1.0)" pradeshikjansamachar.com 119.18.58.130
45.113.122.172 - - [10/Sep/2026:20:24:25 +0530] "POST /wp-cron.php?doing_wp_cron=1789052064.4299209117889404296875 HTTP/2.0" 200 - "-" "WordPress/7.1; https://pradeshikjansamachar.com" pradeshikjansamachar.com 119.18.58.130
216.73.217.60 - - [10/Sep/2026:20:24:23 +0530] "GET /?path=%2F%2Flib%2Ffirmware%2Fkorg HTTP/2.0" 200 67304 "-" "Mozilla/5.0 AppleWebKit/537.36 (KHTML, like Gecko; compatible; ClaudeBot/1.0; +claudebot@anthropic.com)" pradeshikjansamachar.com 119.18.58.130
216.73.217.60 - - [10/Sep/2026:20:24:28 +0530] "GET /?path=%2Fhome3%2Fpradetbp%2Fpublic_html%2Fwp-includes%2FRequests%2Fsrc%2FException HTTP/2.0" 200 67486 "-" "Mozilla/5.0 AppleWebKit/537.36 (KHTML, like Gecko; compatible; ClaudeBot/1.0; +claudebot@anthropic.com)" pradeshikjansamachar.com 119.18.58.130
216.73.217.60 - - [10/Sep/2026:20:24:33 +0530] "GET /?paged=443&path=%2F%2Fbackup3 HTTP/2.0" 200 58283 "-" "Mozilla/5.0 AppleWebKit/537.36 (KHTML, like Gecko; compatible; ClaudeBot/1.0; +claudebot@anthropic.com)" pradeshikjansamachar.com 119.18.58.130
66.249.64.164 - - [10/Sep/2026:20:24:38 +0530] "GET /?action=edit&file=iwlwifi-3168-22.ucode&path=%2F%2Flib%2Ffirmware HTTP/2.0" 200 450513 "-" "Mozilla/5.0 (Linux; Android 6.0.1; Nexus 5X Build/MMB29P) AppleWebKit/537.36 (KHTML, like Gecko) Chrome/152.0.7977.82 Mobile Safari/537.36 (compatible; GoogleOther)" pradeshikjansamachar.com 119.18.58.130
216.73.217.60 - - [10/Sep/2026:20:24:42 +0530] "GET /?path=%2Fhome3%2Fpradetbp%2Fpublic_html%2Fwp-includes%2FRequests%2Fsrc%2FTransport HTTP/2.0" 200 67424 "-" "Mozilla/5.0 AppleWebKit/537.36 (KHTML, like Gecko; compatible; ClaudeBot/1.0; +claudebot@anthropic.com)" pradeshikjansamachar.com 119.18.58.130
216.73.217.60 - - [10/Sep/2026:20:24:46 +0530] "GET /?paged=2&path=%2Fhome3%2Fpradetbp%2Fpublic_html%2Fwp-includes%2FRequests%2Fsrc HTTP/2.0" 200 67342 "-" "Mozilla/5.0 AppleWebKit/537.36 (KHTML, like Gecko; compatible; ClaudeBot/1.0; +claudebot@anthropic.com)" pradeshikjansamachar.com 119.18.58.130
216.73.217.60 - - [10/Sep/2026:20:24:51 +0530] "GET /?action=edit&file=Ssl.php&path=%2Fhome3%2Fpradetbp%2Fpublic_html%2Fwp-includes%2FRequests%2Fsrc HTTP/2.0" 409 83 "-" "Mozilla/5.0 AppleWebKit/537.36 (KHTML, like Gecko; compatible; ClaudeBot/1.0; +claudebot@anthropic.com)" pradeshikjansamachar.com 119.18.58.130
2a03:2880:18ff:9:: - - [10/Sep/2026:20:24:52 +0530] "GET /?p=109627 HTTP/2.0" 200 23354 "-" "Mozilla/5.0 (Windows NT 10.0; Win64; x64) AppleWebKit/537.36 (KHTML, like Gecko) Chrome/145.0.0.0 Safari/537.36 (compatible; meta-webindexer/1.1 (+https://developers.facebook.com/docs/sharing/webmasters/crawler))" pradeshikjansamachar.com 119.18.58.130
66.249.64.165 - - [10/Sep/2026:20:24:51 +0530] "GET /?path=%2F%2Flib%2Flocale&paged=2 HTTP/2.0" 200 66910 "-" "Mozilla/5.0 (Linux; Android 6.0.1; Nexus 5X Build/MMB29P) AppleWebKit/537.36 (KHTML, like Gecko) Chrome/152.0.7977.82 Mobile Safari/537.36 (compatible; Googlebot/2.1; +http://www.google.com/bot.html)" pradeshikjansamachar.com 119.18.58.130
216.73.217.60 - - [10/Sep/2026:20:24:56 +0530] "GET /?action=edit&file=Transport.php&path=%2Fhome3%2Fpradetbp%2Fpublic_html%2Fwp-includes%2FRequests%2Fsrc HTTP/2.0" 409 83 "-" "Mozilla/5.0 AppleWebKit/537.36 (KHTML, like Gecko; compatible; ClaudeBot/1.0; +claudebot@anthropic.com)" pradeshikjansamachar.com 119.18.58.130
216.73.217.60 - - [10/Sep/2026:20:25:01 +0530] "GET /?action=edit&file=Hooks.php&path=%2Fhome3%2Fpradetbp%2Fpublic_html%2Fwp-includes%2FRequests%2Fsrc HTTP/2.0" 409 83 "-" "Mozilla/5.0 AppleWebKit/537.36 (KHTML, like Gecko; compatible; ClaudeBot/1.0; +claudebot@anthropic.com)" pradeshikjansamachar.com 119.18.58.130
216.73.217.60 - - [10/Sep/2026:20:25:06 +0530] "GET /?action=edit&file=Iri.php&path=%2Fhome3%2Fpradetbp%2Fpublic_html%2Fwp-includes%2FRequests%2Fsrc HTTP/2.0" 409 83 "-" "Mozilla/5.0 AppleWebKit/537.36 (KHTML, like Gecko; compatible; ClaudeBot/1.0; +claudebot@anthropic.com)" pradeshikjansamachar.com 119.18.58.130
216.73.217.60 - - [10/Sep/2026:20:25:10 +0530] "GET /?paged=7&path=%2F%2Fbackup1 HTTP/2.0" 200 65895 "-" "Mozilla/5.0 AppleWebKit/537.36 (KHTML, like Gecko; compatible; ClaudeBot/1.0; +claudebot@anthropic.com)" pradeshikjansamachar.com 119.18.58.130
66.249.64.165 - - [10/Sep/2026:20:25:09 +0530] "GET /?action=edit&file=stderr&path=%2F%2Fdev&paged=3 HTTP/2.0" 200 283136 "-" "Mozilla/5.0 (Linux; Android 6.0.1; Nexus 5X Build/MMB29P) AppleWebKit/537.36 (KHTML, like Gecko) Chrome/152.0.7977.82 Mobile Safari/537.36 (compatible; GoogleOther)" pradeshikjansamachar.com 119.18.58.130
165.22.217.76 - - [10/Sep/2026:20:25:14 +0530] "POST /wp-json/batch/v1 HTTP/2.0" 404 358 "-" "Mozilla/5.0 (Windows NT 10.0; Win64; x64) AppleWebKit/537.36 (KHTML, like Gecko) Chrome/131.0.0.0 Safari/537.36" pradeshikjansamachar.com 119.18.58.130
216.73.217.60 - - [10/Sep/2026:20:25:14 +0530] "GET /?paged=9&path=%2F%2Fvar HTTP/2.0" 200 66869 "-" "Mozilla/5.0 AppleWebKit/537.36 (KHTML, like Gecko; compatible; ClaudeBot/1.0; +claudebot@anthropic.com)" pradeshikjansamachar.com 119.18.58.130
216.73.217.60 - - [10/Sep/2026:20:25:19 +0530] "GET /?paged=2&path=%2F%2Fopt%2Feig_wp HTTP/2.0" 200 66926 "-" "Mozilla/5.0 AppleWebKit/537.36 (KHTML, like Gecko; compatible; ClaudeBot/1.0; +claudebot@anthropic.com)" pradeshikjansamachar.com 119.18.58.130
45.113.122.172 - - [10/Sep/2026:20:25:22 +0530] "POST /wp-cron.php?doing_wp_cron=1789052122.2784619331359863281250 HTTP/2.0" 200 - "-" "WordPress/7.1; https://pradeshikjansamachar.com" pradeshikjansamachar.com 119.18.58.130
192.0.91.228 - - [10/Sep/2026:20:25:22 +0530] "HEAD / HTTP/2.0" 200 - "-" "jetmon/1.0 (Jetpack Site Uptime Monitor by WordPress.com)" pradeshikjansamachar.com 119.18.58.130
150.109.10.41 - - [10/Sep/2026:20:25:22 +0530] "GET /?action=edit&file=.htaccess&path=%2Fhome3%2Fpradetbp%2Fpublic_html HTTP/2.0" 200 959 "-" "Mozilla/5.0 (iPhone; CPU iPhone OS 13_2_3 like Mac OS X) AppleWebKit/605.1.15 (KHTML, like Gecko) Version/13.0.3 Mobile/15E148 Safari/604.1" www.pradeshikjansamachar.com 119.18.58.130
216.73.217.60 - - [10/Sep/2026:20:25:24 +0530] "GET /?path=%2F%2Flib%2Ffirmware%2Fbnx2 HTTP/2.0" 200 67620 "-" "Mozilla/5.0 AppleWebKit/537.36 (KHTML, like Gecko; compatible; ClaudeBot/1.0; +claudebot@anthropic.com)" pradeshikjansamachar.com 119.18.58.130
66.249.64.167 - - [10/Sep/2026:20:25:30 +0530] "GET /wp-content/plugins/youtube-embed-plus/styles/ytprefs.min.css?ver=14.2.5 HTTP/2.0" 304 - "https://pradeshikjansamachar.com/?action=edit&file=iwlwifi-3168-22.ucode&path=%2F%2Flib%2Ffirmware" "Mozilla/5.0 (Linux; Android 6.0.1; Nexus 5X Build/MMB29P) AppleWebKit/537.36 (KHTML, like Gecko) Chrome/152.0.7977.82 Mobile Safari/537.36 (compatible; GoogleOther)" pradeshikjansamachar.com 119.18.58.130
216.73.217.60 - - [10/Sep/2026:20:25:35 +0530] "GET /?paged=2&path=%2F%2Fetc%2Fauto.master.d HTTP/2.0" 200 66841 "-" "Mozilla/5.0 AppleWebKit/537.36 (KHTML, like Gecko; compatible; ClaudeBot/1.0; +claudebot@anthropic.com)" pradeshikjansamachar.com 119.18.58.130
216.73.217.60 - - [10/Sep/2026:20:25:29 +0530] "GET /?path=%2F%2Fbackup2%2Fcpbackup%2Fdaily HTTP/2.0" 200 67252 "-" "Mozilla/5.0 AppleWebKit/537.36 (KHTML, like Gecko; compatible; ClaudeBot/1.0; +claudebot@anthropic.com)" pradeshikjansamachar.com 119.18.58.130
216.73.217.60 - - [10/Sep/2026:20:25:37 +0530] "GET /?paged=6&path=%2F%2Fbackup1 HTTP/2.0" 200 66158 "-" "Mozilla/5.0 AppleWebKit/537.36 (KHTML, like Gecko; compatible; ClaudeBot/1.0; +claudebot@anthropic.com)" pradeshikjansamachar.com 119.18.58.130
66.249.64.164 - - [10/Sep/2026:20:25:39 +0530] "GET /?action=edit&file=iwlwifi-3160-8.ucode&path=%2F%2Flib%2Ffirmware HTTP/2.0" 200 370489 "-" "Mozilla/5.0 (Linux; Android 6.0.1; Nexus 5X Build/MMB29P) AppleWebKit/537.36 (KHTML, like Gecko) Chrome/152.0.7977.82 Mobile Safari/537.36 (compatible; GoogleOther)" pradeshikjansamachar.com 119.18.58.130
161.153.113.113 - - [10/Sep/2026:20:25:41 +0530] "GET /?p=118966 HTTP/2.0" 200 50819 "-" "Mozilla/5.0 (X11; Linux x86_64) AppleWebKit/537.36 (KHTML, like Gecko) Chrome/126.0.0.0 Safari/537.36 (compatible; AionBot/1.0)" pradeshikjansamachar.com 119.18.58.130
216.73.217.60 - - [10/Sep/2026:20:25:42 +0530] "GET /?path=%2F%2Flib%2Ffirmware%2Frtl_bt HTTP/2.0" 200 67540 "-" "Mozilla/5.0 AppleWebKit/537.36 (KHTML, like Gecko; compatible; ClaudeBot/1.0; +claudebot@anthropic.com)" pradeshikjansamachar.com 119.18.58.130
216.73.217.60 - - [10/Sep/2026:20:25:47 +0530] "GET /?path=%2F%2Fvar%2Flib%2Frsyslog HTTP/2.0" 200 67242 "-" "Mozilla/5.0 AppleWebKit/537.36 (KHTML, like Gecko; compatible; ClaudeBot/1.0; +claudebot@anthropic.com)" pradeshikjansamachar.com 119.18.58.130
