2401:4900:51c6:52ae:d4c5:9102:cf9c:3a1d - - [10/Sep/2026:21:12:32 +0530] "GET /wp-content/plugins/theia-post-slider/dist/js/tps-transition-slide.js?ver=2.1.3 HTTP/2.0" 304 - "https://pradeshikjansamachar.com/?p=126012" "Mozilla/5.0 (Linux; Android 10; K) AppleWebKit/537.36 (KHTML, like Gecko) Chrome/152.0.0.0 Mobile Safari/537.36" pradeshikjansamachar.com 119.18.58.130
2401:4900:51c6:52ae:d4c5:9102:cf9c:3a1d - - [10/Sep/2026:21:12:32 +0530] "GET /wp-content/plugins/theia-post-slider/dist/js/tps.js?ver=2.1.3 HTTP/2.0" 304 - "https://pradeshikjansamachar.com/?p=126012" "Mozilla/5.0 (Linux; Android 10; K) AppleWebKit/537.36 (KHTML, like Gecko) Chrome/152.0.0.0 Mobile Safari/537.36" pradeshikjansamachar.com 119.18.58.130
2401:4900:51c6:52ae:d4c5:9102:cf9c:3a1d - - [10/Sep/2026:21:12:32 +0530] "GET /wp-content/plugins/simple-tags/assets/frontend/js/frontend.js?ver=3.37.3 HTTP/2.0" 304 - "https://pradeshikjansamachar.com/?p=126012" "Mozilla/5.0 (Linux; Android 10; K) AppleWebKit/537.36 (KHTML, like Gecko) Chrome/152.0.0.0 Mobile Safari/537.36" pradeshikjansamachar.com 119.18.58.130
2401:4900:51c6:52ae:d4c5:9102:cf9c:3a1d - - [10/Sep/2026:21:12:32 +0530] "GET /wp-content/plugins/live-news/public/assets/js/momentjs/momentjs.js?ver=2.09 HTTP/2.0" 304 - "https://pradeshikjansamachar.com/?p=126012" "Mozilla/5.0 (Linux; Android 10; K) AppleWebKit/537.36 (KHTML, like Gecko) Chrome/152.0.0.0 Mobile Safari/537.36" pradeshikjansamachar.com 119.18.58.130
2401:4900:51c6:52ae:d4c5:9102:cf9c:3a1d - - [10/Sep/2026:21:12:32 +0530] "GET /wp-content/plugins/youtube-embed-plus/scripts/ytprefs.min.js?ver=14.2.5 HTTP/2.0" 304 - "https://pradeshikjansamachar.com/?p=126012" "Mozilla/5.0 (Linux; Android 10; K) AppleWebKit/537.36 (KHTML, like Gecko) Chrome/152.0.0.0 Mobile Safari/537.36" pradeshikjansamachar.com 119.18.58.130
195.234.109.136 - - [10/Sep/2026:21:12:36 +0530] "GET /wp-content/uploads/2026/03/img-20260326-wa0836230969231338926765.jpg HTTP/2.0" 200 181842 "-" "Photon/1.0" pradeshikjansamachar.com 119.18.58.130
216.73.217.60 - - [10/Sep/2026:21:12:36 +0530] "GET /?paged=446&path=%2Fhome3%2Fpradetbp%2Fpublic_html%2Fwp-admin%2Fuser HTTP/2.0" 200 58766 "-" "Mozilla/5.0 AppleWebKit/537.36 (KHTML, like Gecko; compatible; ClaudeBot/1.0; +claudebot@anthropic.com)" pradeshikjansamachar.com 119.18.58.130
66.249.64.173 - - [10/Sep/2026:21:12:41 +0530] "GET /?action=edit&file=v4l-cx231xx-avcore-01.fw&path=%2F%2Flib%2Ffirmware HTTP/2.0" 200 75719 "-" "Mozilla/5.0 (Linux; Android 6.0.1; Nexus 5X Build/MMB29P) AppleWebKit/537.36 (KHTML, like Gecko) Chrome/152.0.7977.82 Mobile Safari/537.36 (compatible; GoogleOther)" pradeshikjansamachar.com 119.18.58.130
2401:4900:51c6:52ae:d4c5:9102:cf9c:3a1d - - [10/Sep/2026:21:12:47 +0530] "GET /wp-content/uploads/2025/08/CNG_aD.png HTTP/2.0" 304 - "https://pradeshikjansamachar.com/?p=126012" "Mozilla/5.0 (Linux; Android 10; K) AppleWebKit/537.36 (KHTML, like Gecko) Chrome/152.0.0.0 Mobile Safari/537.36" pradeshikjansamachar.com 119.18.58.130
2401:4900:51c6:52ae:d4c5:9102:cf9c:3a1d - - [10/Sep/2026:21:12:47 +0530] "GET /wp-content/uploads/2021/06/pradeshik-jan-samachar-350-300x63-1.png HTTP/2.0" 304 - "https://pradeshikjansamachar.com/?p=126012" "Mozilla/5.0 (Linux; Android 10; K) AppleWebKit/537.36 (KHTML, like Gecko) Chrome/152.0.0.0 Mobile Safari/537.36" pradeshikjansamachar.com 119.18.58.130
216.73.217.60 - - [10/Sep/2026:21:12:42 +0530] "GET /?paged=4&path=%2F%2Fbackup3 HTTP/2.0" 200 66769 "-" "Mozilla/5.0 AppleWebKit/537.36 (KHTML, like Gecko; compatible; ClaudeBot/1.0; +claudebot@anthropic.com)" pradeshikjansamachar.com 119.18.58.130
195.234.109.62 - - [10/Sep/2026:21:12:50 +0530] "GET /wp-content/uploads/2026/03/img-20260325-wa11187722941684816803385.jpg HTTP/2.0" 200 177153 "-" "Photon/1.0" pradeshikjansamachar.com 119.18.58.130
195.234.109.8 - - [10/Sep/2026:21:12:50 +0530] "GET /wp-content/uploads/2026/03/img-20260325-wa11194717071695132853949.jpg HTTP/2.0" 200 187900 "-" "Photon/1.0" pradeshikjansamachar.com 119.18.58.130
216.73.217.60 - - [10/Sep/2026:21:12:50 +0530] "GET /?path=%2F%2Fetc%2Fsystemd%2Fsystem%2Fsystem-update.target.wants HTTP/2.0" 200 67348 "-" "Mozilla/5.0 AppleWebKit/537.36 (KHTML, like Gecko; compatible; ClaudeBot/1.0; +claudebot@anthropic.com)" pradeshikjansamachar.com 119.18.58.130
216.73.217.60 - - [10/Sep/2026:21:12:55 +0530] "GET /?paged=2&path=%2F%2Fetc%2Fsubversion HTTP/2.0" 200 66837 "-" "Mozilla/5.0 AppleWebKit/537.36 (KHTML, like Gecko; compatible; ClaudeBot/1.0; +claudebot@anthropic.com)" pradeshikjansamachar.com 119.18.58.130
66.249.64.174 - - [10/Sep/2026:21:12:59 +0530] "GET /?action=edit&file=quickwhoisips&path=%2F%2Fscripts HTTP/2.0" 200 67972 "-" "Mozilla/5.0 (Linux; Android 6.0.1; Nexus 5X Build/MMB29P) AppleWebKit/537.36 (KHTML, like Gecko) Chrome/152.0.7977.82 Mobile Safari/537.36 (compatible; GoogleOther)" pradeshikjansamachar.com 119.18.58.130
216.73.217.60 - - [10/Sep/2026:21:13:00 +0530] "GET /?action=edit&file=mod_speling.so&path=%2F%2Fetc%2Fhttpd%2Fmodules HTTP/2.0" 200 84767 "-" "Mozilla/5.0 AppleWebKit/537.36 (KHTML, like Gecko; compatible; ClaudeBot/1.0; +claudebot@anthropic.com)" pradeshikjansamachar.com 119.18.58.130
66.249.64.174 - - [10/Sep/2026:21:13:02 +0530] "GET /?path=%2Fhome3%2Fpradetbp%2Fssl%2Fkeys&paged=2 HTTP/2.0" 200 67027 "-" "Mozilla/5.0 (Linux; Android 6.0.1; Nexus 5X Build/MMB29P) AppleWebKit/537.36 (KHTML, like Gecko) Chrome/152.0.7977.82 Mobile Safari/537.36 (compatible; Googlebot/2.1; +http://www.google.com/bot.html)" pradeshikjansamachar.com 119.18.58.130
161.153.113.113 - - [10/Sep/2026:21:13:04 +0530] "GET /?p=18581 HTTP/2.0" 200 56616 "-" "Mozilla/5.0 (X11; Linux x86_64) AppleWebKit/537.36 (KHTML, like Gecko) Chrome/126.0.0.0 Safari/537.36 (compatible; AionBot/1.0)" pradeshikjansamachar.com 119.18.58.130
216.73.217.60 - - [10/Sep/2026:21:13:05 +0530] "GET /?path=%2F%2Fvar%2Ftmp%2F.ICE-unix HTTP/2.0" 200 67250 "-" "Mozilla/5.0 AppleWebKit/537.36 (KHTML, like Gecko; compatible; ClaudeBot/1.0; +claudebot@anthropic.com)" pradeshikjansamachar.com 119.18.58.130
216.73.217.60 - - [10/Sep/2026:21:13:10 +0530] "GET /?paged=8&path=%2F%2Fvar%2Fdb HTTP/2.0" 200 66459 "-" "Mozilla/5.0 AppleWebKit/537.36 (KHTML, like Gecko; compatible; ClaudeBot/1.0; +claudebot@anthropic.com)" pradeshikjansamachar.com 119.18.58.130
216.73.217.60 - - [10/Sep/2026:21:13:15 +0530] "GET /?paged=4&path=%2F%2Fetc%2Fbinfmt.d HTTP/2.0" 200 66773 "-" "Mozilla/5.0 AppleWebKit/537.36 (KHTML, like Gecko; compatible; ClaudeBot/1.0; +claudebot@anthropic.com)" pradeshikjansamachar.com 119.18.58.130
66.249.64.173 - - [10/Sep/2026:21:13:16 +0530] "GET /?action=edit&file=event2&path=%2F%2Fdev%2Finput HTTP/2.0" 200 67029 "-" "Mozilla/5.0 (Linux; Android 6.0.1; Nexus 5X Build/MMB29P) AppleWebKit/537.36 (KHTML, like Gecko) Chrome/152.0.7977.82 Mobile Safari/537.36 (compatible; GoogleOther)" pradeshikjansamachar.com 119.18.58.130
216.73.217.60 - - [10/Sep/2026:21:13:20 +0530] "GET /?action=edit&file=KOI8-R.so&path=%2F%2Flib%2Fgconv HTTP/2.0" 200 71835 "-" "Mozilla/5.0 AppleWebKit/537.36 (KHTML, like Gecko; compatible; ClaudeBot/1.0; +claudebot@anthropic.com)" pradeshikjansamachar.com 119.18.58.130
45.113.122.172 - - [10/Sep/2026:21:13:28 +0530] "POST /wp-cron.php?doing_wp_cron=1789055007.4717369079589843750000 HTTP/2.0" 200 - "-" "WordPress/7.1; https://pradeshikjansamachar.com" pradeshikjansamachar.com 119.18.58.130
216.73.217.60 - - [10/Sep/2026:21:13:26 +0530] "GET /?path=%2F%2Fvar%2Flog%2Fdell HTTP/2.0" 200 67239 "-" "Mozilla/5.0 AppleWebKit/537.36 (KHTML, like Gecko; compatible; ClaudeBot/1.0; +claudebot@anthropic.com)" pradeshikjansamachar.com 119.18.58.130
216.73.217.60 - - [10/Sep/2026:21:13:31 +0530] "GET /?paged=5&path=%2F%2Fetc%2Fmodules-load.d HTTP/2.0" 200 66908 "-" "Mozilla/5.0 AppleWebKit/537.36 (KHTML, like Gecko; compatible; ClaudeBot/1.0; +claudebot@anthropic.com)" pradeshikjansamachar.com 119.18.58.130
66.249.64.173 - - [10/Sep/2026:21:13:33 +0530] "GET /?action=edit&file=increase_filesystem_limits&path=%2F%2Fscripts&paged=4 HTTP/2.0" 200 66863 "-" "Mozilla/5.0 (Linux; Android 6.0.1; Nexus 5X Build/MMB29P) AppleWebKit/537.36 (KHTML, like Gecko) Chrome/152.0.7977.82 Mobile Safari/537.36 (compatible; GoogleOther)" pradeshikjansamachar.com 119.18.58.130
216.73.217.60 - - [10/Sep/2026:21:13:36 +0530] "GET /?path=%2F%2Fvar%2Flog%2Ftuned HTTP/2.0" 200 67299 "-" "Mozilla/5.0 AppleWebKit/537.36 (KHTML, like Gecko; compatible; ClaudeBot/1.0; +claudebot@anthropic.com)" pradeshikjansamachar.com 119.18.58.130
2401:4900:51c6:52ae:d4c5:9102:cf9c:3a1d - - [10/Sep/2026:21:13:36 +0530] "GET /?p=126012 HTTP/2.0" 200 51611 "-" "Mozilla/5.0 (Linux; Android 10; K) AppleWebKit/537.36 (KHTML, like Gecko) Chrome/152.0.0.0 Mobile Safari/537.36" pradeshikjansamachar.com 119.18.58.130
216.73.217.60 - - [10/Sep/2026:21:13:41 +0530] "GET /?paged=4&path=%2F%2Fvar%2Ftmp HTTP/2.0" 200 70789 "-" "Mozilla/5.0 AppleWebKit/537.36 (KHTML, like Gecko; compatible; ClaudeBot/1.0; +claudebot@anthropic.com)" pradeshikjansamachar.com 119.18.58.130
2401:4900:51c6:52ae:d4c5:9102:cf9c:3a1d - - [10/Sep/2026:21:13:46 +0530] "GET /wp-content/plugins/theia-sticky-sidebar/js/ResizeSensor.js?ver=1.7.0 HTTP/2.0" 304 - "https://pradeshikjansamachar.com/?p=126012" "Mozilla/5.0 (Linux; Android 10; K) AppleWebKit/537.36 (KHTML, like Gecko) Chrome/152.0.0.0 Mobile Safari/537.36" pradeshikjansamachar.com 119.18.58.130
2401:4900:51c6:52ae:d4c5:9102:cf9c:3a1d - - [10/Sep/2026:21:13:46 +0530] "GET /wp-content/plugins/theia-sticky-sidebar/js/theia-sticky-sidebar.js?ver=1.7.0 HTTP/2.0" 304 - "https://pradeshikjansamachar.com/?p=126012" "Mozilla/5.0 (Linux; Android 10; K) AppleWebKit/537.36 (KHTML, like Gecko) Chrome/152.0.0.0 Mobile Safari/537.36" pradeshikjansamachar.com 119.18.58.130
216.73.217.60 - - [10/Sep/2026:21:13:46 +0530] "GET /?paged=445&path=%2F%2Flib%2Fdebug%2Fsbin HTTP/2.0" 200 57747 "-" "Mozilla/5.0 AppleWebKit/537.36 (KHTML, like Gecko; compatible; ClaudeBot/1.0; +claudebot@anthropic.com)" pradeshikjansamachar.com 119.18.58.130
2401:4900:51c6:52ae:d4c5:9102:cf9c:3a1d - - [10/Sep/2026:21:13:48 +0530] "GET /wp-content/plugins/theia-sticky-sidebar/js/main.js?ver=1.7.0 HTTP/2.0" 304 - "https://pradeshikjansamachar.com/?p=126012" "Mozilla/5.0 (Linux; Android 10; K) AppleWebKit/537.36 (KHTML, like Gecko) Chrome/152.0.0.0 Mobile Safari/537.36" pradeshikjansamachar.com 119.18.58.130
2401:4900:51c6:52ae:d4c5:9102:cf9c:3a1d - - [10/Sep/2026:21:13:49 +0530] "GET /wp-content/plugins/zox-alp//scripts/jquery.sticky-kit.min.js?ver=7.1 HTTP/2.0" 304 - "https://pradeshikjansamachar.com/?p=126012" "Mozilla/5.0 (Linux; Android 10; K) AppleWebKit/537.36 (KHTML, like Gecko) Chrome/152.0.0.0 Mobile Safari/537.36" pradeshikjansamachar.com 119.18.58.130
2401:4900:51c6:52ae:d4c5:9102:cf9c:3a1d - - [10/Sep/2026:21:13:50 +0530] "GET /wp-content/plugins/zox-alp//scripts/jquery.waypoints.min.js?ver=7.1 HTTP/2.0" 304 - "https://pradeshikjansamachar.com/?p=126012" "Mozilla/5.0 (Linux; Android 10; K) AppleWebKit/537.36 (KHTML, like Gecko) Chrome/152.0.0.0 Mobile Safari/537.36" pradeshikjansamachar.com 119.18.58.130
2401:4900:51c6:52ae:d4c5:9102:cf9c:3a1d - - [10/Sep/2026:21:13:50 +0530] "GET /wp-content/themes/zox-news/js/mvpcustom.js?ver=7.1 HTTP/2.0" 304 - "https://pradeshikjansamachar.com/?p=126012" "Mozilla/5.0 (Linux; Android 10; K) AppleWebKit/537.36 (KHTML, like Gecko) Chrome/152.0.0.0 Mobile Safari/537.36" pradeshikjansamachar.com 119.18.58.130
216.73.217.60 - - [10/Sep/2026:21:13:51 +0530] "GET /?paged=438&path=%2F%2Flib%2Fdebug%2Fsbin HTTP/2.0" 200 57943 "-" "Mozilla/5.0 AppleWebKit/537.36 (KHTML, like Gecko; compatible; ClaudeBot/1.0; +claudebot@anthropic.com)" pradeshikjansamachar.com 119.18.58.130
2401:4900:51c6:52ae:d4c5:9102:cf9c:3a1d - - [10/Sep/2026:21:13:52 +0530] "GET /wp-content/themes/zox-news/js/scripts.js?ver=7.1 HTTP/2.0" 304 - "https://pradeshikjansamachar.com/?p=126012" "Mozilla/5.0 (Linux; Android 10; K) AppleWebKit/537.36 (KHTML, like Gecko) Chrome/152.0.0.0 Mobile Safari/537.36" pradeshikjansamachar.com 119.18.58.130
2401:4900:51c6:52ae:d4c5:9102:cf9c:3a1d - - [10/Sep/2026:21:13:52 +0530] "GET /wp-content/themes/zox-news/js/retina.js?ver=7.1 HTTP/2.0" 304 - "https://pradeshikjansamachar.com/?p=126012" "Mozilla/5.0 (Linux; Android 10; K) AppleWebKit/537.36 (KHTML, like Gecko) Chrome/152.0.0.0 Mobile Safari/537.36" pradeshikjansamachar.com 119.18.58.130
2401:4900:51c6:52ae:d4c5:9102:cf9c:3a1d - - [10/Sep/2026:21:13:53 +0530] "GET /wp-content/themes/zox-news/js/flexslider.js?ver=7.1 HTTP/2.0" 304 - "https://pradeshikjansamachar.com/?p=126012" "Mozilla/5.0 (Linux; Android 10; K) AppleWebKit/537.36 (KHTML, like Gecko) Chrome/152.0.0.0 Mobile Safari/537.36" pradeshikjansamachar.com 119.18.58.130
2401:4900:51c6:52ae:d4c5:9102:cf9c:3a1d - - [10/Sep/2026:21:13:54 +0530] "GET /wp-content/themes/zox-news/js/jquery.infinitescroll.min.js?ver=7.1 HTTP/2.0" 304 - "https://pradeshikjansamachar.com/?p=126012" "Mozilla/5.0 (Linux; Android 10; K) AppleWebKit/537.36 (KHTML, like Gecko) Chrome/152.0.0.0 Mobile Safari/537.36" pradeshikjansamachar.com 119.18.58.130
2401:4900:51c6:52ae:d4c5:9102:cf9c:3a1d - - [10/Sep/2026:21:13:55 +0530] "GET /wp-content/plugins/youtube-embed-plus/scripts/fitvids.min.js?ver=14.2.5 HTTP/2.0" 304 - "https://pradeshikjansamachar.com/?p=126012" "Mozilla/5.0 (Linux; Android 10; K) AppleWebKit/537.36 (KHTML, like Gecko) Chrome/152.0.0.0 Mobile Safari/537.36" pradeshikjansamachar.com 119.18.58.130
161.153.113.113 - - [10/Sep/2026:21:13:54 +0530] "GET /?p=118370 HTTP/2.0" 200 47854 "-" "Mozilla/5.0 (X11; Linux x86_64) AppleWebKit/537.36 (KHTML, like Gecko) Chrome/126.0.0.0 Safari/537.36 (compatible; AionBot/1.0)" pradeshikjansamachar.com 119.18.58.130
2401:4900:51c6:52ae:d4c5:9102:cf9c:3a1d - - [10/Sep/2026:21:13:56 +0530] "GET /wp-content/plugins/add-to-any/addtoany.min.js?ver=1.1 HTTP/2.0" 304 - "https://pradeshikjansamachar.com/?p=126012" "Mozilla/5.0 (Linux; Android 10; K) AppleWebKit/537.36 (KHTML, like Gecko) Chrome/152.0.0.0 Mobile Safari/537.36" pradeshikjansamachar.com 119.18.58.130
216.73.217.60 - - [10/Sep/2026:21:13:56 +0530] "GET /?action=edit&file=apachectl&path=%2F%2Fsbin HTTP/2.0" 200 69196 "-" "Mozilla/5.0 AppleWebKit/537.36 (KHTML, like Gecko; compatible; ClaudeBot/1.0; +claudebot@anthropic.com)" pradeshikjansamachar.com 119.18.58.130
66.249.64.173 - - [10/Sep/2026:21:13:50 +0530] "GET /?action=edit&file=libmysqlclient_r.so.18.1.0&path=%2F%2Flib64%2Fmysql HTTP/2.0" 200 823841 "-" "Mozilla/5.0 (Linux; Android 6.0.1; Nexus 5X Build/MMB29P) AppleWebKit/537.36 (KHTML, like Gecko) Chrome/152.0.7977.82 Mobile Safari/537.36 (compatible; GoogleOther)" pradeshikjansamachar.com 119.18.58.130
66.249.64.173 - - [10/Sep/2026:21:13:59 +0530] "GET /?action=edit&file=libffi.so.6&path=%2F%2Flib64 HTTP/2.0" 200 82473 "-" "Mozilla/5.0 (Linux; Android 6.0.1; Nexus 5X Build/MMB29P) AppleWebKit/537.36 (KHTML, like Gecko) Chrome/152.0.7977.82 Mobile Safari/537.36 (compatible; Googlebot/2.1; +http://www.google.com/bot.html)" pradeshikjansamachar.com 119.18.58.130
2401:4900:51c6:52ae:d4c5:9102:cf9c:3a1d - - [10/Sep/2026:21:14:01 +0530] "GET /wp-content/uploads/2021/06/pradeshik-jan-samachar-white.png HTTP/2.0" 304 - "https://pradeshikjansamachar.com/?p=126012" "Mozilla/5.0 (Linux; Android 10; K) AppleWebKit/537.36 (KHTML, like Gecko) Chrome/152.0.0.0 Mobile Safari/537.36" pradeshikjansamachar.com 119.18.58.130
216.73.217.60 - - [10/Sep/2026:21:14:01 +0530] "GET /?action=edit&file=mod_headers.so&path=%2F%2Fetc%2Fhttpd%2Fmodules HTTP/2.0" 200 94946 "-" "Mozilla/5.0 AppleWebKit/537.36 (KHTML, like Gecko; compatible; ClaudeBot/1.0; +claudebot@anthropic.com)" pradeshikjansamachar.com 119.18.58.130
2401:4900:51c6:52ae:d4c5:9102:cf9c:3a1d - - [10/Sep/2026:21:14:02 +0530] "GET /wp-content/plugins/gtranslate/js/dwf.js?ver=7.1 HTTP/2.0" 304 - "https://pradeshikjansamachar.com/?p=126012" "Mozilla/5.0 (Linux; Android 10; K) AppleWebKit/537.36 (KHTML, like Gecko) Chrome/152.0.0.0 Mobile Safari/537.36" pradeshikjansamachar.com 119.18.58.130
216.73.217.60 - - [10/Sep/2026:21:14:06 +0530] "GET /?paged=5&path=%2F%2Fetc%2Fsysctl.d HTTP/2.0" 200 67021 "-" "Mozilla/5.0 AppleWebKit/537.36 (KHTML, like Gecko; compatible; ClaudeBot/1.0; +claudebot@anthropic.com)" pradeshikjansamachar.com 119.18.58.130
66.249.64.173 - - [10/Sep/2026:21:14:06 +0530] "GET /wp-content/uploads/2021/08/VID-20210824-WA0246.mp4 HTTP/2.0" 200 4489162 "-" "Googlebot-Video/1.0" pradeshikjansamachar.com 119.18.58.130
216.73.217.60 - - [10/Sep/2026:21:14:11 +0530] "GET /?paged=446&path=%2F%2Fetc%2Fhttpd%2Fmodules HTTP/2.0" 200 59816 "-" "Mozilla/5.0 AppleWebKit/537.36 (KHTML, like Gecko; compatible; ClaudeBot/1.0; +claudebot@anthropic.com)" pradeshikjansamachar.com 119.18.58.130
66.249.64.173 - - [10/Sep/2026:21:14:12 +0530] "GET /?action=edit&file=syslog_check&path=%2F%2Fscripts HTTP/2.0" 200 67590 "-" "Mozilla/5.0 (Linux; Android 6.0.1; Nexus 5X Build/MMB29P) AppleWebKit/537.36 (KHTML, like Gecko) Chrome/152.0.7977.82 Mobile Safari/537.36 (compatible; GoogleOther)" pradeshikjansamachar.com 119.18.58.130
216.73.217.60 - - [10/Sep/2026:21:14:16 +0530] "GET /?path=%2F%2Fvar%2Flog%2Flogster HTTP/2.0" 200 67241 "-" "Mozilla/5.0 AppleWebKit/537.36 (KHTML, like Gecko; compatible; ClaudeBot/1.0; +claudebot@anthropic.com)" pradeshikjansamachar.com 119.18.58.130
45.113.122.172 - - [10/Sep/2026:21:14:22 +0530] "POST /wp-cron.php?doing_wp_cron=1789055062.5096490383148193359375 HTTP/2.0" 200 - "-" "WordPress/7.1; https://pradeshikjansamachar.com" pradeshikjansamachar.com 119.18.58.130
216.73.217.60 - - [10/Sep/2026:21:14:21 +0530] "GET /?path=%2F%2Fetc%2FImageMagick-6 HTTP/2.0" 200 67503 "-" "Mozilla/5.0 AppleWebKit/537.36 (KHTML, like Gecko; compatible; ClaudeBot/1.0; +claudebot@anthropic.com)" pradeshikjansamachar.com 119.18.58.130
216.73.217.60 - - [10/Sep/2026:21:14:26 +0530] "GET /?action=edit&file=mod_proxy_ajp.so&path=%2F%2Fetc%2Fapache2%2Fmodules HTTP/2.0" 200 149133 "-" "Mozilla/5.0 AppleWebKit/537.36 (KHTML, like Gecko; compatible; ClaudeBot/1.0; +claudebot@anthropic.com)" pradeshikjansamachar.com 119.18.58.130
216.73.217.60 - - [10/Sep/2026:21:14:31 +0530] "GET /?action=edit&file=mod_setenvif.so&path=%2F%2Fetc%2Fapache2%2Fmodules HTTP/2.0" 200 86366 "-" "Mozilla/5.0 AppleWebKit/537.36 (KHTML, like Gecko; compatible; ClaudeBot/1.0; +claudebot@anthropic.com)" pradeshikjansamachar.com 119.18.58.130
66.249.64.174 - - [10/Sep/2026:21:14:34 +0530] "GET /?action=edit&file=libmysqlclient.so.18.1.0&path=%2F%2Flib64%2Fmysql HTTP/2.0" 200 823841 "-" "Mozilla/5.0 (Linux; Android 6.0.1; Nexus 5X Build/MMB29P) AppleWebKit/537.36 (KHTML, like Gecko) Chrome/152.0.7977.82 Mobile Safari/537.36 (compatible; GoogleOther)" pradeshikjansamachar.com 119.18.58.130
216.73.217.60 - - [10/Sep/2026:21:14:41 +0530] "GET /?paged=5&path=%2F%2Fetc%2Fsmartmontools%2Fsmartd_warning.d HTTP/2.0" 200 66934 "-" "Mozilla/5.0 AppleWebKit/537.36 (KHTML, like Gecko; compatible; ClaudeBot/1.0; +claudebot@anthropic.com)" pradeshikjansamachar.com 119.18.58.130
2401:4900:51c6:52ae:d4c5:9102:cf9c:3a1d - - [10/Sep/2026:21:14:43 +0530] "GET /wp-includes/js/wp-emoji-release.min.js?ver=7.1 HTTP/2.0" 304 - "https://pradeshikjansamachar.com/?p=126012" "Mozilla/5.0 (Linux; Android 10; K) AppleWebKit/537.36 (KHTML, like Gecko) Chrome/152.0.0.0 Mobile Safari/537.36" pradeshikjansamachar.com 119.18.58.130
2401:4900:51c6:52ae:d4c5:9102:cf9c:3a1d - - [10/Sep/2026:21:14:43 +0530] "GET /wp-content/plugins/gtranslate/flags/svg/en.svg HTTP/2.0" 304 - "https://pradeshikjansamachar.com/?p=126012" "Mozilla/5.0 (Linux; Android 10; K) AppleWebKit/537.36 (KHTML, like Gecko) Chrome/152.0.0.0 Mobile Safari/537.36" pradeshikjansamachar.com 119.18.58.130
2401:4900:51c6:52ae:d4c5:9102:cf9c:3a1d - - [10/Sep/2026:21:14:43 +0530] "GET /wp-content/themes/zox-news/font-awesome/fonts/fontawesome-webfont.woff2?v=4.6.3 HTTP/2.0" 304 - "https://pradeshikjansamachar.com/wp-content/themes/zox-news/font-awesome/css/font-awesome.css?ver=7.1" "Mozilla/5.0 (Linux; Android 10; K) AppleWebKit/537.36 (KHTML, like Gecko) Chrome/152.0.0.0 Mobile Safari/537.36" pradeshikjansamachar.com 119.18.58.130
216.73.217.60 - - [10/Sep/2026:21:14:43 +0530] "GET /?paged=5&path=%2F%2Fetc%2Fsmartmontools HTTP/2.0" 200 67002 "-" "Mozilla/5.0 AppleWebKit/537.36 (KHTML, like Gecko; compatible; ClaudeBot/1.0; +claudebot@anthropic.com)" pradeshikjansamachar.com 119.18.58.130
2401:4900:51c6:52ae:d4c5:9102:cf9c:3a1d - - [10/Sep/2026:21:14:44 +0530] "GET /wp-content/plugins/live-news/public/assets/img/clock.png HTTP/2.0" 304 - "https://pradeshikjansamachar.com/?p=126012" "Mozilla/5.0 (Linux; Android 10; K) AppleWebKit/537.36 (KHTML, like Gecko) Chrome/152.0.0.0 Mobile Safari/537.36" pradeshikjansamachar.com 119.18.58.130
216.73.217.60 - - [10/Sep/2026:21:14:48 +0530] "GET /?paged=9&path=%2F%2Flib%2Fkbd HTTP/2.0" 200 66594 "-" "Mozilla/5.0 AppleWebKit/537.36 (KHTML, like Gecko; compatible; ClaudeBot/1.0; +claudebot@anthropic.com)" pradeshikjansamachar.com 119.18.58.130
216.73.217.60 - - [10/Sep/2026:21:14:53 +0530] "GET /?paged=3&path=%2F%2Fetc%2FX11%2Ffontpath.d HTTP/2.0" 200 67111 "-" "Mozilla/5.0 AppleWebKit/537.36 (KHTML, like Gecko; compatible; ClaudeBot/1.0; +claudebot@anthropic.com)" pradeshikjansamachar.com 119.18.58.130
161.153.113.113 - - [10/Sep/2026:21:14:53 +0530] "GET /?p=4157 HTTP/2.0" 200 50646 "-" "Mozilla/5.0 (X11; Linux x86_64) AppleWebKit/537.36 (KHTML, like Gecko) Chrome/126.0.0.0 Safari/537.36 (compatible; AionBot/1.0)" pradeshikjansamachar.com 119.18.58.130
216.73.217.60 - - [10/Sep/2026:21:14:58 +0530] "GET /?paged=4&path=%2F%2Fetc%2Fntp HTTP/2.0" 200 66802 "-" "Mozilla/5.0 AppleWebKit/537.36 (KHTML, like Gecko; compatible; ClaudeBot/1.0; +claudebot@anthropic.com)" pradeshikjansamachar.com 119.18.58.130
216.73.217.60 - - [10/Sep/2026:21:15:03 +0530] "GET /?paged=4&path=%2F%2Fetc%2Ftuned HTTP/2.0" 200 66839 "-" "Mozilla/5.0 AppleWebKit/537.36 (KHTML, like Gecko; compatible; ClaudeBot/1.0; +claudebot@anthropic.com)" pradeshikjansamachar.com 119.18.58.130
66.249.64.162 - - [10/Sep/2026:21:14:57 +0530] "GET /?path=%2F%2Fbackup1%2Fnon-user-mysql&paged=446 HTTP/2.0" 200 58484 "-" "Mozilla/5.0 (Linux; Android 6.0.1; Nexus 5X Build/MMB29P) AppleWebKit/537.36 (KHTML, like Gecko) Chrome/152.0.7977.82 Mobile Safari/537.36 (compatible; GoogleOther)" pradeshikjansamachar.com 119.18.58.130
216.73.217.60 - - [10/Sep/2026:21:15:09 +0530] "GET /?action=edit&file=newuidmap&path=%2F%2Fbin HTTP/2.0" 200 81980 "-" "Mozilla/5.0 AppleWebKit/537.36 (KHTML, like Gecko; compatible; ClaudeBot/1.0; +claudebot@anthropic.com)" pradeshikjansamachar.com 119.18.58.130
66.249.64.160 - - [10/Sep/2026:21:15:10 +0530] "GET /?action=edit&file=c5fea_406d5_c641ca400f132a4824e44b2ac7c966b5.key&path=%2Fhome3%2Fpradetbp%2Fssl%2Fkeys HTTP/2.0" 200 68627 "-" "Mozilla/5.0 (Linux; Android 6.0.1; Nexus 5X Build/MMB29P) AppleWebKit/537.36 (KHTML, like Gecko) Chrome/152.0.7977.82 Mobile Safari/537.36 (compatible; Googlebot/2.1; +http://www.google.com/bot.html)" pradeshikjansamachar.com 119.18.58.130
216.73.217.60 - - [10/Sep/2026:21:15:11 +0530] "GET /?paged=2&path=%2Fhome3%2Fpradetbp%2Fpublic_html%2Fwp-includes%2Fai-client%2Fadapters HTTP/2.0" 200 67055 "-" "Mozilla/5.0 AppleWebKit/537.36 (KHTML, like Gecko; compatible; ClaudeBot/1.0; +claudebot@anthropic.com)" pradeshikjansamachar.com 119.18.58.130
216.73.217.60 - - [10/Sep/2026:21:15:16 +0530] "GET /?action=edit&file=aureport&path=%2F%2Fsbin HTTP/2.0" 200 111179 "-" "Mozilla/5.0 AppleWebKit/537.36 (KHTML, like Gecko; compatible; ClaudeBot/1.0; +claudebot@anthropic.com)" pradeshikjansamachar.com 119.18.58.130
45.113.122.172 - - [10/Sep/2026:21:15:22 +0530] "POST /wp-cron.php?doing_wp_cron=1789055122.1916649341583251953125 HTTP/2.0" 200 - "-" "WordPress/7.1; https://pradeshikjansamachar.com" pradeshikjansamachar.com 119.18.58.130
192.0.91.228 - - [10/Sep/2026:21:15:22 +0530] "HEAD / HTTP/2.0" 200 - "-" "jetmon/1.0 (Jetpack Site Uptime Monitor by WordPress.com)" pradeshikjansamachar.com 119.18.58.130
66.249.64.174 - - [10/Sep/2026:21:15:24 +0530] "GET /?action=edit&file=balance_linked_node_quotas&path=%2F%2Fscripts&paged=3 HTTP/2.0" 200 68084 "-" "Mozilla/5.0 (Linux; Android 6.0.1; Nexus 5X Build/MMB29P) AppleWebKit/537.36 (KHTML, like Gecko) Chrome/152.0.7977.82 Mobile Safari/537.36 (compatible; GoogleOther)" pradeshikjansamachar.com 119.18.58.130
216.73.217.60 - - [10/Sep/2026:21:15:21 +0530] "GET /?action=edit&file=resolv.conf.save&path=%2F%2Fetc HTTP/2.0" 200 67077 "-" "Mozilla/5.0 AppleWebKit/537.36 (KHTML, like Gecko; compatible; ClaudeBot/1.0; +claudebot@anthropic.com)" pradeshikjansamachar.com 119.18.58.130
216.73.217.60 - - [10/Sep/2026:21:15:26 +0530] "GET /?action=edit&file=vega12_sos.bin&path=%2F%2Flib%2Ffirmware%2Famdgpu HTTP/2.0" 200 209570 "-" "Mozilla/5.0 AppleWebKit/537.36 (KHTML, like Gecko; compatible; ClaudeBot/1.0; +claudebot@anthropic.com)" pradeshikjansamachar.com 119.18.58.130
216.73.217.60 - - [10/Sep/2026:21:15:32 +0530] "GET /?action=edit&file=senderverifybypasshosts&path=%2F%2Fetc HTTP/2.0" 200 67046 "-" "Mozilla/5.0 AppleWebKit/537.36 (KHTML, like Gecko; compatible; ClaudeBot/1.0; +claudebot@anthropic.com)" pradeshikjansamachar.com 119.18.58.130
161.153.113.113 - - [10/Sep/2026:21:15:35 +0530] "GET /?p=6492 HTTP/2.0" 200 49969 "-" "Mozilla/5.0 (X11; Linux x86_64) AppleWebKit/537.36 (KHTML, like Gecko) Chrome/126.0.0.0 Safari/537.36 (compatible; AionBot/1.0)" pradeshikjansamachar.com 119.18.58.130
216.73.217.60 - - [10/Sep/2026:21:15:37 +0530] "GET /?paged=3&path=%2F%2Fetc%2Fxinetd.d HTTP/2.0" 200 67092 "-" "Mozilla/5.0 AppleWebKit/537.36 (KHTML, like Gecko; compatible; ClaudeBot/1.0; +claudebot@anthropic.com)" pradeshikjansamachar.com 119.18.58.130
216.73.217.60 - - [10/Sep/2026:21:15:42 +0530] "GET /?paged=5&path=%2F%2Fetc%2Fpercona-server.conf.d HTTP/2.0" 200 66990 "-" "Mozilla/5.0 AppleWebKit/537.36 (KHTML, like Gecko; compatible; ClaudeBot/1.0; +claudebot@anthropic.com)" pradeshikjansamachar.com 119.18.58.130
216.73.217.60 - - [10/Sep/2026:21:15:47 +0530] "GET /?paged=5&path=%2F%2Fvar%2Ftmp%2Flost%2Bfound HTTP/2.0" 200 66920 "-" "Mozilla/5.0 AppleWebKit/537.36 (KHTML, like Gecko; compatible; ClaudeBot/1.0; +claudebot@anthropic.com)" pradeshikjansamachar.com 119.18.58.130
66.249.64.173 - - [10/Sep/2026:21:15:49 +0530] "GET /?action=edit&file=iwlwifi-7265D-16.ucode&path=%2F%2Flib%2Ffirmware HTTP/2.0" 200 584376 "-" "Mozilla/5.0 (Linux; Android 6.0.1; Nexus 5X Build/MMB29P) AppleWebKit/537.36 (KHTML, like Gecko) Chrome/152.0.7977.82 Mobile Safari/537.36 (compatible; GoogleOther)" pradeshikjansamachar.com 119.18.58.130
216.73.217.60 - - [10/Sep/2026:21:15:52 +0530] "GET /?paged=5&path=%2F%2Flib%2Ffontconfig%2Fcache HTTP/2.0" 200 67153 "-" "Mozilla/5.0 AppleWebKit/537.36 (KHTML, like Gecko; compatible; ClaudeBot/1.0; +claudebot@anthropic.com)" pradeshikjansamachar.com 119.18.58.130
216.73.217.60 - - [10/Sep/2026:21:15:57 +0530] "GET /?paged=3&path=%2F%2Fetc%2Fdepmod.d HTTP/2.0" 200 67145 "-" "Mozilla/5.0 AppleWebKit/537.36 (KHTML, like Gecko; compatible; ClaudeBot/1.0; +claudebot@anthropic.com)" pradeshikjansamachar.com 119.18.58.130
66.249.64.164 - - [10/Sep/2026:21:16:06 +0530] "GET /?action=edit&file=libgif.so.4&path=%2F%2Flib64 HTTP/2.0" 200 85658 "-" "Mozilla/5.0 (Linux; Android 6.0.1; Nexus 5X Build/MMB29P) AppleWebKit/537.36 (KHTML, like Gecko) Chrome/152.0.7977.82 Mobile Safari/537.36 (compatible; Googlebot/2.1; +http://www.google.com/bot.html)" pradeshikjansamachar.com 119.18.58.130
216.73.217.60 - - [10/Sep/2026:21:16:02 +0530] "GET /?action=edit&file=firewall-modification.log&path=%2F%2Fvar%2Flog HTTP/2.0" 200 1275853 "-" "Mozilla/5.0 AppleWebKit/537.36 (KHTML, like Gecko; compatible; ClaudeBot/1.0; +claudebot@anthropic.com)" pradeshikjansamachar.com 119.18.58.130
2401:4900:51c6:52ae:d4c5:9102:cf9c:3a1d - - [10/Sep/2026:21:16:07 +0530] "GET /wp-content/uploads/2021/06/pradeshik-jan-samachar-350-300x63-1@2x.png HTTP/2.0" 404 358 "https://pradeshikjansamachar.com/?p=126012" "Mozilla/5.0 (Linux; Android 10; K) AppleWebKit/537.36 (KHTML, like Gecko) Chrome/152.0.0.0 Mobile Safari/537.36" pradeshikjansamachar.com 119.18.58.130
2401:4900:51c6:52ae:d4c5:9102:cf9c:3a1d - - [10/Sep/2026:21:16:07 +0530] "GET /wp-content/uploads/2021/06/pradeshik-jan-samachar-white@2x.png HTTP/2.0" 404 358 "https://pradeshikjansamachar.com/?p=126012" "Mozilla/5.0 (Linux; Android 10; K) AppleWebKit/537.36 (KHTML, like Gecko) Chrome/152.0.0.0 Mobile Safari/537.36" pradeshikjansamachar.com 119.18.58.130
216.73.217.60 - - [10/Sep/2026:21:16:07 +0530] "GET /?action=edit&file=ctfw-3.2.3.0.bin&path=%2F%2Flib%2Ffirmware HTTP/2.0" 200 369292 "-" "Mozilla/5.0 AppleWebKit/537.36 (KHTML, like Gecko; compatible; ClaudeBot/1.0; +claudebot@anthropic.com)" pradeshikjansamachar.com 119.18.58.130
161.153.113.113 - - [10/Sep/2026:21:16:10 +0530] "GET /?page_id=13276 HTTP/2.0" 200 23354 "-" "Mozilla/5.0 (X11; Linux x86_64) AppleWebKit/537.36 (KHTML, like Gecko) Chrome/126.0.0.0 Safari/537.36 (compatible; AionBot/1.0)" pradeshikjansamachar.com 119.18.58.130
45.113.122.172 - - [10/Sep/2026:21:16:10 +0530] "POST /wp-cron.php?doing_wp_cron=1789055170.2128229141235351562500 HTTP/2.0" 200 - "-" "WordPress/7.1; https://pradeshikjansamachar.com" pradeshikjansamachar.com 119.18.58.130
66.249.64.165 - - [10/Sep/2026:21:16:08 +0530] "GET /?action=edit&file=index.php&path=%2Fhome3%2Fpradetbp%2Fpublic_html&paged=2 HTTP/2.0" 200 66880 "-" "Mozilla/5.0 (Linux; Android 6.0.1; Nexus 5X Build/MMB29P) AppleWebKit/537.36 (KHTML, like Gecko) Chrome/152.0.7977.82 Mobile Safari/537.36 (compatible; Googlebot/2.1; +http://www.google.com/bot.html)" pradeshikjansamachar.com 119.18.58.130
216.73.217.60 - - [10/Sep/2026:21:16:12 +0530] "GET /?action=edit&file=anytopnm&path=%2F%2Fbin HTTP/2.0" 200 70775 "-" "Mozilla/5.0 AppleWebKit/537.36 (KHTML, like Gecko; compatible; ClaudeBot/1.0; +claudebot@anthropic.com)" pradeshikjansamachar.com 119.18.58.130
66.249.64.165 - - [10/Sep/2026:21:16:13 +0530] "GET /?action=edit&file=balance_linked_node_quotas&path=%2F%2Fscripts&paged=4 HTTP/2.0" 200 67705 "-" "Mozilla/5.0 (Linux; Android 6.0.1; Nexus 5X Build/MMB29P) AppleWebKit/537.36 (KHTML, like Gecko) Chrome/152.0.7977.82 Mobile Safari/537.36 (compatible; GoogleOther)" pradeshikjansamachar.com 119.18.58.130
216.73.217.60 - - [10/Sep/2026:21:16:17 +0530] "GET /?action=edit&file=vega12_smc.bin&path=%2F%2Flib%2Ffirmware%2Famdgpu HTTP/2.0" 200 138316 "-" "Mozilla/5.0 AppleWebKit/537.36 (KHTML, like Gecko; compatible; ClaudeBot/1.0; +claudebot@anthropic.com)" pradeshikjansamachar.com 119.18.58.130
45.113.122.172 - - [10/Sep/2026:21:16:24 +0530] "POST /wp-cron.php?doing_wp_cron=1789055183.5813179016113281250000 HTTP/2.0" 200 - "-" "WordPress/7.1; https://pradeshikjansamachar.com" pradeshikjansamachar.com 119.18.58.130
216.73.217.60 - - [10/Sep/2026:21:16:22 +0530] "GET /?action=edit&file=pnmhisteq&path=%2F%2Fbin HTTP/2.0" 200 71180 "-" "Mozilla/5.0 AppleWebKit/537.36 (KHTML, like Gecko; compatible; ClaudeBot/1.0; +claudebot@anthropic.com)" pradeshikjansamachar.com 119.18.58.130
216.73.217.60 - - [10/Sep/2026:21:16:27 +0530] "GET /?action=edit&file=ci_sessionb7be2e4ce97047bd0b85566db0d00d1f90c58a37&path=%2F%2Ftmp HTTP/2.0" 200 66984 "-" "Mozilla/5.0 AppleWebKit/537.36 (KHTML, like Gecko; compatible; ClaudeBot/1.0; +claudebot@anthropic.com)" pradeshikjansamachar.com 119.18.58.130
216.73.217.60 - - [10/Sep/2026:21:16:32 +0530] "GET /?action=edit&file=numademo&path=%2F%2Fbin HTTP/2.0" 200 82688 "-" "Mozilla/5.0 AppleWebKit/537.36 (KHTML, like Gecko; compatible; ClaudeBot/1.0; +claudebot@anthropic.com)" pradeshikjansamachar.com 119.18.58.130
66.249.64.173 - - [10/Sep/2026:21:16:35 +0530] "GET /?action=edit&file=manage_greylisting&path=%2F%2Fscripts HTTP/2.0" 200 72715 "-" "Mozilla/5.0 (Linux; Android 6.0.1; Nexus 5X Build/MMB29P) AppleWebKit/537.36 (KHTML, like Gecko) Chrome/152.0.7977.82 Mobile Safari/537.36 (compatible; GoogleOther)" pradeshikjansamachar.com 119.18.58.130
216.73.217.60 - - [10/Sep/2026:21:16:37 +0530] "GET /?action=edit&file=customize-preview.min.js&path=%2Fhome3%2Fpradetbp%2Fpublic_html%2Fwp-includes%2Fjs HTTP/2.0" 200 71587 "-" "Mozilla/5.0 AppleWebKit/537.36 (KHTML, like Gecko; compatible; ClaudeBot/1.0; +claudebot@anthropic.com)" pradeshikjansamachar.com 119.18.58.130
216.73.217.60 - - [10/Sep/2026:21:16:42 +0530] "GET /?paged=8&path=%2Fhome3%2Fpradetbp%2Fmail HTTP/2.0" 200 66723 "-" "Mozilla/5.0 AppleWebKit/537.36 (KHTML, like Gecko; compatible; ClaudeBot/1.0; +claudebot@anthropic.com)" pradeshikjansamachar.com 119.18.58.130
161.153.113.113 - - [10/Sep/2026:21:16:44 +0530] "GET /?p=14771 HTTP/2.0" 200 46712 "-" "Mozilla/5.0 (X11; Linux x86_64) AppleWebKit/537.36 (KHTML, like Gecko) Chrome/126.0.0.0 Safari/537.36 (compatible; AionBot/1.0)" pradeshikjansamachar.com 119.18.58.130
216.73.217.60 - - [10/Sep/2026:21:16:47 +0530] "GET /?action=edit&file=vega20_me.bin&path=%2F%2Flib%2Ffirmware%2Famdgpu HTTP/2.0" 200 74707 "-" "Mozilla/5.0 AppleWebKit/537.36 (KHTML, like Gecko; compatible; ClaudeBot/1.0; +claudebot@anthropic.com)" pradeshikjansamachar.com 119.18.58.130
216.73.217.60 - - [10/Sep/2026:21:16:52 +0530] "GET /?action=edit&file=cameratopam&path=%2F%2Fbin HTTP/2.0" 200 118680 "-" "Mozilla/5.0 AppleWebKit/537.36 (KHTML, like Gecko; compatible; ClaudeBot/1.0; +claudebot@anthropic.com)" pradeshikjansamachar.com 119.18.58.130
66.249.64.164 - - [10/Sep/2026:21:16:55 +0530] "GET /?action=edit&file=v4l-cx2341x-dec.fw&path=%2F%2Flib%2Ffirmware HTTP/2.0" 200 110875 "-" "Mozilla/5.0 (Linux; Android 6.0.1; Nexus 5X Build/MMB29P) AppleWebKit/537.36 (KHTML, like Gecko) Chrome/152.0.7977.82 Mobile Safari/537.36 (compatible; GoogleOther)" pradeshikjansamachar.com 119.18.58.130
216.73.217.60 - - [10/Sep/2026:21:16:57 +0530] "GET /?paged=8&path=%2Fhome3%2Fpradetbp%2F.cphorde HTTP/2.0" 200 66500 "-" "Mozilla/5.0 AppleWebKit/537.36 (KHTML, like Gecko; compatible; ClaudeBot/1.0; +claudebot@anthropic.com)" pradeshikjansamachar.com 119.18.58.130
216.73.217.60 - - [10/Sep/2026:21:17:02 +0530] "GET /?action=edit&file=pnmstitch&path=%2F%2Fbin HTTP/2.0" 200 78404 "-" "Mozilla/5.0 AppleWebKit/537.36 (KHTML, like Gecko; compatible; ClaudeBot/1.0; +claudebot@anthropic.com)" pradeshikjansamachar.com 119.18.58.130
216.73.217.60 - - [10/Sep/2026:21:17:07 +0530] "GET /?action=edit&file=0hourly&path=%2F%2Fetc%2Fcron.d HTTP/2.0" 200 67119 "-" "Mozilla/5.0 AppleWebKit/537.36 (KHTML, like Gecko; compatible; ClaudeBot/1.0; +claudebot@anthropic.com)" pradeshikjansamachar.com 119.18.58.130
66.249.64.165 - - [10/Sep/2026:21:17:13 +0530] "GET /?path=/home3/pradetbp/ssl/keys HTTP/2.0" 200 67417 "-" "Mozilla/5.0 (Linux; Android 6.0.1; Nexus 5X Build/MMB29P) AppleWebKit/537.36 (KHTML, like Gecko) Chrome/152.0.7977.82 Mobile Safari/537.36 (compatible; Googlebot/2.1; +http://www.google.com/bot.html)" pradeshikjansamachar.com 119.18.58.130
216.73.217.60 - - [10/Sep/2026:21:17:12 +0530] "GET /?action=edit&file=exim.crt&path=%2F%2Fetc HTTP/2.0" 200 67028 "-" "Mozilla/5.0 AppleWebKit/537.36 (KHTML, like Gecko; compatible; ClaudeBot/1.0; +claudebot@anthropic.com)" pradeshikjansamachar.com 119.18.58.130
45.113.122.172 - - [10/Sep/2026:21:17:14 +0530] "POST /wp-cron.php?doing_wp_cron=1789055233.6390399932861328125000 HTTP/2.0" 200 - "-" "WordPress/7.1; https://pradeshikjansamachar.com" pradeshikjansamachar.com 119.18.58.130
66.249.64.164 - - [10/Sep/2026:21:17:15 +0530] "GET /?action=edit&file=iwlwifi-7260-12.ucode&path=%2F%2Flib%2Ffirmware HTTP/2.0" 200 386214 "-" "Mozilla/5.0 (Linux; Android 6.0.1; Nexus 5X Build/MMB29P) AppleWebKit/537.36 (KHTML, like Gecko) Chrome/152.0.7977.82 Mobile Safari/537.36 (compatible; GoogleOther)" pradeshikjansamachar.com 119.18.58.130
216.73.217.60 - - [10/Sep/2026:21:17:17 +0530] "GET /?action=edit&file=rcsmerge&path=%2F%2Fbin HTTP/2.0" 200 67501 "-" "Mozilla/5.0 AppleWebKit/537.36 (KHTML, like Gecko; compatible; ClaudeBot/1.0; +claudebot@anthropic.com)" pradeshikjansamachar.com 119.18.58.130
161.153.113.113 - - [10/Sep/2026:21:17:19 +0530] "GET /?path=/home3/pradetbp/public_html HTTP/2.0" 200 67915 "-" "Mozilla/5.0 (X11; Linux x86_64) AppleWebKit/537.36 (KHTML, like Gecko) Chrome/126.0.0.0 Safari/537.36 (compatible; AionBot/1.0)" pradeshikjansamachar.com 119.18.58.130
45.113.122.172 - - [10/Sep/2026:21:17:24 +0530] "POST /wp-cron.php?doing_wp_cron=1789055243.5955090522766113281250 HTTP/2.0" 200 - "-" "WordPress/7.1; https://pradeshikjansamachar.com" pradeshikjansamachar.com 119.18.58.130
216.73.217.60 - - [10/Sep/2026:21:17:22 +0530] "GET /?action=edit&file=wmf2svg&path=%2F%2Fbin HTTP/2.0" 200 73126 "-" "Mozilla/5.0 AppleWebKit/537.36 (KHTML, like Gecko; compatible; ClaudeBot/1.0; +claudebot@anthropic.com)" pradeshikjansamachar.com 119.18.58.130
216.73.217.60 - - [10/Sep/2026:21:17:27 +0530] "GET /?paged=9&path=%2Fhome3%2Fpradetbp%2F.cphorde HTTP/2.0" 200 66648 "-" "Mozilla/5.0 AppleWebKit/537.36 (KHTML, like Gecko; compatible; ClaudeBot/1.0; +claudebot@anthropic.com)" pradeshikjansamachar.com 119.18.58.130
216.73.217.60 - - [10/Sep/2026:21:17:33 +0530] "GET /?action=edit&file=pnmmercator&path=%2F%2Fbin HTTP/2.0" 200 71142 "-" "Mozilla/5.0 AppleWebKit/537.36 (KHTML, like Gecko; compatible; ClaudeBot/1.0; +claudebot@anthropic.com)" pradeshikjansamachar.com 119.18.58.130
66.249.64.173 - - [10/Sep/2026:21:17:34 +0530] "GET /?action=edit&file=vcsu2&path=%2F%2Fdev HTTP/2.0" 200 67025 "-" "Mozilla/5.0 (Linux; Android 6.0.1; Nexus 5X Build/MMB29P) AppleWebKit/537.36 (KHTML, like Gecko) Chrome/152.0.7977.82 Mobile Safari/537.36 (compatible; GoogleOther)" pradeshikjansamachar.com 119.18.58.130
216.73.217.60 - - [10/Sep/2026:21:17:38 +0530] "GET /?paged=9&path=%2Fhome3%2Fpradetbp%2Fmail HTTP/2.0" 200 66866 "-" "Mozilla/5.0 AppleWebKit/537.36 (KHTML, like Gecko; compatible; ClaudeBot/1.0; +claudebot@anthropic.com)" pradeshikjansamachar.com 119.18.58.130
216.73.217.60 - - [10/Sep/2026:21:17:42 +0530] "GET /?action=edit&file=ci_session7c8ab819bbbc27481f67190d841e3a8a6e4c06f0&path=%2F%2Ftmp HTTP/2.0" 200 66985 "-" "Mozilla/5.0 AppleWebKit/537.36 (KHTML, like Gecko; compatible; ClaudeBot/1.0; +claudebot@anthropic.com)" pradeshikjansamachar.com 119.18.58.130
161.153.113.113 - - [10/Sep/2026:21:17:44 +0530] "GET /?p=3979 HTTP/2.0" 200 53672 "-" "Mozilla/5.0 (X11; Linux x86_64) AppleWebKit/537.36 (KHTML, like Gecko) Chrome/126.0.0.0 Safari/537.36 (compatible; AionBot/1.0)" pradeshikjansamachar.com 119.18.58.130
216.73.217.60 - - [10/Sep/2026:21:17:47 +0530] "GET /?action=edit&file=media-new.php&path=%2Fhome3%2Fpradetbp%2Fpublic_html%2Fwp-admin HTTP/2.0" 409 83 "-" "Mozilla/5.0 AppleWebKit/537.36 (KHTML, like Gecko; compatible; ClaudeBot/1.0; +claudebot@anthropic.com)" pradeshikjansamachar.com 119.18.58.130
66.249.64.164 - - [10/Sep/2026:21:17:51 +0530] "GET /?action=edit&file=btrfs-zero-log&path=%2F%2Fsbin&paged=446 HTTP/2.0" 200 222760 "-" "Mozilla/5.0 (Linux; Android 6.0.1; Nexus 5X Build/MMB29P) AppleWebKit/537.36 (KHTML, like Gecko) Chrome/152.0.7977.82 Mobile Safari/537.36 (compatible; GoogleOther)" pradeshikjansamachar.com 119.18.58.130
216.73.217.60 - - [10/Sep/2026:21:17:52 +0530] "GET /?paged=446&path=%2F%2Flib%2Ffirmware%2Far3k HTTP/2.0" 200 58865 "-" "Mozilla/5.0 AppleWebKit/537.36 (KHTML, like Gecko; compatible; ClaudeBot/1.0; +claudebot@anthropic.com)" pradeshikjansamachar.com 119.18.58.130
216.73.217.60 - - [10/Sep/2026:21:17:57 +0530] "GET /?action=edit&file=extlookup2hiera&path=%2F%2Fbin HTTP/2.0" 200 67557 "-" "Mozilla/5.0 AppleWebKit/537.36 (KHTML, like Gecko; compatible; ClaudeBot/1.0; +claudebot@anthropic.com)" pradeshikjansamachar.com 119.18.58.130
216.73.217.60 - - [10/Sep/2026:21:18:03 +0530] "GET /?action=edit&file=renoir_sdma.bin&path=%2F%2Flib%2Ffirmware%2Famdgpu HTTP/2.0" 200 76103 "-" "Mozilla/5.0 AppleWebKit/537.36 (KHTML, like Gecko; compatible; ClaudeBot/1.0; +claudebot@anthropic.com)" pradeshikjansamachar.com 119.18.58.130
216.73.217.60 - - [10/Sep/2026:21:18:08 +0530] "GET /?action=edit&file=pagetypeinfo&path=%2F%2Fproc HTTP/2.0" 200 67031 "-" "Mozilla/5.0 AppleWebKit/537.36 (KHTML, like Gecko; compatible; ClaudeBot/1.0; +claudebot@anthropic.com)" pradeshikjansamachar.com 119.18.58.130
66.249.64.164 - - [10/Sep/2026:21:18:08 +0530] "GET /?action=edit&file=sdb&path=%2F%2Fdev HTTP/2.0" 200 67021 "-" "Mozilla/5.0 (Linux; Android 6.0.1; Nexus 5X Build/MMB29P) AppleWebKit/537.36 (KHTML, like Gecko) Chrome/152.0.7977.82 Mobile Safari/537.36 (compatible; GoogleOther)" pradeshikjansamachar.com 119.18.58.130
2a03:2880:f812:5c:: - - [10/Sep/2026:21:18:13 +0530] "GET /news-sitemap.xml HTTP/2.0" 404 358 "-" "Mozilla/5.0 (Macintosh; Intel Mac OS X 10_15_7) AppleWebKit/537.36 (KHTML, like Gecko) Chrome/145.0.0.0 Safari/537.36 (compatible; meta-webindexer/1.1 (+https://developers.facebook.com/docs/sharing/webmasters/crawler))" pradeshikjansamachar.com 119.18.58.130
216.73.217.60 - - [10/Sep/2026:21:18:12 +0530] "GET /?action=edit&file=exim_trusted_configs&path=%2F%2Fetc HTTP/2.0" 200 67059 "-" "Mozilla/5.0 AppleWebKit/537.36 (KHTML, like Gecko; compatible; ClaudeBot/1.0; +claudebot@anthropic.com)" pradeshikjansamachar.com 119.18.58.130
66.249.64.165 - - [10/Sep/2026:21:18:14 +0530] "GET /?action=edit&file=libmpc.so.3&path=%2F%2Flib64 HTTP/2.0" 200 108952 "-" "Mozilla/5.0 (Linux; Android 6.0.1; Nexus 5X Build/MMB29P) AppleWebKit/537.36 (KHTML, like Gecko) Chrome/152.0.7977.82 Mobile Safari/537.36 (compatible; Googlebot/2.1; +http://www.google.com/bot.html)" pradeshikjansamachar.com 119.18.58.130
216.73.217.60 - - [10/Sep/2026:21:18:17 +0530] "GET /?action=edit&file=nl-link-name2ifindex&path=%2F%2Fbin HTTP/2.0" 200 70042 "-" "Mozilla/5.0 AppleWebKit/537.36 (KHTML, like Gecko; compatible; ClaudeBot/1.0; +claudebot@anthropic.com)" pradeshikjansamachar.com 119.18.58.130
161.153.113.113 - - [10/Sep/2026:21:18:19 +0530] "GET /?p=14862 HTTP/2.0" 200 47201 "-" "Mozilla/5.0 (X11; Linux x86_64) AppleWebKit/537.36 (KHTML, like Gecko) Chrome/126.0.0.0 Safari/537.36 (compatible; AionBot/1.0)" pradeshikjansamachar.com 119.18.58.130
216.73.217.60 - - [10/Sep/2026:21:18:22 +0530] "GET /?action=edit&file=ci_sessionbc75ef777f63ef425630d0f66aaf04eb45cb6c79&path=%2F%2Ftmp HTTP/2.0" 200 66984 "-" "Mozilla/5.0 AppleWebKit/537.36 (KHTML, like Gecko; compatible; ClaudeBot/1.0; +claudebot@anthropic.com)" pradeshikjansamachar.com 119.18.58.130
45.113.122.172 - - [10/Sep/2026:21:18:25 +0530] "POST /wp-cron.php?doing_wp_cron=1789055303.8993129730224609375000 HTTP/2.0" 200 - "-" "WordPress/7.1; https://pradeshikjansamachar.com" pradeshikjansamachar.com 119.18.58.130
66.249.64.164 - - [10/Sep/2026:21:18:25 +0530] "GET /?action=edit&file=ct_helper_ftp.so&path=%2F%2Flib64%2Fconntrack-tools HTTP/2.0" 200 72263 "-" "Mozilla/5.0 (Linux; Android 6.0.1; Nexus 5X Build/MMB29P) AppleWebKit/537.36 (KHTML, like Gecko) Chrome/152.0.7977.82 Mobile Safari/537.36 (compatible; GoogleOther)" pradeshikjansamachar.com 119.18.58.130
216.73.217.60 - - [10/Sep/2026:21:18:27 +0530] "GET /?action=edit&file=bnx2x-e1-5.2.7.0.fw&path=%2F%2Flib%2Ffirmware HTTP/2.0" 200 192218 "-" "Mozilla/5.0 AppleWebKit/537.36 (KHTML, like Gecko; compatible; ClaudeBot/1.0; +claudebot@anthropic.com)" pradeshikjansamachar.com 119.18.58.130
216.73.217.60 - - [10/Sep/2026:21:18:33 +0530] "GET /?action=edit&file=portreserve&path=%2F%2Fsbin HTTP/2.0" 200 72792 "-" "Mozilla/5.0 AppleWebKit/537.36 (KHTML, like Gecko; compatible; ClaudeBot/1.0; +claudebot@anthropic.com)" pradeshikjansamachar.com 119.18.58.130
216.73.217.60 - - [10/Sep/2026:21:18:37 +0530] "GET /?action=edit&file=s2250.fw&path=%2F%2Flib%2Ffirmware HTTP/2.0" 200 72516 "-" "Mozilla/5.0 AppleWebKit/537.36 (KHTML, like Gecko; compatible; ClaudeBot/1.0; +claudebot@anthropic.com)" pradeshikjansamachar.com 119.18.58.130
216.73.217.60 - - [10/Sep/2026:21:18:43 +0530] "GET /?action=edit&file=cvtsudoers&path=%2F%2Fbin HTTP/2.0" 200 172121 "-" "Mozilla/5.0 AppleWebKit/537.36 (KHTML, like Gecko; compatible; ClaudeBot/1.0; +claudebot@anthropic.com)" pradeshikjansamachar.com 119.18.58.130
216.73.217.60 - - [10/Sep/2026:21:18:47 +0530] "GET /?action=edit&file=ci_sessione4a8f0bdad637a015c5eaa4f52e86af0aef4062f&path=%2F%2Ftmp HTTP/2.0" 200 66983 "-" "Mozilla/5.0 AppleWebKit/537.36 (KHTML, like Gecko; compatible; ClaudeBot/1.0; +claudebot@anthropic.com)" pradeshikjansamachar.com 119.18.58.130
216.73.217.60 - - [10/Sep/2026:21:18:52 +0530] "GET /?action=edit&file=grub2-mkpasswd-pbkdf2&path=%2F%2Fbin HTTP/2.0" 200 146394 "-" "Mozilla/5.0 AppleWebKit/537.36 (KHTML, like Gecko; compatible; ClaudeBot/1.0; +claudebot@anthropic.com)" pradeshikjansamachar.com 119.18.58.130
45.113.122.172 - - [10/Sep/2026:21:18:55 +0530] "POST /wp-cron.php?doing_wp_cron=1789055334.0522229671478271484375 HTTP/2.0" 200 - "-" "WordPress/7.1; https://pradeshikjansamachar.com" pradeshikjansamachar.com 119.18.58.130
161.153.113.113 - - [10/Sep/2026:21:18:54 +0530] "GET /?action=edit&file=readme.html&path=%2Fhome3%2Fpradetbp%2Fpublic_html HTTP/2.0" 200 70387 "-" "Mozilla/5.0 (X11; Linux x86_64) AppleWebKit/537.36 (KHTML, like Gecko) Chrome/126.0.0.0 Safari/537.36 (compatible; AionBot/1.0)" pradeshikjansamachar.com 119.18.58.130
66.249.64.164 - - [10/Sep/2026:21:18:53 +0530] "GET /?path=%2F%2Flib64%2Fconntrack-tools&paged=4 HTTP/2.0" 200 66883 "-" "Mozilla/5.0 (Linux; Android 6.0.1; Nexus 5X Build/MMB29P) AppleWebKit/537.36 (KHTML, like Gecko) Chrome/152.0.7977.82 Mobile Safari/537.36 (compatible; GoogleOther)" pradeshikjansamachar.com 119.18.58.130
45.113.122.172 - - [10/Sep/2026:21:18:57 +0530] "POST /wp-cron.php?doing_wp_cron=1789055335.3779649734497070312500 HTTP/2.0" 200 - "-" "WordPress/7.1; https://pradeshikjansamachar.com" pradeshikjansamachar.com 119.18.58.130
216.73.217.60 - - [10/Sep/2026:21:18:58 +0530] "GET /?action=edit&file=grub2-rpm-sort&path=%2F%2Fusr%2Fsbin HTTP/2.0" 200 142856 "-" "Mozilla/5.0 AppleWebKit/537.36 (KHTML, like Gecko; compatible; ClaudeBot/1.0; +claudebot@anthropic.com)" pradeshikjansamachar.com 119.18.58.130
216.73.217.60 - - [10/Sep/2026:21:19:02 +0530] "GET /?action=edit&file=vntwusb.fw&path=%2F%2Flib%2Ffirmware HTTP/2.0" 200 72057 "-" "Mozilla/5.0 AppleWebKit/537.36 (KHTML, like Gecko; compatible; ClaudeBot/1.0; +claudebot@anthropic.com)" pradeshikjansamachar.com 119.18.58.130
216.73.217.60 - - [10/Sep/2026:21:19:07 +0530] "GET /?action=edit&file=pamrgbatopng&path=%2F%2Fbin HTTP/2.0" 200 77704 "-" "Mozilla/5.0 AppleWebKit/537.36 (KHTML, like Gecko; compatible; ClaudeBot/1.0; +claudebot@anthropic.com)" pradeshikjansamachar.com 119.18.58.130
216.73.217.60 - - [10/Sep/2026:21:19:12 +0530] "GET /?action=edit&file=nl-tctree-list&path=%2F%2Fbin HTTP/2.0" 200 71301 "-" "Mozilla/5.0 AppleWebKit/537.36 (KHTML, like Gecko; compatible; ClaudeBot/1.0; +claudebot@anthropic.com)" pradeshikjansamachar.com 119.18.58.130
66.249.64.165 - - [10/Sep/2026:21:19:15 +0530] "GET /?action=edit&file=c9a33_32ad7_29fda5d79f8bb478fa506ebb25bf9bff.key&path=%2Fhome3%2Fpradetbp%2Fssl%2Fkeys HTTP/2.0" 200 68635 "-" "Mozilla/5.0 (Linux; Android 6.0.1; Nexus 5X Build/MMB29P) AppleWebKit/537.36 (KHTML, like Gecko) Chrome/152.0.7977.82 Mobile Safari/537.36 (compatible; Googlebot/2.1; +http://www.google.com/bot.html)" pradeshikjansamachar.com 119.18.58.130
216.73.217.60 - - [10/Sep/2026:21:19:17 +0530] "GET /?action=edit&file=wp-sanitize.min.js&path=%2Fhome3%2Fpradetbp%2Fpublic_html%2Fwp-includes%2Fjs HTTP/2.0" 200 67302 "-" "Mozilla/5.0 AppleWebKit/537.36 (KHTML, like Gecko; compatible; ClaudeBot/1.0; +claudebot@anthropic.com)" pradeshikjansamachar.com 119.18.58.130
66.249.64.164 - - [10/Sep/2026:21:19:18 +0530] "GET /?path=%2Fhome3%2Fpradetbp%2Fssl&paged=6 HTTP/2.0" 200 66195 "-" "Mozilla/5.0 (Linux; Android 6.0.1; Nexus 5X Build/MMB29P) AppleWebKit/537.36 (KHTML, like Gecko) Chrome/152.0.7977.82 Mobile Safari/537.36 (compatible; Googlebot/2.1; +http://www.google.com/bot.html)" pradeshikjansamachar.com 119.18.58.130
216.73.217.60 - - [10/Sep/2026:21:19:22 +0530] "GET /?action=edit&file=nl-qdisc-add&path=%2F%2Fbin HTTP/2.0" 200 71584 "-" "Mozilla/5.0 AppleWebKit/537.36 (KHTML, like Gecko; compatible; ClaudeBot/1.0; +claudebot@anthropic.com)" pradeshikjansamachar.com 119.18.58.130
66.249.64.164 - - [10/Sep/2026:21:19:24 +0530] "GET /?action=edit&file=ram13&path=%2F%2Fdev HTTP/2.0" 200 67024 "-" "Mozilla/5.0 (Linux; Android 6.0.1; Nexus 5X Build/MMB29P) AppleWebKit/537.36 (KHTML, like Gecko) Chrome/152.0.7977.82 Mobile Safari/537.36 (compatible; GoogleOther)" pradeshikjansamachar.com 119.18.58.130
216.73.217.60 - - [10/Sep/2026:21:19:27 +0530] "GET /?action=edit&file=ftpd-rsa-key.pem&path=%2F%2Fetc HTTP/2.0" 200 67039 "-" "Mozilla/5.0 AppleWebKit/537.36 (KHTML, like Gecko; compatible; ClaudeBot/1.0; +claudebot@anthropic.com)" pradeshikjansamachar.com 119.18.58.130
216.73.217.60 - - [10/Sep/2026:21:19:32 +0530] "GET /?action=edit&file=rlogin-cwd&path=%2F%2Fbin HTTP/2.0" 200 67339 "-" "Mozilla/5.0 AppleWebKit/537.36 (KHTML, like Gecko; compatible; ClaudeBot/1.0; +claudebot@anthropic.com)" pradeshikjansamachar.com 119.18.58.130
161.153.113.113 - - [10/Sep/2026:21:19:35 +0530] "GET /?action=edit&file=.htaccess.lock-1689a64ff78b2-fc242f0b-34ef6&path=%2Fhome3%2Fpradetbp%2Fpublic_html HTTP/2.0" 200 67139 "-" "Mozilla/5.0 (X11; Linux x86_64) AppleWebKit/537.36 (KHTML, like Gecko) Chrome/126.0.0.0 Safari/537.36 (compatible; AionBot/1.0)" pradeshikjansamachar.com 119.18.58.130
216.73.217.60 - - [10/Sep/2026:21:19:38 +0530] "GET /?action=edit&file=a300_pm4.fw&path=%2F%2Flib%2Ffirmware HTTP/2.0" 200 69824 "-" "Mozilla/5.0 AppleWebKit/537.36 (KHTML, like Gecko; compatible; ClaudeBot/1.0; +claudebot@anthropic.com)" pradeshikjansamachar.com 119.18.58.130
216.73.217.60 - - [10/Sep/2026:21:19:42 +0530] "GET /?action=edit&file=eximrejecthelo&path=%2F%2Fetc HTTP/2.0" 200 67063 "-" "Mozilla/5.0 AppleWebKit/537.36 (KHTML, like Gecko; compatible; ClaudeBot/1.0; +claudebot@anthropic.com)" pradeshikjansamachar.com 119.18.58.130
