202.88.254.53 - - [10/Sep/2026:18:34:11 +0530] "POST /xmlrpc.php HTTP/2.0" 409 83 "-" "Jetpack by WordPress.com" pradeshikjansamachar.com 119.18.58.130
47.79.206.178 - - [10/Sep/2026:18:34:13 +0530] "GET /?author=28&paged=11 HTTP/2.0" 200 43379 "https://www.google.com/" "Mozilla/5.0 (Windows NT 10.0; Win64; x64) AppleWebKit/537.36 (KHTML, like Gecko) Chrome/132.0.0.0 Safari/537.36" pradeshikjansamachar.com 119.18.58.130
216.73.217.60 - - [10/Sep/2026:18:34:14 +0530] "GET /?path=%2Fhome3%2Fpradetbp%2Ftmp%2Fhorde HTTP/2.0" 200 67259 "-" "Mozilla/5.0 AppleWebKit/537.36 (KHTML, like Gecko; compatible; ClaudeBot/1.0; +claudebot@anthropic.com)" pradeshikjansamachar.com 119.18.58.130
47.79.200.249 - - [10/Sep/2026:18:34:18 +0530] "GET /?p=17962 HTTP/2.0" 200 53448 "https://www.google.com/" "Mozilla/5.0 (Linux; Android 10; K) AppleWebKit/537.36 (KHTML, like Gecko) Chrome/132.0.0.0 Mobile Safari/537.36" pradeshikjansamachar.com 119.18.58.130
216.73.217.60 - - [10/Sep/2026:18:34:19 +0530] "GET /?paged=446&path=%2F%2Flib HTTP/2.0" 200 59569 "-" "Mozilla/5.0 AppleWebKit/537.36 (KHTML, like Gecko; compatible; ClaudeBot/1.0; +claudebot@anthropic.com)" pradeshikjansamachar.com 119.18.58.130
202.88.254.53 - - [10/Sep/2026:18:34:25 +0530] "POST /xmlrpc.php HTTP/2.0" 409 83 "-" "Jetpack by WordPress.com" pradeshikjansamachar.com 119.18.58.130
45.113.122.172 - - [10/Sep/2026:18:34:26 +0530] "POST /wp-cron.php?doing_wp_cron=1789045465.9373209476470947265625 HTTP/2.0" 200 - "-" "WordPress/7.1; https://pradeshikjansamachar.com" pradeshikjansamachar.com 119.18.58.130
216.73.217.60 - - [10/Sep/2026:18:34:24 +0530] "GET /?action=edit&file=sudoers&path=%2F%2Fetc HTTP/2.0" 200 67027 "-" "Mozilla/5.0 AppleWebKit/537.36 (KHTML, like Gecko; compatible; ClaudeBot/1.0; +claudebot@anthropic.com)" pradeshikjansamachar.com 119.18.58.130
49.51.72.236 - - [10/Sep/2026:18:34:30 +0530] "GET /?action=edit&file=error_log&path=%2Fhome3%2Fpradetbp%2Fpublic_html HTTP/2.0" 200 522 "-" "Mozilla/5.0 (iPhone; CPU iPhone OS 13_2_3 like Mac OS X) AppleWebKit/605.1.15 (KHTML, like Gecko) Version/13.0.3 Mobile/15E148 Safari/604.1" pradeshikjansamachar.com 119.18.58.130
216.73.217.60 - - [10/Sep/2026:18:34:29 +0530] "GET /?action=edit&file=rtmon&path=%2F%2Fsbin HTTP/2.0" 200 89456 "-" "Mozilla/5.0 AppleWebKit/537.36 (KHTML, like Gecko; compatible; ClaudeBot/1.0; +claudebot@anthropic.com)" pradeshikjansamachar.com 119.18.58.130
66.249.64.164 - - [10/Sep/2026:18:34:31 +0530] "GET /?action=edit&file=quinzeconsultancy.com.db&path=%2F%2Fvar%2Fnamed HTTP/2.0" 200 67058 "-" "Mozilla/5.0 (Linux; Android 6.0.1; Nexus 5X Build/MMB29P) AppleWebKit/537.36 (KHTML, like Gecko) Chrome/152.0.7977.82 Mobile Safari/537.36 (compatible; GoogleOther)" pradeshikjansamachar.com 119.18.58.130
47.79.201.97 - - [10/Sep/2026:18:34:31 +0530] "GET /?p=117560 HTTP/2.0" 200 46684 "https://www.google.com/" "Mozilla/5.0 (Linux; Android 10; K) AppleWebKit/537.36 (KHTML, like Gecko) Chrome/133.0.0.0 Mobile Safari/537.36" pradeshikjansamachar.com 119.18.58.130
216.73.217.60 - - [10/Sep/2026:18:34:34 +0530] "GET /?action=edit&file=lnstat&path=%2F%2Fsbin HTTP/2.0" 200 76001 "-" "Mozilla/5.0 AppleWebKit/537.36 (KHTML, like Gecko; compatible; ClaudeBot/1.0; +claudebot@anthropic.com)" pradeshikjansamachar.com 119.18.58.130
202.88.254.53 - - [10/Sep/2026:18:34:38 +0530] "POST /xmlrpc.php HTTP/2.0" 409 83 "-" "Jetpack/13.0; WordPress/6.3; http://site13004947.com" pradeshikjansamachar.com 119.18.58.130
216.73.217.60 - - [10/Sep/2026:18:34:40 +0530] "GET /?action=edit&file=smartctl&path=%2F%2Fsbin HTTP/2.0" 200 374647 "-" "Mozilla/5.0 AppleWebKit/537.36 (KHTML, like Gecko; compatible; ClaudeBot/1.0; +claudebot@anthropic.com)" pradeshikjansamachar.com 119.18.58.130
216.73.217.60 - - [10/Sep/2026:18:34:44 +0530] "GET /?action=edit&file=sudo.conf&path=%2F%2Fetc HTTP/2.0" 200 67028 "-" "Mozilla/5.0 AppleWebKit/537.36 (KHTML, like Gecko; compatible; ClaudeBot/1.0; +claudebot@anthropic.com)" pradeshikjansamachar.com 119.18.58.130
47.79.201.181 - - [10/Sep/2026:18:34:46 +0530] "GET /?p=15389 HTTP/2.0" 200 48159 "https://www.google.com/" "Mozilla/5.0 (Windows NT 10.0; Win64; x64) AppleWebKit/537.36 (KHTML, like Gecko) Chrome/133.0.0.0 Safari/537.36" pradeshikjansamachar.com 119.18.58.130
47.79.207.191 - - [10/Sep/2026:18:34:48 +0530] "GET /?p=14589 HTTP/2.0" 200 48845 "https://www.google.com/" "Mozilla/5.0 (Linux; Android 10; K) AppleWebKit/537.36 (KHTML, like Gecko) Chrome/123.0.0.0 Mobile Safari/537.36" pradeshikjansamachar.com 119.18.58.130
216.73.217.60 - - [10/Sep/2026:18:34:49 +0530] "GET /?action=edit&file=shadow&path=%2F%2Fetc HTTP/2.0" 200 67025 "-" "Mozilla/5.0 AppleWebKit/537.36 (KHTML, like Gecko; compatible; ClaudeBot/1.0; +claudebot@anthropic.com)" pradeshikjansamachar.com 119.18.58.130
202.88.254.53 - - [10/Sep/2026:18:34:51 +0530] "POST /xmlrpc.php HTTP/2.0" 409 83 "-" "Jetpack/12.5; WordPress/6.3; http://site42541217.com" pradeshikjansamachar.com 119.18.58.130
161.153.113.113 - - [10/Sep/2026:18:34:51 +0530] "GET /?p=23146 HTTP/2.0" 200 51465 "-" "Mozilla/5.0 (X11; Linux x86_64) AppleWebKit/537.36 (KHTML, like Gecko) Chrome/126.0.0.0 Safari/537.36 (compatible; AionBot/1.0)" pradeshikjansamachar.com 119.18.58.130
216.73.217.60 - - [10/Sep/2026:18:34:54 +0530] "GET /?path=%2Fhome3%2Fpradetbp%2Ftmp%2Fawstats HTTP/2.0" 200 69044 "-" "Mozilla/5.0 AppleWebKit/537.36 (KHTML, like Gecko; compatible; ClaudeBot/1.0; +claudebot@anthropic.com)" pradeshikjansamachar.com 119.18.58.130
216.73.217.60 - - [10/Sep/2026:18:35:01 +0530] "GET /?action=edit&file=tune2fs&path=%2F%2Fsbin HTTP/2.0" 200 96993 "-" "Mozilla/5.0 AppleWebKit/537.36 (KHTML, like Gecko; compatible; ClaudeBot/1.0; +claudebot@anthropic.com)" pradeshikjansamachar.com 119.18.58.130
202.88.254.53 - - [10/Sep/2026:18:35:04 +0530] "POST /xmlrpc.php HTTP/2.0" 409 83 "-" "Jetpack/12.1; WordPress/6.3; http://site73398396.com" pradeshikjansamachar.com 119.18.58.130
216.73.217.60 - - [10/Sep/2026:18:35:05 +0530] "GET /?action=edit&file=l10n.css&path=%2Fhome3%2Fpradetbp%2Fpublic_html%2Fwp-admin%2Fcss HTTP/2.0" 200 68344 "-" "Mozilla/5.0 AppleWebKit/537.36 (KHTML, like Gecko; compatible; ClaudeBot/1.0; +claudebot@anthropic.com)" pradeshikjansamachar.com 119.18.58.130
216.73.217.60 - - [10/Sep/2026:18:35:10 +0530] "GET /?action=edit&file=libcidn.so.1&path=%2F%2Flib HTTP/2.0" 200 116386 "-" "Mozilla/5.0 AppleWebKit/537.36 (KHTML, like Gecko; compatible; ClaudeBot/1.0; +claudebot@anthropic.com)" pradeshikjansamachar.com 119.18.58.130
216.73.217.60 - - [10/Sep/2026:18:35:15 +0530] "GET /?action=edit&file=lid&path=%2F%2Fsbin HTTP/2.0" 200 72161 "-" "Mozilla/5.0 AppleWebKit/537.36 (KHTML, like Gecko; compatible; ClaudeBot/1.0; +claudebot@anthropic.com)" pradeshikjansamachar.com 119.18.58.130
202.88.254.53 - - [10/Sep/2026:18:35:16 +0530] "POST /xmlrpc.php HTTP/2.0" 409 83 "-" "WordPress.com; https://wordpress.com" pradeshikjansamachar.com 119.18.58.130
216.73.217.60 - - [10/Sep/2026:18:35:20 +0530] "GET /?action=edit&file=dnssec-keymgr&path=%2F%2Fsbin HTTP/2.0" 200 67465 "-" "Mozilla/5.0 AppleWebKit/537.36 (KHTML, like Gecko; compatible; ClaudeBot/1.0; +claudebot@anthropic.com)" pradeshikjansamachar.com 119.18.58.130
45.113.122.172 - - [10/Sep/2026:18:35:22 +0530] "POST /wp-cron.php?doing_wp_cron=1789045522.0864450931549072265625 HTTP/2.0" 200 - "-" "WordPress/7.1; https://pradeshikjansamachar.com" pradeshikjansamachar.com 119.18.58.130
192.0.91.228 - - [10/Sep/2026:18:35:21 +0530] "HEAD / HTTP/2.0" 200 - "-" "jetmon/1.0 (Jetpack Site Uptime Monitor by WordPress.com)" pradeshikjansamachar.com 119.18.58.130
216.73.217.60 - - [10/Sep/2026:18:35:25 +0530] "GET /?action=edit&file=farbtastic-rtl.min.css&path=%2Fhome3%2Fpradetbp%2Fpublic_html%2Fwp-admin%2Fcss HTTP/2.0" 200 67276 "-" "Mozilla/5.0 AppleWebKit/537.36 (KHTML, like Gecko; compatible; ClaudeBot/1.0; +claudebot@anthropic.com)" pradeshikjansamachar.com 119.18.58.130
202.88.254.53 - - [10/Sep/2026:18:35:30 +0530] "POST /xmlrpc.php HTTP/2.0" 409 83 "-" "WordPress.com; https://wordpress.com" pradeshikjansamachar.com 119.18.58.130
161.153.113.113 - - [10/Sep/2026:18:35:29 +0530] "GET /?author=12&paged=27 HTTP/2.0" 200 41731 "-" "Mozilla/5.0 (X11; Linux x86_64) AppleWebKit/537.36 (KHTML, like Gecko) Chrome/126.0.0.0 Safari/537.36 (compatible; AionBot/1.0)" pradeshikjansamachar.com 119.18.58.130
216.73.217.60 - - [10/Sep/2026:18:35:30 +0530] "GET /?action=edit&file=mkfs.minix&path=%2F%2Fsbin HTTP/2.0" 200 82117 "-" "Mozilla/5.0 AppleWebKit/537.36 (KHTML, like Gecko; compatible; ClaudeBot/1.0; +claudebot@anthropic.com)" pradeshikjansamachar.com 119.18.58.130
66.249.64.165 - - [10/Sep/2026:18:35:31 +0530] "GET /?action=edit&file=libldap_r-2.4.so.2.10.7&path=%2F%2Flib64 HTTP/2.0" 200 226612 "-" "Mozilla/5.0 (Linux; Android 6.0.1; Nexus 5X Build/MMB29P) AppleWebKit/537.36 (KHTML, like Gecko) Chrome/152.0.7977.82 Mobile Safari/537.36 (compatible; GoogleOther)" pradeshikjansamachar.com 119.18.58.130
216.73.217.60 - - [10/Sep/2026:18:35:35 +0530] "GET /?action=edit&file=continents-cities.php&path=%2Fhome3%2Fpradetbp%2Fpublic_html%2Fwp-admin%2Fincludes HTTP/2.0" 409 83 "-" "Mozilla/5.0 AppleWebKit/537.36 (KHTML, like Gecko; compatible; ClaudeBot/1.0; +claudebot@anthropic.com)" pradeshikjansamachar.com 119.18.58.130
216.73.217.60 - - [10/Sep/2026:18:35:36 +0530] "GET /robots.txt HTTP/2.0" 404 358 "-" "Mozilla/5.0 AppleWebKit/537.36 (KHTML, like Gecko; compatible; ClaudeBot/1.0; +claudebot@anthropic.com)" pradeshikjansamachar.com 119.18.58.130
66.249.64.164 - - [10/Sep/2026:18:35:40 +0530] "GET /?action=edit&file=click2call.in.db&path=%2F%2Fvar%2Fnamed HTTP/2.0" 200 67044 "-" "Mozilla/5.0 (Linux; Android 6.0.1; Nexus 5X Build/MMB29P) AppleWebKit/537.36 (KHTML, like Gecko) Chrome/152.0.7977.82 Mobile Safari/537.36 (compatible; GoogleOther)" pradeshikjansamachar.com 119.18.58.130
216.73.217.60 - - [10/Sep/2026:18:35:40 +0530] "GET /?action=edit&file=dashboard-rtl.min.css&path=%2Fhome3%2Fpradetbp%2Fpublic_html%2Fwp-admin%2Fcss HTTP/2.0" 200 74160 "-" "Mozilla/5.0 AppleWebKit/537.36 (KHTML, like Gecko; compatible; ClaudeBot/1.0; +claudebot@anthropic.com)" pradeshikjansamachar.com 119.18.58.130
47.79.206.25 - - [10/Sep/2026:18:35:42 +0530] "GET /?p=22984 HTTP/2.0" 200 56387 "https://www.google.com/" "Mozilla/5.0 (Linux; Android 10; K) AppleWebKit/537.36 (KHTML, like Gecko) Chrome/133.0.0.0 Mobile Safari/537.36" pradeshikjansamachar.com 119.18.58.130
202.88.254.53 - - [10/Sep/2026:18:35:44 +0530] "POST /xmlrpc.php HTTP/2.0" 409 83 "-" "Jetpack/12.5; WordPress/6.1; http://site88726122.com" pradeshikjansamachar.com 119.18.58.130
216.73.217.60 - - [10/Sep/2026:18:35:45 +0530] "GET /?action=edit&file=auto.smb&path=%2F%2Fetc HTTP/2.0" 200 67441 "-" "Mozilla/5.0 AppleWebKit/537.36 (KHTML, like Gecko; compatible; ClaudeBot/1.0; +claudebot@anthropic.com)" pradeshikjansamachar.com 119.18.58.130
216.73.217.60 - - [10/Sep/2026:18:35:50 +0530] "GET /?action=edit&file=cpsources.conf&path=%2F%2Fetc HTTP/2.0" 200 67064 "-" "Mozilla/5.0 AppleWebKit/537.36 (KHTML, like Gecko; compatible; ClaudeBot/1.0; +claudebot@anthropic.com)" pradeshikjansamachar.com 119.18.58.130
66.249.64.164 - - [10/Sep/2026:18:35:50 +0530] "GET /?action=edit&file=libopts.so.25.15.0&path=%2F%2Flib64 HTTP/2.0" 200 127123 "-" "Mozilla/5.0 (Linux; Android 6.0.1; Nexus 5X Build/MMB29P) AppleWebKit/537.36 (KHTML, like Gecko) Chrome/152.0.7977.82 Mobile Safari/537.36 (compatible; GoogleOther)" pradeshikjansamachar.com 119.18.58.130
47.79.201.32 - - [10/Sep/2026:18:35:52 +0530] "GET /?p=14415 HTTP/2.0" 200 56156 "https://www.google.com/" "Mozilla/5.0 (Linux; Android 10; K) AppleWebKit/537.36 (KHTML, like Gecko) Chrome/132.0.0.0 Mobile Safari/537.36" pradeshikjansamachar.com 119.18.58.130
202.88.254.53 - - [10/Sep/2026:18:35:56 +0530] "POST /xmlrpc.php HTTP/2.0" 409 83 "-" "Jetpack by WordPress.com (Jetpack 13.0; WordPress 6.4)" pradeshikjansamachar.com 119.18.58.130
216.73.217.60 - - [10/Sep/2026:18:35:55 +0530] "GET /?action=edit&file=relayhosts&path=%2F%2Fetc HTTP/2.0" 200 68240 "-" "Mozilla/5.0 AppleWebKit/537.36 (KHTML, like Gecko; compatible; ClaudeBot/1.0; +claudebot@anthropic.com)" pradeshikjansamachar.com 119.18.58.130
216.73.217.60 - - [10/Sep/2026:18:36:00 +0530] "GET /?paged=446&path=%2Fhome3%2Fpradetbp%2Fpublic_html%2Fwp-includes%2Frest-api HTTP/2.0" 200 58714 "-" "Mozilla/5.0 AppleWebKit/537.36 (KHTML, like Gecko; compatible; ClaudeBot/1.0; +claudebot@anthropic.com)" pradeshikjansamachar.com 119.18.58.130
161.153.113.113 - - [10/Sep/2026:18:36:02 +0530] "GET /?author=28&paged=15 HTTP/2.0" 200 43244 "-" "Mozilla/5.0 (X11; Linux x86_64) AppleWebKit/537.36 (KHTML, like Gecko) Chrome/126.0.0.0 Safari/537.36 (compatible; AionBot/1.0)" pradeshikjansamachar.com 119.18.58.130
216.73.217.60 - - [10/Sep/2026:18:36:05 +0530] "GET /?action=edit&file=paperconfig&path=%2F%2Fsbin HTTP/2.0" 200 68920 "-" "Mozilla/5.0 AppleWebKit/537.36 (KHTML, like Gecko; compatible; ClaudeBot/1.0; +claudebot@anthropic.com)" pradeshikjansamachar.com 119.18.58.130
202.88.254.53 - - [10/Sep/2026:18:36:09 +0530] "POST /xmlrpc.php HTTP/2.0" 409 83 "-" "Jetpack by WordPress.com" pradeshikjansamachar.com 119.18.58.130
216.73.217.60 - - [10/Sep/2026:18:36:10 +0530] "GET /?action=edit&file=luserdel&path=%2F%2Fsbin HTTP/2.0" 200 71665 "-" "Mozilla/5.0 AppleWebKit/537.36 (KHTML, like Gecko; compatible; ClaudeBot/1.0; +claudebot@anthropic.com)" pradeshikjansamachar.com 119.18.58.130
45.113.122.172 - - [10/Sep/2026:18:36:11 +0530] "POST /wp-cron.php?doing_wp_cron=1789045571.0741729736328125000000 HTTP/2.0" 200 - "-" "WordPress/7.1; https://pradeshikjansamachar.com" pradeshikjansamachar.com 119.18.58.130
66.249.64.164 - - [10/Sep/2026:18:36:10 +0530] "GET /?path=%2F%2Fdev%2Finput%2Fby-path HTTP/2.0" 200 67347 "-" "Mozilla/5.0 (Linux; Android 6.0.1; Nexus 5X Build/MMB29P) AppleWebKit/537.36 (KHTML, like Gecko) Chrome/152.0.7977.82 Mobile Safari/537.36 (compatible; Googlebot/2.1; +http://www.google.com/bot.html)" pradeshikjansamachar.com 119.18.58.130
216.73.217.60 - - [10/Sep/2026:18:36:15 +0530] "GET /?action=edit&file=class-ftp-pure.php&path=%2Fhome3%2Fpradetbp%2Fpublic_html%2Fwp-admin%2Fincludes HTTP/2.0" 409 83 "-" "Mozilla/5.0 AppleWebKit/537.36 (KHTML, like Gecko; compatible; ClaudeBot/1.0; +claudebot@anthropic.com)" pradeshikjansamachar.com 119.18.58.130
47.79.207.40 - - [10/Sep/2026:18:36:17 +0530] "GET /?p=14141 HTTP/2.0" 200 47643 "https://www.google.com/" "Mozilla/5.0 (Windows NT 10.0; Win64; x64) AppleWebKit/537.36 (KHTML, like Gecko) Chrome/133.0.0.0 Safari/537.36" pradeshikjansamachar.com 119.18.58.130
202.88.254.53 - - [10/Sep/2026:18:36:22 +0530] "POST /xmlrpc.php HTTP/2.0" 409 83 "-" "Jetpack by WordPress.com" pradeshikjansamachar.com 119.18.58.130
45.113.122.172 - - [10/Sep/2026:18:36:23 +0530] "POST /wp-cron.php?doing_wp_cron=1789045583.0125370025634765625000 HTTP/2.0" 200 - "-" "WordPress/7.1; https://pradeshikjansamachar.com" pradeshikjansamachar.com 119.18.58.130
216.73.217.60 - - [10/Sep/2026:18:36:21 +0530] "GET /?action=edit&file=reservedips%2Cv&path=%2F%2Fetc HTTP/2.0" 200 67208 "-" "Mozilla/5.0 AppleWebKit/537.36 (KHTML, like Gecko; compatible; ClaudeBot/1.0; +claudebot@anthropic.com)" pradeshikjansamachar.com 119.18.58.130
66.249.64.164 - - [10/Sep/2026:18:36:23 +0530] "GET /?action=edit&file=.htaccess.lock-253d44fd51b64-fc242f0b-34ef6&path=%2Fhome3%2Fpradetbp%2Fpublic_html&paged=10 HTTP/2.0" 200 66492 "-" "Mozilla/5.0 (Linux; Android 6.0.1; Nexus 5X Build/MMB29P) AppleWebKit/537.36 (KHTML, like Gecko) Chrome/152.0.7977.82 Mobile Safari/537.36 (compatible; Googlebot/2.1; +http://www.google.com/bot.html)" pradeshikjansamachar.com 119.18.58.130
216.73.217.60 - - [10/Sep/2026:18:36:25 +0530] "GET /?action=edit&file=libBrokenLocale-2.17.so&path=%2F%2Flib HTTP/2.0" 200 69259 "-" "Mozilla/5.0 AppleWebKit/537.36 (KHTML, like Gecko; compatible; ClaudeBot/1.0; +claudebot@anthropic.com)" pradeshikjansamachar.com 119.18.58.130
66.249.64.164 - - [10/Sep/2026:18:36:26 +0530] "GET /?action=edit&file=libpng15.so.15&path=%2F%2Flib64 HTTP/2.0" 200 147716 "-" "Mozilla/5.0 (Linux; Android 6.0.1; Nexus 5X Build/MMB29P) AppleWebKit/537.36 (KHTML, like Gecko) Chrome/152.0.7977.82 Mobile Safari/537.36 (compatible; GoogleOther)" pradeshikjansamachar.com 119.18.58.130
216.73.217.60 - - [10/Sep/2026:18:36:30 +0530] "GET /?action=edit&file=routef&path=%2F%2Fsbin HTTP/2.0" 200 67145 "-" "Mozilla/5.0 AppleWebKit/537.36 (KHTML, like Gecko; compatible; ClaudeBot/1.0; +claudebot@anthropic.com)" pradeshikjansamachar.com 119.18.58.130
202.88.254.53 - - [10/Sep/2026:18:36:34 +0530] "POST /xmlrpc.php HTTP/2.0" 409 83 "-" "WordPress.com; https://wordpress.com" pradeshikjansamachar.com 119.18.58.130
216.73.217.60 - - [10/Sep/2026:18:36:35 +0530] "GET /?action=edit&file=updatedb.conf&path=%2F%2Fetc HTTP/2.0" 200 67263 "-" "Mozilla/5.0 AppleWebKit/537.36 (KHTML, like Gecko; compatible; ClaudeBot/1.0; +claudebot@anthropic.com)" pradeshikjansamachar.com 119.18.58.130
216.73.217.60 - - [10/Sep/2026:18:36:40 +0530] "GET /?action=edit&file=libfreeblpriv3.so&path=%2F%2Flib HTTP/2.0" 200 402179 "-" "Mozilla/5.0 AppleWebKit/537.36 (KHTML, like Gecko; compatible; ClaudeBot/1.0; +claudebot@anthropic.com)" pradeshikjansamachar.com 119.18.58.130
66.249.64.164 - - [10/Sep/2026:18:36:42 +0530] "GET /?action=edit&file=neuroaid.in.db&path=%2F%2Fvar%2Fnamed HTTP/2.0" 200 67041 "-" "Mozilla/5.0 (Linux; Android 6.0.1; Nexus 5X Build/MMB29P) AppleWebKit/537.36 (KHTML, like Gecko) Chrome/152.0.7977.82 Mobile Safari/537.36 (compatible; GoogleOther)" pradeshikjansamachar.com 119.18.58.130
202.88.254.53 - - [10/Sep/2026:18:36:47 +0530] "POST /xmlrpc.php HTTP/2.0" 409 83 "-" "Jetpack by WordPress.com (Jetpack 12.5; WordPress 6.2)" pradeshikjansamachar.com 119.18.58.130
216.73.217.60 - - [10/Sep/2026:18:36:45 +0530] "GET /?action=edit&file=named-checkzone&path=%2F%2Fsbin HTTP/2.0" 200 78628 "-" "Mozilla/5.0 AppleWebKit/537.36 (KHTML, like Gecko; compatible; ClaudeBot/1.0; +claudebot@anthropic.com)" pradeshikjansamachar.com 119.18.58.130
47.79.201.51 - - [10/Sep/2026:18:36:50 +0530] "GET /?p=117268 HTTP/2.0" 200 50048 "https://www.google.com/" "Mozilla/5.0 (Linux; Android 10; K) AppleWebKit/537.36 (KHTML, like Gecko) Chrome/132.0.0.0 Safari/537.36" pradeshikjansamachar.com 119.18.58.130
216.73.217.60 - - [10/Sep/2026:18:36:50 +0530] "GET /?action=edit&file=cpupdate.conf&path=%2F%2Fetc HTTP/2.0" 200 67129 "-" "Mozilla/5.0 AppleWebKit/537.36 (KHTML, like Gecko; compatible; ClaudeBot/1.0; +claudebot@anthropic.com)" pradeshikjansamachar.com 119.18.58.130
216.73.217.60 - - [10/Sep/2026:18:36:55 +0530] "GET /?action=edit&file=wpa_cli&path=%2F%2Fsbin HTTP/2.0" 200 115549 "-" "Mozilla/5.0 AppleWebKit/537.36 (KHTML, like Gecko; compatible; ClaudeBot/1.0; +claudebot@anthropic.com)" pradeshikjansamachar.com 119.18.58.130
202.88.254.53 - - [10/Sep/2026:18:37:00 +0530] "POST /xmlrpc.php HTTP/2.0" 409 83 "-" "Jetpack by WordPress.com" pradeshikjansamachar.com 119.18.58.130
216.73.217.60 - - [10/Sep/2026:18:37:00 +0530] "GET /?action=edit&file=alternatives&path=%2F%2Fsbin HTTP/2.0" 200 78646 "-" "Mozilla/5.0 AppleWebKit/537.36 (KHTML, like Gecko; compatible; ClaudeBot/1.0; +claudebot@anthropic.com)" pradeshikjansamachar.com 119.18.58.130
161.153.113.113 - - [10/Sep/2026:18:37:04 +0530] "GET /?p=14834 HTTP/2.0" 200 46689 "-" "Mozilla/5.0 (X11; Linux x86_64) AppleWebKit/537.36 (KHTML, like Gecko) Chrome/126.0.0.0 Safari/537.36 (compatible; AionBot/1.0)" pradeshikjansamachar.com 119.18.58.130
216.73.217.60 - - [10/Sep/2026:18:37:05 +0530] "GET /?action=edit&file=els-release&path=%2F%2Fetc HTTP/2.0" 200 67068 "-" "Mozilla/5.0 AppleWebKit/537.36 (KHTML, like Gecko; compatible; ClaudeBot/1.0; +claudebot@anthropic.com)" pradeshikjansamachar.com 119.18.58.130
45.113.122.172 - - [10/Sep/2026:18:37:12 +0530] "POST /wp-cron.php?doing_wp_cron=1789045631.7448339462280273437500 HTTP/2.0" 200 - "-" "WordPress/7.1; https://pradeshikjansamachar.com" pradeshikjansamachar.com 119.18.58.130
216.73.217.60 - - [10/Sep/2026:18:37:10 +0530] "GET /?action=edit&file=dumpe2fs&path=%2F%2Fsbin HTTP/2.0" 200 75644 "-" "Mozilla/5.0 AppleWebKit/537.36 (KHTML, like Gecko; compatible; ClaudeBot/1.0; +claudebot@anthropic.com)" pradeshikjansamachar.com 119.18.58.130
47.79.200.78 - - [10/Sep/2026:18:37:12 +0530] "GET /?p=120742 HTTP/2.0" 200 54786 "https://www.google.com/" "Mozilla/5.0 (Windows NT 10.0; Win64; x64) AppleWebKit/537.36 (KHTML, like Gecko) Chrome/133.0.0.0 Safari/537.36" pradeshikjansamachar.com 119.18.58.130
202.88.254.53 - - [10/Sep/2026:18:37:13 +0530] "POST /xmlrpc.php HTTP/2.0" 409 83 "-" "Jetpack/12.0; WordPress/6.4; http://site39793237.com" pradeshikjansamachar.com 119.18.58.130
2a03:2880:24ff:56:: - - [10/Sep/2026:18:37:16 +0530] "GET /?p=65612 HTTP/2.0" 200 23354 "-" "Mozilla/5.0 (Windows NT 10.0; Win64; x64) AppleWebKit/537.36 (KHTML, like Gecko) Chrome/145.0.0.0 Safari/537.36 (compatible; meta-webindexer/1.1 (+https://developers.facebook.com/docs/sharing/webmasters/crawler))" pradeshikjansamachar.com 119.18.58.130
216.73.217.60 - - [10/Sep/2026:18:37:15 +0530] "GET /?action=edit&file=xfs_io&path=%2F%2Fsbin HTTP/2.0" 200 124012 "-" "Mozilla/5.0 AppleWebKit/537.36 (KHTML, like Gecko; compatible; ClaudeBot/1.0; +claudebot@anthropic.com)" pradeshikjansamachar.com 119.18.58.130
47.79.201.76 - - [10/Sep/2026:18:37:23 +0530] "GET /?p=22538 HTTP/2.0" 200 51333 "https://www.google.com/" "Mozilla/5.0 (Linux; Android 10; K) AppleWebKit/537.36 (KHTML, like Gecko) Chrome/133.0.0.0 Mobile Safari/537.36" pradeshikjansamachar.com 119.18.58.130
45.113.122.172 - - [10/Sep/2026:18:37:24 +0530] "POST /wp-cron.php?doing_wp_cron=1789045643.3157629966735839843750 HTTP/2.0" 200 - "-" "WordPress/7.1; https://pradeshikjansamachar.com" pradeshikjansamachar.com 119.18.58.130
216.73.217.60 - - [10/Sep/2026:18:37:22 +0530] "GET /?paged=2&path=%2F%2Fdev HTTP/2.0" 200 68313 "-" "Mozilla/5.0 AppleWebKit/537.36 (KHTML, like Gecko; compatible; ClaudeBot/1.0; +claudebot@anthropic.com)" pradeshikjansamachar.com 119.18.58.130
202.88.254.53 - - [10/Sep/2026:18:37:26 +0530] "POST /xmlrpc.php HTTP/2.0" 409 83 "-" "Jetpack/12.1; WordPress/6.2; http://site37795691.com" pradeshikjansamachar.com 119.18.58.130
216.73.217.60 - - [10/Sep/2026:18:37:25 +0530] "GET /?action=edit&file=resolve_stack_dump&path=%2F%2Fbin HTTP/2.0" 200 897521 "-" "Mozilla/5.0 AppleWebKit/537.36 (KHTML, like Gecko; compatible; ClaudeBot/1.0; +claudebot@anthropic.com)" pradeshikjansamachar.com 119.18.58.130
66.249.64.165 - - [10/Sep/2026:18:37:30 +0530] "GET /?action=edit&file=libkrad.so.0.0&path=%2F%2Flib64 HTTP/2.0" 200 81953 "-" "Mozilla/5.0 (Linux; Android 6.0.1; Nexus 5X Build/MMB29P) AppleWebKit/537.36 (KHTML, like Gecko) Chrome/152.0.7977.82 Mobile Safari/537.36 (compatible; GoogleOther)" pradeshikjansamachar.com 119.18.58.130
216.73.217.60 - - [10/Sep/2026:18:37:30 +0530] "GET /?path=%2F%2Fusr%2Fgames HTTP/2.0" 200 67223 "-" "Mozilla/5.0 AppleWebKit/537.36 (KHTML, like Gecko; compatible; ClaudeBot/1.0; +claudebot@anthropic.com)" pradeshikjansamachar.com 119.18.58.130
216.73.217.60 - - [10/Sep/2026:18:37:36 +0530] "GET /?path=%2F%2Fadmin%2F.cpcpan HTTP/2.0" 200 67355 "-" "Mozilla/5.0 AppleWebKit/537.36 (KHTML, like Gecko; compatible; ClaudeBot/1.0; +claudebot@anthropic.com)" pradeshikjansamachar.com 119.18.58.130
161.153.113.113 - - [10/Sep/2026:18:37:36 +0530] "GET /?p=14825 HTTP/2.0" 200 50685 "-" "Mozilla/5.0 (X11; Linux x86_64) AppleWebKit/537.36 (KHTML, like Gecko) Chrome/126.0.0.0 Safari/537.36 (compatible; AionBot/1.0)" pradeshikjansamachar.com 119.18.58.130
66.249.64.164 - - [10/Sep/2026:18:37:37 +0530] "GET /?action=edit&file=email_accounts_count&path=%2Fhome3%2Fpradetbp%2F.cpanel HTTP/2.0" 200 67059 "-" "Mozilla/5.0 (Linux; Android 6.0.1; Nexus 5X Build/MMB29P) AppleWebKit/537.36 (KHTML, like Gecko) Chrome/152.0.7977.82 Mobile Safari/537.36 (compatible; Googlebot/2.1; +http://www.google.com/bot.html)" pradeshikjansamachar.com 119.18.58.130
202.88.254.53 - - [10/Sep/2026:18:37:39 +0530] "POST /xmlrpc.php HTTP/2.0" 409 83 "-" "WordPress.com; https://wordpress.com" pradeshikjansamachar.com 119.18.58.130
66.249.64.164 - - [10/Sep/2026:18:37:40 +0530] "GET /?path=%2Fhome3%2Fpradetbp&paged=7 HTTP/2.0" 200 66456 "-" "Mozilla/5.0 (Linux; Android 6.0.1; Nexus 5X Build/MMB29P) AppleWebKit/537.36 (KHTML, like Gecko) Chrome/152.0.7977.82 Mobile Safari/537.36 (compatible; Googlebot/2.1; +http://www.google.com/bot.html)" pradeshikjansamachar.com 119.18.58.130
216.73.217.60 - - [10/Sep/2026:18:37:41 +0530] "GET /?action=edit&file=killdns-dnsadmin&path=%2F%2Fscripts HTTP/2.0" 200 67605 "-" "Mozilla/5.0 AppleWebKit/537.36 (KHTML, like Gecko; compatible; ClaudeBot/1.0; +claudebot@anthropic.com)" pradeshikjansamachar.com 119.18.58.130
66.249.64.164 - - [10/Sep/2026:18:37:42 +0530] "GET /?path=%2Fhome3%2Fpradetbp%2F.cpanel&paged=4 HTTP/2.0" 200 67097 "-" "Mozilla/5.0 (Linux; Android 6.0.1; Nexus 5X Build/MMB29P) AppleWebKit/537.36 (KHTML, like Gecko) Chrome/152.0.7977.82 Mobile Safari/537.36 (compatible; Googlebot/2.1; +http://www.google.com/bot.html)" pradeshikjansamachar.com 119.18.58.130
66.249.64.164 - - [10/Sep/2026:18:37:44 +0530] "GET /?path=%2Fhome3%2Fpradetbp%2F.cpanel%2Flogs HTTP/2.0" 200 67306 "-" "Mozilla/5.0 (Linux; Android 6.0.1; Nexus 5X Build/MMB29P) AppleWebKit/537.36 (KHTML, like Gecko) Chrome/152.0.7977.82 Mobile Safari/537.36 (compatible; Googlebot/2.1; +http://www.google.com/bot.html)" pradeshikjansamachar.com 119.18.58.130
216.73.217.60 - - [10/Sep/2026:18:37:46 +0530] "GET /?action=edit&file=removeacct&path=%2F%2Fscripts HTTP/2.0" 200 67030 "-" "Mozilla/5.0 AppleWebKit/537.36 (KHTML, like Gecko; compatible; ClaudeBot/1.0; +claudebot@anthropic.com)" pradeshikjansamachar.com 119.18.58.130
66.249.64.164 - - [10/Sep/2026:18:37:47 +0530] "GET /?action=edit&file=makedumpfile.conf.sample&path=%2F%2Fetc&paged=4 HTTP/2.0" 200 68508 "-" "Mozilla/5.0 (Linux; Android 6.0.1; Nexus 5X Build/MMB29P) AppleWebKit/537.36 (KHTML, like Gecko) Chrome/152.0.7977.82 Mobile Safari/537.36 (compatible; GoogleOther)" pradeshikjansamachar.com 119.18.58.130
202.88.254.53 - - [10/Sep/2026:18:37:52 +0530] "POST /xmlrpc.php HTTP/2.0" 409 83 "-" "Jetpack/12.0; WordPress/6.1; http://site67475879.com" pradeshikjansamachar.com 119.18.58.130
216.73.217.60 - - [10/Sep/2026:18:37:51 +0530] "GET /?action=edit&file=restartsrv_queueprocd&path=%2F%2Fscripts HTTP/2.0" 200 1806802 "-" "Mozilla/5.0 AppleWebKit/537.36 (KHTML, like Gecko; compatible; ClaudeBot/1.0; +claudebot@anthropic.com)" pradeshikjansamachar.com 119.18.58.130
66.249.64.164 - - [10/Sep/2026:18:37:56 +0530] "GET /wp-content/plugins/theia-sticky-sidebar/js/main.js?ver=1.7.0 HTTP/2.0" 304 - "https://pradeshikjansamachar.com/?path=%2Fhome3%2Fpradetbp%2F.cpanel%2Flogs" "Mozilla/5.0 (Linux; Android 6.0.1; Nexus 5X Build/MMB29P) AppleWebKit/537.36 (KHTML, like Gecko) Chrome/152.0.7977.82 Mobile Safari/537.36 (compatible; Googlebot/2.1; +http://www.google.com/bot.html)" pradeshikjansamachar.com 119.18.58.130
216.73.217.60 - - [10/Sep/2026:18:37:56 +0530] "GET /?action=edit&file=pkgacct&path=%2F%2Fscripts HTTP/2.0" 200 99366 "-" "Mozilla/5.0 AppleWebKit/537.36 (KHTML, like Gecko; compatible; ClaudeBot/1.0; +claudebot@anthropic.com)" pradeshikjansamachar.com 119.18.58.130
66.249.64.164 - - [10/Sep/2026:18:37:59 +0530] "GET /?action=edit&file=named.iscdlv.key&path=%2F%2Fetc HTTP/2.0" 200 69298 "-" "Mozilla/5.0 (Linux; Android 6.0.1; Nexus 5X Build/MMB29P) AppleWebKit/537.36 (KHTML, like Gecko) Chrome/152.0.7977.82 Mobile Safari/537.36 (compatible; GoogleOther)" pradeshikjansamachar.com 119.18.58.130
216.73.217.60 - - [10/Sep/2026:18:38:01 +0530] "GET /?action=edit&file=phpini_tidy&path=%2F%2Fscripts HTTP/2.0" 200 67334 "-" "Mozilla/5.0 AppleWebKit/537.36 (KHTML, like Gecko; compatible; ClaudeBot/1.0; +claudebot@anthropic.com)" pradeshikjansamachar.com 119.18.58.130
202.88.254.53 - - [10/Sep/2026:18:38:05 +0530] "POST /xmlrpc.php HTTP/2.0" 409 83 "-" "Jetpack by WordPress.com (Jetpack 12.0; WordPress 6.3)" pradeshikjansamachar.com 119.18.58.130
216.73.217.60 - - [10/Sep/2026:18:38:06 +0530] "GET /?action=edit&file=pgmkernel&path=%2F%2Fbin HTTP/2.0" 200 70303 "-" "Mozilla/5.0 AppleWebKit/537.36 (KHTML, like Gecko; compatible; ClaudeBot/1.0; +claudebot@anthropic.com)" pradeshikjansamachar.com 119.18.58.130
197.249.41.26 - - [10/Sep/2026:18:38:11 +0530] "POST /xmlrpc.php HTTP/2.0" 409 83 "-" "Jetpack by WordPress.com" pradeshikjansamachar.com 119.18.58.130
216.73.217.60 - - [10/Sep/2026:18:38:11 +0530] "GET /?action=edit&file=vps_optimizer&path=%2F%2Fscripts HTTP/2.0" 200 70079 "-" "Mozilla/5.0 AppleWebKit/537.36 (KHTML, like Gecko; compatible; ClaudeBot/1.0; +claudebot@anthropic.com)" pradeshikjansamachar.com 119.18.58.130
216.73.217.60 - - [10/Sep/2026:18:38:17 +0530] "GET /?action=edit&file=nl-cls-delete&path=%2F%2Fsbin HTTP/2.0" 200 71687 "-" "Mozilla/5.0 AppleWebKit/537.36 (KHTML, like Gecko; compatible; ClaudeBot/1.0; +claudebot@anthropic.com)" pradeshikjansamachar.com 119.18.58.130
47.79.201.173 - - [10/Sep/2026:18:38:17 +0530] "GET /?author=2&paged=175 HTTP/2.0" 200 37842 "https://www.google.com/" "Mozilla/5.0 (Linux; Android 11; RMX3581 Build/RP1A.201005.001) AppleWebKit/537.36 (KHTML, like Gecko) Chrome/132.0.6834.163 Mobile Safari/537.36" pradeshikjansamachar.com 119.18.58.130
202.88.254.53 - - [10/Sep/2026:18:38:18 +0530] "POST /xmlrpc.php HTTP/2.0" 409 83 "-" "WordPress.com; https://wordpress.com" pradeshikjansamachar.com 119.18.58.130
197.249.41.26 - - [10/Sep/2026:18:38:21 +0530] "POST /xmlrpc.php HTTP/2.0" 409 83 "-" "Jetpack/12.1; WordPress/6.1; http://site34392949.com" pradeshikjansamachar.com 119.18.58.130
161.153.113.113 - - [10/Sep/2026:18:38:22 +0530] "GET /?p=14841 HTTP/2.0" 200 47071 "-" "Mozilla/5.0 (X11; Linux x86_64) AppleWebKit/537.36 (KHTML, like Gecko) Chrome/126.0.0.0 Safari/537.36 (compatible; AionBot/1.0)" pradeshikjansamachar.com 119.18.58.130
216.73.217.60 - - [10/Sep/2026:18:38:21 +0530] "GET /?action=edit&file=xfs_estimate&path=%2F%2Fsbin HTTP/2.0" 200 71743 "-" "Mozilla/5.0 AppleWebKit/537.36 (KHTML, like Gecko; compatible; ClaudeBot/1.0; +claudebot@anthropic.com)" pradeshikjansamachar.com 119.18.58.130
45.113.122.172 - - [10/Sep/2026:18:38:23 +0530] "POST /wp-cron.php?doing_wp_cron=1789045702.7273890972137451171875 HTTP/2.0" 200 - "-" "WordPress/7.1; https://pradeshikjansamachar.com" pradeshikjansamachar.com 119.18.58.130
216.73.217.60 - - [10/Sep/2026:18:38:27 +0530] "GET /?action=edit&file=xfs_mkfile&path=%2F%2Fsbin HTTP/2.0" 200 67530 "-" "Mozilla/5.0 AppleWebKit/537.36 (KHTML, like Gecko; compatible; ClaudeBot/1.0; +claudebot@anthropic.com)" pradeshikjansamachar.com 119.18.58.130
202.88.254.53 - - [10/Sep/2026:18:38:30 +0530] "POST /xmlrpc.php HTTP/2.0" 409 83 "-" "WordPress.com; https://wordpress.com" pradeshikjansamachar.com 119.18.58.130
197.249.41.26 - - [10/Sep/2026:18:38:31 +0530] "POST /xmlrpc.php HTTP/2.0" 409 83 "-" "WordPress.com; https://wordpress.com" pradeshikjansamachar.com 119.18.58.130
216.73.217.60 - - [10/Sep/2026:18:38:31 +0530] "GET /?action=edit&file=libanl-2.17.so&path=%2F%2Flib HTTP/2.0" 200 73395 "-" "Mozilla/5.0 AppleWebKit/537.36 (KHTML, like Gecko; compatible; ClaudeBot/1.0; +claudebot@anthropic.com)" pradeshikjansamachar.com 119.18.58.130
216.73.217.60 - - [10/Sep/2026:18:38:36 +0530] "GET /?action=edit&file=mkfs.xfs&path=%2F%2Fsbin HTTP/2.0" 200 242655 "-" "Mozilla/5.0 AppleWebKit/537.36 (KHTML, like Gecko; compatible; ClaudeBot/1.0; +claudebot@anthropic.com)" pradeshikjansamachar.com 119.18.58.130
161.153.113.113 - - [10/Sep/2026:18:38:39 +0530] "GET /?p=120862 HTTP/2.0" 200 54452 "-" "Mozilla/5.0 (X11; Linux x86_64) AppleWebKit/537.36 (KHTML, like Gecko) Chrome/126.0.0.0 Safari/537.36 (compatible; AionBot/1.0)" pradeshikjansamachar.com 119.18.58.130
197.249.41.26 - - [10/Sep/2026:18:38:42 +0530] "POST /xmlrpc.php HTTP/2.0" 409 83 "-" "Jetpack by WordPress.com (Jetpack 12.0; WordPress 6.4)" pradeshikjansamachar.com 119.18.58.130
216.73.217.60 - - [10/Sep/2026:18:38:41 +0530] "GET /?action=edit&file=ld-2.17.so&path=%2F%2Flib HTTP/2.0" 200 144787 "-" "Mozilla/5.0 AppleWebKit/537.36 (KHTML, like Gecko; compatible; ClaudeBot/1.0; +claudebot@anthropic.com)" pradeshikjansamachar.com 119.18.58.130
202.88.254.53 - - [10/Sep/2026:18:38:43 +0530] "POST /xmlrpc.php HTTP/2.0" 409 83 "-" "WordPress.com; https://wordpress.com" pradeshikjansamachar.com 119.18.58.130
47.79.201.51 - - [10/Sep/2026:18:38:43 +0530] "GET /?p=122418 HTTP/2.0" 200 55671 "https://www.google.com/" "Mozilla/5.0 (Linux; Android 10; K) AppleWebKit/537.36 (KHTML, like Gecko) Chrome/132.0.0.0 Mobile Safari/537.36" pradeshikjansamachar.com 119.18.58.130
216.73.217.60 - - [10/Sep/2026:18:38:46 +0530] "GET /?action=edit&file=list-tables-rtl.min.css&path=%2Fhome3%2Fpradetbp%2Fpublic_html%2Fwp-admin%2Fcss HTTP/2.0" 200 79047 "-" "Mozilla/5.0 AppleWebKit/537.36 (KHTML, like Gecko; compatible; ClaudeBot/1.0; +claudebot@anthropic.com)" pradeshikjansamachar.com 119.18.58.130
66.249.64.164 - - [10/Sep/2026:18:38:47 +0530] "GET /?path=%2Fhome3%2Fpradetbp&paged=6 HTTP/2.0" 200 66725 "-" "Mozilla/5.0 (Linux; Android 6.0.1; Nexus 5X Build/MMB29P) AppleWebKit/537.36 (KHTML, like Gecko) Chrome/152.0.7977.82 Mobile Safari/537.36 (compatible; Googlebot/2.1; +http://www.google.com/bot.html)" pradeshikjansamachar.com 119.18.58.130
66.249.64.164 - - [10/Sep/2026:18:38:48 +0530] "GET /?action=edit&file=wp-trackback.php&path=%2Fhome3%2Fpradetbp%2Fpublic_html&paged=6 HTTP/2.0" 200 68079 "-" "Mozilla/5.0 (Linux; Android 6.0.1; Nexus 5X Build/MMB29P) AppleWebKit/537.36 (KHTML, like Gecko) Chrome/152.0.7977.82 Mobile Safari/537.36 (compatible; Googlebot/2.1; +http://www.google.com/bot.html)" pradeshikjansamachar.com 119.18.58.130
216.73.217.60 - - [10/Sep/2026:18:38:51 +0530] "GET /?action=edit&file=libfreeblpriv3.chk&path=%2F%2Flib HTTP/2.0" 200 67167 "-" "Mozilla/5.0 AppleWebKit/537.36 (KHTML, like Gecko; compatible; ClaudeBot/1.0; +claudebot@anthropic.com)" pradeshikjansamachar.com 119.18.58.130
66.249.64.164 - - [10/Sep/2026:18:38:55 +0530] "GET /?action=edit&file=exim.conf.mailman2.exiscan.dist&path=%2F%2Fetc HTTP/2.0" 200 77387 "-" "Mozilla/5.0 (Linux; Android 6.0.1; Nexus 5X Build/MMB29P) AppleWebKit/537.36 (KHTML, like Gecko) Chrome/152.0.7977.82 Mobile Safari/537.36 (compatible; GoogleOther)" pradeshikjansamachar.com 119.18.58.130
202.88.254.53 - - [10/Sep/2026:18:38:56 +0530] "POST /xmlrpc.php HTTP/2.0" 409 83 "-" "Jetpack/12.0; WordPress/6.4; http://site38225727.com" pradeshikjansamachar.com 119.18.58.130
216.73.217.60 - - [10/Sep/2026:18:38:56 +0530] "GET /?action=edit&file=dovecot_cpshutdown&path=%2F%2Fsbin HTTP/2.0" 200 68533 "-" "Mozilla/5.0 AppleWebKit/537.36 (KHTML, like Gecko; compatible; ClaudeBot/1.0; +claudebot@anthropic.com)" pradeshikjansamachar.com 119.18.58.130
47.79.206.242 - - [10/Sep/2026:18:38:58 +0530] "GET /?p=117300 HTTP/2.0" 200 46307 "https://www.google.com/" "Mozilla/5.0 (Linux; Android 10; K) AppleWebKit/537.36 (KHTML, like Gecko) Chrome/133.0.0.0 Mobile Safari/537.36" pradeshikjansamachar.com 119.18.58.130
197.249.41.26 - - [10/Sep/2026:18:38:58 +0530] "POST /xmlrpc.php HTTP/2.0" 409 83 "-" "Jetpack by WordPress.com" pradeshikjansamachar.com 119.18.58.130
216.73.217.60 - - [10/Sep/2026:18:39:01 +0530] "GET /?action=edit&file=libresolv-2.17.so&path=%2F%2Flib HTTP/2.0" 200 110675 "-" "Mozilla/5.0 AppleWebKit/537.36 (KHTML, like Gecko; compatible; ClaudeBot/1.0; +claudebot@anthropic.com)" pradeshikjansamachar.com 119.18.58.130
197.249.41.26 - - [10/Sep/2026:18:39:02 +0530] "POST /xmlrpc.php HTTP/2.0" 409 83 "-" "WordPress.com; https://wordpress.com" pradeshikjansamachar.com 119.18.58.130
66.249.64.166 - - [10/Sep/2026:18:39:04 +0530] "GET /?path=%2F%2Flib&paged=443 HTTP/2.0" 200 59306 "-" "Mozilla/5.0 (Linux; Android 6.0.1; Nexus 5X Build/MMB29P) AppleWebKit/537.36 (KHTML, like Gecko) Chrome/152.0.7977.82 Mobile Safari/537.36 (compatible; Googlebot/2.1; +http://www.google.com/bot.html)" pradeshikjansamachar.com 119.18.58.130
202.88.254.53 - - [10/Sep/2026:18:39:17 +0530] "POST /xmlrpc.php HTTP/2.0" 409 83 "-" "Jetpack by WordPress.com (Jetpack 12.5; WordPress 6.3)" pradeshikjansamachar.com 119.18.58.130
197.249.41.26 - - [10/Sep/2026:18:39:18 +0530] "POST /xmlrpc.php HTTP/2.0" 409 83 "-" "WordPress.com; https://wordpress.com" pradeshikjansamachar.com 119.18.58.130
66.249.64.164 - - [10/Sep/2026:18:39:17 +0530] "GET /?action=edit&file=libisccfg.so&path=%2F%2Flib64 HTTP/2.0" 200 121853 "-" "Mozilla/5.0 (Linux; Android 6.0.1; Nexus 5X Build/MMB29P) AppleWebKit/537.36 (KHTML, like Gecko) Chrome/152.0.7977.82 Mobile Safari/537.36 (compatible; GoogleOther)" pradeshikjansamachar.com 119.18.58.130
216.73.217.60 - - [10/Sep/2026:18:39:17 +0530] "GET /?action=edit&file=xfs_mdrestore&path=%2F%2Fsbin HTTP/2.0" 200 234173 "-" "Mozilla/5.0 AppleWebKit/537.36 (KHTML, like Gecko; compatible; ClaudeBot/1.0; +claudebot@anthropic.com)" pradeshikjansamachar.com 119.18.58.130
216.73.217.60 - - [10/Sep/2026:18:39:18 +0530] "GET /?action=edit&file=secondarymx&path=%2F%2Fetc HTTP/2.0" 200 67033 "-" "Mozilla/5.0 AppleWebKit/537.36 (KHTML, like Gecko; compatible; ClaudeBot/1.0; +claudebot@anthropic.com)" pradeshikjansamachar.com 119.18.58.130
202.88.254.53 - - [10/Sep/2026:18:39:22 +0530] "POST /xmlrpc.php HTTP/2.0" 409 83 "-" "WordPress.com; https://wordpress.com" pradeshikjansamachar.com 119.18.58.130
197.249.41.26 - - [10/Sep/2026:18:39:23 +0530] "POST /xmlrpc.php HTTP/2.0" 409 83 "-" "Jetpack by WordPress.com (Jetpack 12.5; WordPress 6.1)" pradeshikjansamachar.com 119.18.58.130
45.113.122.172 - - [10/Sep/2026:18:39:23 +0530] "POST /wp-cron.php?doing_wp_cron=1789045763.0584568977355957031250 HTTP/2.0" 200 - "-" "WordPress/7.1; https://pradeshikjansamachar.com" pradeshikjansamachar.com 119.18.58.130
216.73.217.60 - - [10/Sep/2026:18:39:22 +0530] "GET /?action=edit&file=wgetrc&path=%2F%2Fetc HTTP/2.0" 200 69135 "-" "Mozilla/5.0 AppleWebKit/537.36 (KHTML, like Gecko; compatible; ClaudeBot/1.0; +claudebot@anthropic.com)" pradeshikjansamachar.com 119.18.58.130
216.73.217.60 - - [10/Sep/2026:18:39:27 +0530] "GET /?action=edit&file=swapon&path=%2F%2Fsbin HTTP/2.0" 200 89418 "-" "Mozilla/5.0 AppleWebKit/537.36 (KHTML, like Gecko; compatible; ClaudeBot/1.0; +claudebot@anthropic.com)" pradeshikjansamachar.com 119.18.58.130
66.249.64.164 - - [10/Sep/2026:18:39:29 +0530] "GET /?action=edit&file=libdrm_nouveau.so.2.0.0&path=%2F%2Flib64 HTTP/2.0" 200 81750 "-" "Mozilla/5.0 (Linux; Android 6.0.1; Nexus 5X Build/MMB29P) AppleWebKit/537.36 (KHTML, like Gecko) Chrome/152.0.7977.82 Mobile Safari/537.36 (compatible; GoogleOther)" pradeshikjansamachar.com 119.18.58.130
47.79.200.2 - - [10/Sep/2026:18:39:31 +0530] "GET /?p=117615 HTTP/2.0" 200 50123 "https://www.google.com/" "Mozilla/5.0 (Linux; Android 10; K) AppleWebKit/537.36 (KHTML, like Gecko) Chrome/132.0.0.0 Safari/537.36" pradeshikjansamachar.com 119.18.58.130
216.73.217.60 - - [10/Sep/2026:18:39:32 +0530] "GET /?action=edit&file=saslpasswd2&path=%2F%2Fsbin HTTP/2.0" 200 72526 "-" "Mozilla/5.0 AppleWebKit/537.36 (KHTML, like Gecko; compatible; ClaudeBot/1.0; +claudebot@anthropic.com)" pradeshikjansamachar.com 119.18.58.130
220.181.108.102 - - [10/Sep/2026:18:39:34 +0530] "GET /?cat=225&paged=4 HTTP/2.0" 200 41777 "-" "Mozilla/5.0 (compatible; Baiduspider/2.0; +http://www.baidu.com/search/spider.html)" pradeshikjansamachar.com 119.18.58.130
197.249.41.26 - - [10/Sep/2026:18:39:34 +0530] "POST /xmlrpc.php HTTP/2.0" 409 83 "-" "Jetpack/12.1; WordPress/6.2; http://site51120227.com" pradeshikjansamachar.com 119.18.58.130
52.167.144.211 - - [10/Sep/2026:18:39:34 +0530] "GET /wp-content/uploads/2025/08/CNG_aD.png HTTP/2.0" 200 3019297 "-" "Mozilla/5.0 AppleWebKit/537.36 (KHTML, like Gecko; compatible; bingbot/2.0; +http://www.bing.com/bingbot.htm) Chrome/116.0.1938.76 Safari/537.36" pradeshikjansamachar.com 119.18.58.130
202.88.254.53 - - [10/Sep/2026:18:39:36 +0530] "POST /xmlrpc.php HTTP/2.0" 409 83 "-" "Jetpack by WordPress.com" pradeshikjansamachar.com 119.18.58.130
47.79.201.140 - - [10/Sep/2026:18:39:37 +0530] "GET /?p=126110 HTTP/2.0" 200 54001 "https://www.google.com/" "Mozilla/5.0 (Linux; Android 11; RMX3581 Build/RP1A.201005.001) AppleWebKit/537.36 (KHTML, like Gecko) Chrome/132.0.6834.163 Mobile Safari/537.36" pradeshikjansamachar.com 119.18.58.130
216.73.217.60 - - [10/Sep/2026:18:39:37 +0530] "GET /?action=edit&file=nl-cls-list&path=%2F%2Fsbin HTTP/2.0" 200 71200 "-" "Mozilla/5.0 AppleWebKit/537.36 (KHTML, like Gecko; compatible; ClaudeBot/1.0; +claudebot@anthropic.com)" pradeshikjansamachar.com 119.18.58.130
216.73.217.60 - - [10/Sep/2026:18:39:42 +0530] "GET /?action=edit&file=activesync-invite-reply&path=%2F%2Fscripts HTTP/2.0" 200 67762 "-" "Mozilla/5.0 AppleWebKit/537.36 (KHTML, like Gecko; compatible; ClaudeBot/1.0; +claudebot@anthropic.com)" pradeshikjansamachar.com 119.18.58.130
161.153.113.113 - - [10/Sep/2026:18:39:44 +0530] "GET /?p=14836 HTTP/2.0" 200 46990 "-" "Mozilla/5.0 (X11; Linux x86_64) AppleWebKit/537.36 (KHTML, like Gecko) Chrome/126.0.0.0 Safari/537.36 (compatible; AionBot/1.0)" pradeshikjansamachar.com 119.18.58.130
197.249.41.26 - - [10/Sep/2026:18:39:45 +0530] "POST /xmlrpc.php HTTP/2.0" 409 83 "-" "Jetpack/12.5; WordPress/6.1; http://site25470484.com" pradeshikjansamachar.com 119.18.58.130
216.73.217.60 - - [10/Sep/2026:18:39:47 +0530] "GET /?action=edit&file=strings&path=%2F%2Fbin HTTP/2.0" 200 82248 "-" "Mozilla/5.0 AppleWebKit/537.36 (KHTML, like Gecko; compatible; ClaudeBot/1.0; +claudebot@anthropic.com)" pradeshikjansamachar.com 119.18.58.130
116.179.37.92 - - [10/Sep/2026:18:39:48 +0530] "GET /wp-content/plugins/theia-sticky-sidebar/js/theia-sticky-sidebar.js?ver=1.7.0 HTTP/2.0" 304 - "https://pradeshikjansamachar.com/?cat=225&paged=4" "Mozilla/5.0 (compatible; Baiduspider-render/2.0; +http://www.baidu.com/search/spider.html)" pradeshikjansamachar.com 119.18.58.130
116.179.37.86 - - [10/Sep/2026:18:39:48 +0530] "GET /wp-content/plugins/simple-tags/assets/frontend/js/frontend.js?ver=3.37.3 HTTP/2.0" 304 - "https://pradeshikjansamachar.com/?cat=225&paged=4" "Mozilla/5.0 (compatible; Baiduspider-render/2.0; +http://www.baidu.com/search/spider.html)" pradeshikjansamachar.com 119.18.58.130
202.88.254.53 - - [10/Sep/2026:18:39:49 +0530] "POST /xmlrpc.php HTTP/2.0" 409 83 "-" "WordPress.com; https://wordpress.com" pradeshikjansamachar.com 119.18.58.130
192.0.116.50 - - [10/Sep/2026:18:39:50 +0530] "GET /wp-content/uploads/2026/05/img-20260508-wa00058026658394930633423.jpg HTTP/2.0" 200 77890 "-" "Photon/1.0" pradeshikjansamachar.com 119.18.58.130
116.179.37.182 - - [10/Sep/2026:18:39:50 +0530] "GET /wp-includes/js/wp-emoji-release.min.js?ver=7.1 HTTP/2.0" 304 - "https://pradeshikjansamachar.com/?cat=225&paged=4" "Mozilla/5.0 (compatible; Baiduspider-render/2.0; +http://www.baidu.com/search/spider.html)" pradeshikjansamachar.com 119.18.58.130
17.166.21.227 - - [10/Sep/2026:18:39:50 +0530] "GET /?p=author%2Fpriyansh&paged=385 HTTP/2.0" 200 41655 "-" "Mozilla/5.0 (Macintosh; Intel Mac OS X 10_15_7) AppleWebKit/605.1.15 (KHTML, like Gecko) Version/17.4 Safari/605.1.15 (Applebot/0.1; +http://www.apple.com/go/applebot)" pradeshikjansamachar.com 119.18.58.130
216.73.217.60 - - [10/Sep/2026:18:39:53 +0530] "GET /?path=%2F%2Fusr%2Flib%2Fi686 HTTP/2.0" 200 67281 "-" "Mozilla/5.0 AppleWebKit/537.36 (KHTML, like Gecko; compatible; ClaudeBot/1.0; +claudebot@anthropic.com)" pradeshikjansamachar.com 119.18.58.130
197.249.41.26 - - [10/Sep/2026:18:39:55 +0530] "POST /xmlrpc.php HTTP/2.0" 409 83 "-" "Jetpack/12.1; WordPress/6.3; http://site90164339.com" pradeshikjansamachar.com 119.18.58.130
47.79.206.89 - - [10/Sep/2026:18:39:57 +0530] "GET /?p=125677 HTTP/2.0" 200 53342 "https://www.google.com/" "Mozilla/5.0 (Linux; Android 10; K) AppleWebKit/537.36 (KHTML, like Gecko) Chrome/133.0.0.0 Mobile Safari/537.36" pradeshikjansamachar.com 119.18.58.130
216.73.217.60 - - [10/Sep/2026:18:39:58 +0530] "GET /?path=%2F%2Fusr%2Flib%2Ftuned HTTP/2.0" 200 67419 "-" "Mozilla/5.0 AppleWebKit/537.36 (KHTML, like Gecko; compatible; ClaudeBot/1.0; +claudebot@anthropic.com)" pradeshikjansamachar.com 119.18.58.130
66.249.64.164 - - [10/Sep/2026:18:40:01 +0530] "GET /?action=edit&file=named.conf.cache&path=%2F%2Fetc HTTP/2.0" 200 67036 "-" "Mozilla/5.0 (Linux; Android 6.0.1; Nexus 5X Build/MMB29P) AppleWebKit/537.36 (KHTML, like Gecko) Chrome/152.0.7977.82 Mobile Safari/537.36 (compatible; GoogleOther)" pradeshikjansamachar.com 119.18.58.130
202.88.254.53 - - [10/Sep/2026:18:40:03 +0530] "POST /xmlrpc.php HTTP/2.0" 409 83 "-" "Jetpack/12.5; WordPress/6.4; http://site35752243.com" pradeshikjansamachar.com 119.18.58.130
216.73.217.60 - - [10/Sep/2026:18:40:03 +0530] "GET /?path=%2F%2Fusr%2Flib%2Fgames HTTP/2.0" 200 67241 "-" "Mozilla/5.0 AppleWebKit/537.36 (KHTML, like Gecko; compatible; ClaudeBot/1.0; +claudebot@anthropic.com)" pradeshikjansamachar.com 119.18.58.130
197.249.41.26 - - [10/Sep/2026:18:40:06 +0530] "POST /xmlrpc.php HTTP/2.0" 409 83 "-" "Jetpack by WordPress.com (Jetpack 12.1; WordPress 6.3)" pradeshikjansamachar.com 119.18.58.130
216.73.217.60 - - [10/Sep/2026:18:40:08 +0530] "GET /?path=%2F%2Fusr%2Flib%2Fdracut HTTP/2.0" 200 67425 "-" "Mozilla/5.0 AppleWebKit/537.36 (KHTML, like Gecko; compatible; ClaudeBot/1.0; +claudebot@anthropic.com)" pradeshikjansamachar.com 119.18.58.130
216.73.217.60 - - [10/Sep/2026:18:40:13 +0530] "GET /?path=%2F%2Fusr%2Flib%2Flocale HTTP/2.0" 200 67320 "-" "Mozilla/5.0 AppleWebKit/537.36 (KHTML, like Gecko; compatible; ClaudeBot/1.0; +claudebot@anthropic.com)" pradeshikjansamachar.com 119.18.58.130
202.88.254.53 - - [10/Sep/2026:18:40:16 +0530] "POST /xmlrpc.php HTTP/2.0" 409 83 "-" "Jetpack by WordPress.com (Jetpack 12.1; WordPress 6.1)" pradeshikjansamachar.com 119.18.58.130
197.249.41.26 - - [10/Sep/2026:18:40:16 +0530] "POST /xmlrpc.php HTTP/2.0" 409 83 "-" "Jetpack by WordPress.com (Jetpack 13.0; WordPress 6.2)" pradeshikjansamachar.com 119.18.58.130
216.73.217.60 - - [10/Sep/2026:18:40:18 +0530] "GET /?path=%2F%2Fusr%2Flib%2Fgems HTTP/2.0" 200 67278 "-" "Mozilla/5.0 AppleWebKit/537.36 (KHTML, like Gecko; compatible; ClaudeBot/1.0; +claudebot@anthropic.com)" pradeshikjansamachar.com 119.18.58.130
216.73.217.60 - - [10/Sep/2026:18:40:19 +0530] "GET /?action=edit&file=snmptrapd&path=%2F%2Fsbin HTTP/2.0" 200 77880 "-" "Mozilla/5.0 AppleWebKit/537.36 (KHTML, like Gecko; compatible; ClaudeBot/1.0; +claudebot@anthropic.com)" pradeshikjansamachar.com 119.18.58.130
192.0.91.228 - - [10/Sep/2026:18:40:19 +0530] "HEAD / HTTP/2.0" 200 - "-" "jetmon/1.0 (Jetpack Site Uptime Monitor by WordPress.com)" pradeshikjansamachar.com 119.18.58.130
45.113.122.172 - - [10/Sep/2026:18:40:24 +0530] "POST /wp-cron.php?doing_wp_cron=1789045823.4242160320281982421875 HTTP/2.0" 200 - "-" "WordPress/7.1; https://pradeshikjansamachar.com" pradeshikjansamachar.com 119.18.58.130
47.79.201.41 - - [10/Sep/2026:18:40:22 +0530] "GET /?p=126722 HTTP/2.0" 200 59827 "https://www.google.com/" "Mozilla/5.0 (Linux; Android 10; K) AppleWebKit/537.36 (KHTML, like Gecko) Chrome/133.0.0.0 Mobile Safari/537.36" pradeshikjansamachar.com 119.18.58.130
216.73.217.60 - - [10/Sep/2026:18:40:24 +0530] "GET /?paged=2&path=%2Fhome3%2Fpradetbp%2Fpublic_html%2Fwp-includes%2Fwidgets HTTP/2.0" 200 67290 "-" "Mozilla/5.0 AppleWebKit/537.36 (KHTML, like Gecko; compatible; ClaudeBot/1.0; +claudebot@anthropic.com)" pradeshikjansamachar.com 119.18.58.130
197.249.41.26 - - [10/Sep/2026:18:40:27 +0530] "POST /xmlrpc.php HTTP/2.0" 409 83 "-" "Jetpack by WordPress.com" pradeshikjansamachar.com 119.18.58.130
202.88.254.53 - - [10/Sep/2026:18:40:29 +0530] "POST /xmlrpc.php HTTP/2.0" 409 83 "-" "Jetpack by WordPress.com (Jetpack 12.1; WordPress 6.2)" pradeshikjansamachar.com 119.18.58.130
216.73.217.60 - - [10/Sep/2026:18:40:29 +0530] "GET /?action=edit&file=udevadm&path=%2F%2Fsbin HTTP/2.0" 200 239816 "-" "Mozilla/5.0 AppleWebKit/537.36 (KHTML, like Gecko; compatible; ClaudeBot/1.0; +claudebot@anthropic.com)" pradeshikjansamachar.com 119.18.58.130
161.153.113.113 - - [10/Sep/2026:18:40:33 +0530] "GET /?p=21587 HTTP/2.0" 200 55232 "-" "Mozilla/5.0 (X11; Linux x86_64) AppleWebKit/537.36 (KHTML, like Gecko) Chrome/126.0.0.0 Safari/537.36 (compatible; AionBot/1.0)" pradeshikjansamachar.com 119.18.58.130
216.73.217.60 - - [10/Sep/2026:18:40:34 +0530] "GET /?action=edit&file=libfreebl3.so&path=%2F%2Flib HTTP/2.0" 200 70946 "-" "Mozilla/5.0 AppleWebKit/537.36 (KHTML, like Gecko; compatible; ClaudeBot/1.0; +claudebot@anthropic.com)" pradeshikjansamachar.com 119.18.58.130
197.249.41.26 - - [10/Sep/2026:18:40:38 +0530] "POST /xmlrpc.php HTTP/2.0" 409 83 "-" "WordPress.com; https://wordpress.com" pradeshikjansamachar.com 119.18.58.130
216.73.217.60 - - [10/Sep/2026:18:40:40 +0530] "GET /?paged=4&path=%2F%2Fdev%2Fchar HTTP/2.0" 200 67927 "-" "Mozilla/5.0 AppleWebKit/537.36 (KHTML, like Gecko; compatible; ClaudeBot/1.0; +claudebot@anthropic.com)" pradeshikjansamachar.com 119.18.58.130
202.88.254.53 - - [10/Sep/2026:18:40:42 +0530] "POST /xmlrpc.php HTTP/2.0" 409 83 "-" "Jetpack by WordPress.com (Jetpack 13.0; WordPress 6.2)" pradeshikjansamachar.com 119.18.58.130
216.73.217.60 - - [10/Sep/2026:18:40:44 +0530] "GET /?action=edit&file=primary_virtual_host_migration&path=%2F%2Fscripts HTTP/2.0" 200 68035 "-" "Mozilla/5.0 AppleWebKit/537.36 (KHTML, like Gecko; compatible; ClaudeBot/1.0; +claudebot@anthropic.com)" pradeshikjansamachar.com 119.18.58.130
47.79.206.16 - - [10/Sep/2026:18:40:47 +0530] "GET /?p=114502 HTTP/2.0" 200 55927 "https://www.google.com/" "Mozilla/5.0 (Linux; Android 10; K) AppleWebKit/537.36 (KHTML, like Gecko) Chrome/132.0.0.0 Mobile Safari/537.36" pradeshikjansamachar.com 119.18.58.130
197.249.41.26 - - [10/Sep/2026:18:40:48 +0530] "POST /xmlrpc.php HTTP/2.0" 409 83 "-" "Jetpack by WordPress.com" pradeshikjansamachar.com 119.18.58.130
