216.73.217.60 - - [10/Sep/2026:20:59:00 +0530] "GET /?path=%2F%2Fusr%2Finclude%2Fquota HTTP/2.0" 200 67302 "-" "Mozilla/5.0 AppleWebKit/537.36 (KHTML, like Gecko; compatible; ClaudeBot/1.0; +claudebot@anthropic.com)" pradeshikjansamachar.com 119.18.58.130
66.249.64.160 - - [10/Sep/2026:20:59:01 +0530] "GET /?action=edit&file=libnsl.so&path=%2F%2Flib64 HTTP/2.0" 200 112096 "-" "Mozilla/5.0 (Linux; Android 6.0.1; Nexus 5X Build/MMB29P) AppleWebKit/537.36 (KHTML, like Gecko) Chrome/152.0.7977.82 Mobile Safari/537.36 (compatible; Googlebot/2.1; +http://www.google.com/bot.html)" pradeshikjansamachar.com 119.18.58.130
216.73.217.60 - - [10/Sep/2026:20:59:03 +0530] "GET /?path=%2F%2Fsys%2Fmodule%2Fip_set_hash_ip HTTP/2.0" 200 67410 "-" "Mozilla/5.0 AppleWebKit/537.36 (KHTML, like Gecko; compatible; ClaudeBot/1.0; +claudebot@anthropic.com)" pradeshikjansamachar.com 119.18.58.130
66.249.64.160 - - [10/Sep/2026:20:59:04 +0530] "GET /?action=edit&file=email_accounts.json.lock-289adb66281b3-c4b5828b-289a8&path=%2Fhome3%2Fpradetbp%2F.cpanel HTTP/2.0" 200 67136 "-" "Mozilla/5.0 (Linux; Android 6.0.1; Nexus 5X Build/MMB29P) AppleWebKit/537.36 (KHTML, like Gecko) Chrome/152.0.7977.82 Mobile Safari/537.36 (compatible; Googlebot/2.1; +http://www.google.com/bot.html)" pradeshikjansamachar.com 119.18.58.130
216.73.217.60 - - [10/Sep/2026:20:59:06 +0530] "GET /?paged=3&path=%2F%2Fdev%2Finput HTTP/2.0" 200 67205 "-" "Mozilla/5.0 AppleWebKit/537.36 (KHTML, like Gecko; compatible; ClaudeBot/1.0; +claudebot@anthropic.com)" pradeshikjansamachar.com 119.18.58.130
216.73.217.60 - - [10/Sep/2026:20:59:08 +0530] "GET /?path=%2F%2Fsys%2Fmodule%2Fnf_conntrack HTTP/2.0" 200 67417 "-" "Mozilla/5.0 AppleWebKit/537.36 (KHTML, like Gecko; compatible; ClaudeBot/1.0; +claudebot@anthropic.com)" pradeshikjansamachar.com 119.18.58.130
87.232.154.54 - - [10/Sep/2026:20:59:08 +0530] "GET /?p=22494 HTTP/2.0" 200 53100 "-" "Mozilla/5.0 (Macintosh; Intel Mac OS X 10_15_7) AppleWebKit/537.36 (KHTML, like Gecko) Chrome/149.0.0.0 Safari/537.36" pradeshikjansamachar.com 119.18.58.130
66.249.64.174 - - [10/Sep/2026:20:59:06 +0530] "GET /?path=%2F%2Fbackup1%2Fnon-user-mysql&paged=2 HTTP/2.0" 200 66852 "-" "Mozilla/5.0 (Linux; Android 6.0.1; Nexus 5X Build/MMB29P) AppleWebKit/537.36 (KHTML, like Gecko) Chrome/152.0.7977.82 Mobile Safari/537.36 (compatible; GoogleOther)" pradeshikjansamachar.com 119.18.58.130
66.249.64.173 - - [10/Sep/2026:20:59:22 +0530] "GET /wp-content/plugins/live-news/public/assets/js/momentjs/momentjs.js?ver=2.09 HTTP/2.0" 304 - "https://pradeshikjansamachar.com/?path=%2F%2Fbackup1%2Fnon-user-mysql&paged=2" "Mozilla/5.0 (Linux; Android 6.0.1; Nexus 5X Build/MMB29P) AppleWebKit/537.36 (KHTML, like Gecko) Chrome/152.0.7977.82 Mobile Safari/537.36 (compatible; GoogleOther)" pradeshikjansamachar.com 119.18.58.130
216.73.217.60 - - [10/Sep/2026:20:59:22 +0530] "GET /?paged=9&path=%2F%2Flib%2Fdebug HTTP/2.0" 200 66594 "-" "Mozilla/5.0 AppleWebKit/537.36 (KHTML, like Gecko; compatible; ClaudeBot/1.0; +claudebot@anthropic.com)" pradeshikjansamachar.com 119.18.58.130
45.113.122.172 - - [10/Sep/2026:20:59:26 +0530] "POST /wp-cron.php?doing_wp_cron=1789054164.9059178829193115234375 HTTP/2.0" 200 - "-" "WordPress/7.1; https://pradeshikjansamachar.com" pradeshikjansamachar.com 119.18.58.130
216.73.217.60 - - [10/Sep/2026:20:59:22 +0530] "GET /?paged=4&path=%2F%2Fdev%2Finput HTTP/2.0" 200 66836 "-" "Mozilla/5.0 AppleWebKit/537.36 (KHTML, like Gecko; compatible; ClaudeBot/1.0; +claudebot@anthropic.com)" pradeshikjansamachar.com 119.18.58.130
216.73.217.60 - - [10/Sep/2026:20:59:27 +0530] "GET /?action=edit&file=MirrorSearch_pingtest&path=%2F%2Fscripts HTTP/2.0" 200 67986 "-" "Mozilla/5.0 AppleWebKit/537.36 (KHTML, like Gecko; compatible; ClaudeBot/1.0; +claudebot@anthropic.com)" pradeshikjansamachar.com 119.18.58.130
216.73.217.60 - - [10/Sep/2026:20:59:29 +0530] "GET /?action=edit&file=proxydomains&path=%2F%2Fscripts HTTP/2.0" 200 70037 "-" "Mozilla/5.0 AppleWebKit/537.36 (KHTML, like Gecko; compatible; ClaudeBot/1.0; +claudebot@anthropic.com)" pradeshikjansamachar.com 119.18.58.130
216.73.217.60 - - [10/Sep/2026:20:59:32 +0530] "GET /?action=edit&file=listcheck&path=%2F%2Fscripts HTTP/2.0" 200 67271 "-" "Mozilla/5.0 AppleWebKit/537.36 (KHTML, like Gecko; compatible; ClaudeBot/1.0; +claudebot@anthropic.com)" pradeshikjansamachar.com 119.18.58.130
66.249.64.173 - - [10/Sep/2026:20:59:34 +0530] "GET /?action=edit&file=ipcheck&path=%2F%2Fscripts HTTP/2.0" 200 68725 "-" "Mozilla/5.0 (Linux; Android 6.0.1; Nexus 5X Build/MMB29P) AppleWebKit/537.36 (KHTML, like Gecko) Chrome/152.0.7977.82 Mobile Safari/537.36 (compatible; GoogleOther)" pradeshikjansamachar.com 119.18.58.130
216.73.217.60 - - [10/Sep/2026:20:59:34 +0530] "GET /?path=%2Fhome3%2Fpradetbp%2Fpublic_html%2Fwp-includes%2FRequests%2Fsrc%2FException%2FHttp HTTP/2.0" 200 67775 "-" "Mozilla/5.0 AppleWebKit/537.36 (KHTML, like Gecko; compatible; ClaudeBot/1.0; +claudebot@anthropic.com)" pradeshikjansamachar.com 119.18.58.130
216.73.217.60 - - [10/Sep/2026:20:59:37 +0530] "GET /?action=edit&file=rfkill&path=%2F%2Fdev HTTP/2.0" 200 67026 "-" "Mozilla/5.0 AppleWebKit/537.36 (KHTML, like Gecko; compatible; ClaudeBot/1.0; +claudebot@anthropic.com)" pradeshikjansamachar.com 119.18.58.130
216.73.217.60 - - [10/Sep/2026:20:59:39 +0530] "GET /?path=%2F%2Fproc%2F583675 HTTP/2.0" 200 67229 "-" "Mozilla/5.0 AppleWebKit/537.36 (KHTML, like Gecko; compatible; ClaudeBot/1.0; +claudebot@anthropic.com)" pradeshikjansamachar.com 119.18.58.130
216.73.217.60 - - [10/Sep/2026:20:59:42 +0530] "GET /?path=%2F%2Fusr%2Flib%2Fyum-plugins HTTP/2.0" 200 67403 "-" "Mozilla/5.0 AppleWebKit/537.36 (KHTML, like Gecko; compatible; ClaudeBot/1.0; +claudebot@anthropic.com)" pradeshikjansamachar.com 119.18.58.130
216.73.217.60 - - [10/Sep/2026:20:59:44 +0530] "GET /?action=edit&file=phpUo63PC&path=%2F%2Ftmp HTTP/2.0" 200 67035 "-" "Mozilla/5.0 AppleWebKit/537.36 (KHTML, like Gecko; compatible; ClaudeBot/1.0; +claudebot@anthropic.com)" pradeshikjansamachar.com 119.18.58.130
216.73.217.60 - - [10/Sep/2026:20:59:48 +0530] "GET /?action=edit&file=loop5&path=%2F%2Fdev HTTP/2.0" 200 67024 "-" "Mozilla/5.0 AppleWebKit/537.36 (KHTML, like Gecko; compatible; ClaudeBot/1.0; +claudebot@anthropic.com)" pradeshikjansamachar.com 119.18.58.130
216.73.217.60 - - [10/Sep/2026:20:59:50 +0530] "GET /?paged=6&path=%2F%2Fusr%2Fsec%2Fpatch HTTP/2.0" 200 66086 "-" "Mozilla/5.0 AppleWebKit/537.36 (KHTML, like Gecko; compatible; ClaudeBot/1.0; +claudebot@anthropic.com)" pradeshikjansamachar.com 119.18.58.130
216.73.217.60 - - [10/Sep/2026:20:59:53 +0530] "GET /?paged=6&path=%2F%2Fsys%2Fmodule HTTP/2.0" 200 67639 "-" "Mozilla/5.0 AppleWebKit/537.36 (KHTML, like Gecko; compatible; ClaudeBot/1.0; +claudebot@anthropic.com)" pradeshikjansamachar.com 119.18.58.130
216.73.217.60 - - [10/Sep/2026:20:59:56 +0530] "GET /?path=%2F%2Fusr%2Flib%2Ffontconfig HTTP/2.0" 200 67288 "-" "Mozilla/5.0 AppleWebKit/537.36 (KHTML, like Gecko; compatible; ClaudeBot/1.0; +claudebot@anthropic.com)" pradeshikjansamachar.com 119.18.58.130
216.73.217.60 - - [10/Sep/2026:20:59:58 +0530] "GET /?action=edit&file=sg_read_buffer&path=%2F%2Fbin HTTP/2.0" 200 72483 "-" "Mozilla/5.0 AppleWebKit/537.36 (KHTML, like Gecko; compatible; ClaudeBot/1.0; +claudebot@anthropic.com)" pradeshikjansamachar.com 119.18.58.130
66.249.64.173 - - [10/Sep/2026:20:59:56 +0530] "GET /?action=edit&file=iwlwifi-8265-34.ucode&path=%2F%2Flib%2Ffirmware HTTP/2.0" 200 959633 "-" "Mozilla/5.0 (Linux; Android 6.0.1; Nexus 5X Build/MMB29P) AppleWebKit/537.36 (KHTML, like Gecko) Chrome/152.0.7977.82 Mobile Safari/537.36 (compatible; GoogleOther)" pradeshikjansamachar.com 119.18.58.130
216.73.217.60 - - [10/Sep/2026:21:00:01 +0530] "GET /?action=edit&file=cpservice&path=%2F%2Fscripts HTTP/2.0" 200 68248 "-" "Mozilla/5.0 AppleWebKit/537.36 (KHTML, like Gecko; compatible; ClaudeBot/1.0; +claudebot@anthropic.com)" pradeshikjansamachar.com 119.18.58.130
216.73.217.60 - - [10/Sep/2026:21:00:06 +0530] "GET /?action=edit&file=check_cpanel_pkgs&path=%2F%2Fscripts HTTP/2.0" 200 71316 "-" "Mozilla/5.0 AppleWebKit/537.36 (KHTML, like Gecko; compatible; ClaudeBot/1.0; +claudebot@anthropic.com)" pradeshikjansamachar.com 119.18.58.130
216.73.217.60 - - [10/Sep/2026:21:00:11 +0530] "GET /?path=%2F%2Fusr%2Flib%2Frtkaio HTTP/2.0" 200 67339 "-" "Mozilla/5.0 AppleWebKit/537.36 (KHTML, like Gecko; compatible; ClaudeBot/1.0; +claudebot@anthropic.com)" pradeshikjansamachar.com 119.18.58.130
216.73.217.60 - - [10/Sep/2026:21:00:13 +0530] "GET /?paged=6&path=%2F%2Fusr%2Flib%2Fmodules-load.d HTTP/2.0" 200 66101 "-" "Mozilla/5.0 AppleWebKit/537.36 (KHTML, like Gecko; compatible; ClaudeBot/1.0; +claudebot@anthropic.com)" pradeshikjansamachar.com 119.18.58.130
66.249.64.173 - - [10/Sep/2026:21:00:15 +0530] "GET /wp-content/plugins/zox-alp//scripts/jquery.waypoints.min.js?ver=7.1 HTTP/2.0" 304 - "https://pradeshikjansamachar.com/?action=edit&file=iwlwifi-8265-34.ucode&path=%2F%2Flib%2Ffirmware" "Mozilla/5.0 (Linux; Android 6.0.1; Nexus 5X Build/MMB29P) AppleWebKit/537.36 (KHTML, like Gecko) Chrome/152.0.7977.82 Mobile Safari/537.36 (compatible; GoogleOther)" pradeshikjansamachar.com 119.18.58.130
216.73.217.60 - - [10/Sep/2026:21:00:16 +0530] "GET /?action=edit&file=batch&path=%2F%2Fbin HTTP/2.0" 200 67118 "-" "Mozilla/5.0 AppleWebKit/537.36 (KHTML, like Gecko; compatible; ClaudeBot/1.0; +claudebot@anthropic.com)" pradeshikjansamachar.com 119.18.58.130
216.73.217.60 - - [10/Sep/2026:21:00:18 +0530] "GET /?action=edit&file=termcap.h&path=%2F%2Fusr%2Finclude HTTP/2.0" 200 68373 "-" "Mozilla/5.0 AppleWebKit/537.36 (KHTML, like Gecko; compatible; ClaudeBot/1.0; +claudebot@anthropic.com)" pradeshikjansamachar.com 119.18.58.130
45.113.122.172 - - [10/Sep/2026:21:00:23 +0530] "POST /wp-cron.php?doing_wp_cron=1789054222.1732869148254394531250 HTTP/2.0" 200 - "-" "WordPress/7.1; https://pradeshikjansamachar.com" pradeshikjansamachar.com 119.18.58.130
216.73.217.60 - - [10/Sep/2026:21:00:21 +0530] "GET /?paged=441&path=%2F%2Fscripts%2Fcpan_sandbox HTTP/2.0" 200 57405 "-" "Mozilla/5.0 AppleWebKit/537.36 (KHTML, like Gecko; compatible; ClaudeBot/1.0; +claudebot@anthropic.com)" pradeshikjansamachar.com 119.18.58.130
216.73.217.60 - - [10/Sep/2026:21:00:23 +0530] "GET /?action=edit&file=paths.h&path=%2F%2Fusr%2Finclude HTTP/2.0" 200 68484 "-" "Mozilla/5.0 AppleWebKit/537.36 (KHTML, like Gecko; compatible; ClaudeBot/1.0; +claudebot@anthropic.com)" pradeshikjansamachar.com 119.18.58.130
192.0.91.228 - - [10/Sep/2026:21:00:24 +0530] "HEAD / HTTP/2.0" 200 - "-" "jetmon/1.0 (Jetpack Site Uptime Monitor by WordPress.com)" pradeshikjansamachar.com 119.18.58.130
216.73.217.60 - - [10/Sep/2026:21:00:26 +0530] "GET /?path=%2F%2Flib%2Ffirmware%2Fdabusb HTTP/2.0" 200 67335 "-" "Mozilla/5.0 AppleWebKit/537.36 (KHTML, like Gecko; compatible; ClaudeBot/1.0; +claudebot@anthropic.com)" pradeshikjansamachar.com 119.18.58.130
45.113.122.172 - - [10/Sep/2026:21:00:28 +0530] "POST /wp-cron.php?doing_wp_cron=1789054228.3260419368743896484375 HTTP/2.0" 200 - "-" "WordPress/7.1; https://pradeshikjansamachar.com" pradeshikjansamachar.com 119.18.58.130
66.249.64.173 - - [10/Sep/2026:21:00:21 +0530] "GET /?action=edit&file=libmysqlclient.so.20.3.10&path=%2F%2Flib64%2Fmysql HTTP/2.0" 200 1948192 "-" "Mozilla/5.0 (Linux; Android 6.0.1; Nexus 5X Build/MMB29P) AppleWebKit/537.36 (KHTML, like Gecko) Chrome/152.0.7977.82 Mobile Safari/537.36 (compatible; GoogleOther)" pradeshikjansamachar.com 119.18.58.130
216.73.217.60 - - [10/Sep/2026:21:00:28 +0530] "GET /?action=edit&file=tty4&path=%2F%2Fdev HTTP/2.0" 200 67023 "-" "Mozilla/5.0 AppleWebKit/537.36 (KHTML, like Gecko; compatible; ClaudeBot/1.0; +claudebot@anthropic.com)" pradeshikjansamachar.com 119.18.58.130
216.73.217.60 - - [10/Sep/2026:21:00:31 +0530] "GET /?action=edit&file=debugfs&path=%2F%2Fusr%2Fsbin HTTP/2.0" 200 118104 "-" "Mozilla/5.0 AppleWebKit/537.36 (KHTML, like Gecko; compatible; ClaudeBot/1.0; +claudebot@anthropic.com)" pradeshikjansamachar.com 119.18.58.130
216.73.217.60 - - [10/Sep/2026:21:00:34 +0530] "GET /?action=edit&file=tty6&path=%2F%2Fdev HTTP/2.0" 200 67023 "-" "Mozilla/5.0 AppleWebKit/537.36 (KHTML, like Gecko; compatible; ClaudeBot/1.0; +claudebot@anthropic.com)" pradeshikjansamachar.com 119.18.58.130
216.73.217.60 - - [10/Sep/2026:21:00:36 +0530] "GET /?path=%2F%2Flib%2Ffirmware%2Fadaptec HTTP/2.0" 200 67325 "-" "Mozilla/5.0 AppleWebKit/537.36 (KHTML, like Gecko; compatible; ClaudeBot/1.0; +claudebot@anthropic.com)" pradeshikjansamachar.com 119.18.58.130
216.73.217.60 - - [10/Sep/2026:21:00:39 +0530] "GET /?action=edit&file=tty33&path=%2F%2Fdev HTTP/2.0" 200 67024 "-" "Mozilla/5.0 AppleWebKit/537.36 (KHTML, like Gecko; compatible; ClaudeBot/1.0; +claudebot@anthropic.com)" pradeshikjansamachar.com 119.18.58.130
216.73.217.60 - - [10/Sep/2026:21:00:42 +0530] "GET /sitemap.xml HTTP/2.0" 404 358 "-" "Mozilla/5.0 AppleWebKit/537.36 (KHTML, like Gecko; compatible; ClaudeBot/1.0; +claudebot@anthropic.com)" pradeshikjansamachar.com 119.18.58.130
216.73.217.60 - - [10/Sep/2026:21:00:44 +0530] "GET /?path=%2F%2Flib%2Ffirmware%2Frockchip HTTP/2.0" 200 67312 "-" "Mozilla/5.0 AppleWebKit/537.36 (KHTML, like Gecko; compatible; ClaudeBot/1.0; +claudebot@anthropic.com)" pradeshikjansamachar.com 119.18.58.130
216.73.217.60 - - [10/Sep/2026:21:00:46 +0530] "GET /?paged=444&path=%2F%2Fscripts%2Fcpan_sandbox HTTP/2.0" 200 57776 "-" "Mozilla/5.0 AppleWebKit/537.36 (KHTML, like Gecko; compatible; ClaudeBot/1.0; +claudebot@anthropic.com)" pradeshikjansamachar.com 119.18.58.130
216.73.217.60 - - [10/Sep/2026:21:00:49 +0530] "GET /?action=edit&file=netdb.h&path=%2F%2Fusr%2Finclude HTTP/2.0" 200 76284 "-" "Mozilla/5.0 AppleWebKit/537.36 (KHTML, like Gecko; compatible; ClaudeBot/1.0; +claudebot@anthropic.com)" pradeshikjansamachar.com 119.18.58.130
66.249.64.170 - - [10/Sep/2026:21:00:49 +0530] "GET /?action=edit&file=iwlwifi-5000-2.ucode&path=%2F%2Flib%2Ffirmware HTTP/2.0" 200 241511 "-" "Mozilla/5.0 (Linux; Android 6.0.1; Nexus 5X Build/MMB29P) AppleWebKit/537.36 (KHTML, like Gecko) Chrome/152.0.7977.82 Mobile Safari/537.36 (compatible; GoogleOther)" pradeshikjansamachar.com 119.18.58.130
216.73.217.60 - - [10/Sep/2026:21:00:51 +0530] "GET /?path=%2F%2Flib%2Ffirmware%2Fqed HTTP/2.0" 200 67563 "-" "Mozilla/5.0 AppleWebKit/537.36 (KHTML, like Gecko; compatible; ClaudeBot/1.0; +claudebot@anthropic.com)" pradeshikjansamachar.com 119.18.58.130
216.73.217.60 - - [10/Sep/2026:21:00:54 +0530] "GET /?paged=3&path=%2F%2Flib%2Ffirmware%2Famdgpu HTTP/2.0" 200 71129 "-" "Mozilla/5.0 AppleWebKit/537.36 (KHTML, like Gecko; compatible; ClaudeBot/1.0; +claudebot@anthropic.com)" pradeshikjansamachar.com 119.18.58.130
216.73.217.60 - - [10/Sep/2026:21:00:56 +0530] "GET /?action=edit&file=elf.h&path=%2F%2Fusr%2Finclude HTTP/2.0" 200 107903 "-" "Mozilla/5.0 AppleWebKit/537.36 (KHTML, like Gecko; compatible; ClaudeBot/1.0; +claudebot@anthropic.com)" pradeshikjansamachar.com 119.18.58.130
17.166.151.167 - - [10/Sep/2026:21:00:57 +0530] "GET /wp-content/plugins/wp-user-profile-avatar/assets/css/frontend.min.css?ver=7.1 HTTP/2.0" 200 583 "https://pradeshikjansamachar.com/?paged=266" "Mozilla/5.0 (Macintosh; Intel Mac OS X 10_15_7) AppleWebKit/605.1.15 (KHTML, like Gecko) Version/17.4 Safari/605.1.15 (Applebot/0.1; +http://www.apple.com/go/applebot)" pradeshikjansamachar.com 119.18.58.130
17.166.151.167 - - [10/Sep/2026:21:00:59 +0530] "GET /wp-content/themes/zox-news/style.css?ver=7.1 HTTP/2.0" 200 33741 "https://pradeshikjansamachar.com/?paged=266" "Mozilla/5.0 (Macintosh; Intel Mac OS X 10_15_7) AppleWebKit/605.1.15 (KHTML, like Gecko) Version/17.4 Safari/605.1.15 (Applebot/0.1; +http://www.apple.com/go/applebot)" pradeshikjansamachar.com 119.18.58.130
216.73.217.60 - - [10/Sep/2026:21:00:59 +0530] "GET /?paged=444&path=%2F%2Fusr%2Flib%2Fmodules-load.d HTTP/2.0" 200 57738 "-" "Mozilla/5.0 AppleWebKit/537.36 (KHTML, like Gecko; compatible; ClaudeBot/1.0; +claudebot@anthropic.com)" pradeshikjansamachar.com 119.18.58.130
17.166.155.68 - - [10/Sep/2026:21:01:00 +0530] "GET /wp-content/plugins/theia-post-slider/assets/fonts/style.css?ver=2.1.3 HTTP/2.0" 200 771 "https://pradeshikjansamachar.com/?paged=266" "Mozilla/5.0 (Macintosh; Intel Mac OS X 10_15_7) AppleWebKit/605.1.15 (KHTML, like Gecko) Version/17.4 Safari/605.1.15 (Applebot/0.1; +http://www.apple.com/go/applebot)" pradeshikjansamachar.com 119.18.58.130
216.73.217.60 - - [10/Sep/2026:21:01:01 +0530] "GET /?action=edit&file=libgen.h&path=%2F%2Fusr%2Finclude HTTP/2.0" 200 67748 "-" "Mozilla/5.0 AppleWebKit/537.36 (KHTML, like Gecko; compatible; ClaudeBot/1.0; +claudebot@anthropic.com)" pradeshikjansamachar.com 119.18.58.130
17.166.155.68 - - [10/Sep/2026:21:01:02 +0530] "GET /wp-content/plugins/theia-post-slider/dist/css/font-theme.css?ver=2.1.3 HTTP/2.0" 200 1093 "https://pradeshikjansamachar.com/?paged=266" "Mozilla/5.0 (Macintosh; Intel Mac OS X 10_15_7) AppleWebKit/605.1.15 (KHTML, like Gecko) Version/17.4 Safari/605.1.15 (Applebot/0.1; +http://www.apple.com/go/applebot)" pradeshikjansamachar.com 119.18.58.130
17.166.151.167 - - [10/Sep/2026:21:01:02 +0530] "GET /wp-content/plugins/add-to-any/addtoany.min.css?ver=1.16 HTTP/2.0" 200 500 "https://pradeshikjansamachar.com/?paged=266" "Mozilla/5.0 (Macintosh; Intel Mac OS X 10_15_7) AppleWebKit/605.1.15 (KHTML, like Gecko) Version/17.4 Safari/605.1.15 (Applebot/0.1; +http://www.apple.com/go/applebot)" pradeshikjansamachar.com 119.18.58.130
17.166.151.167 - - [10/Sep/2026:21:01:04 +0530] "GET /wp-content/plugins/youtube-embed-plus/styles/ytprefs.min.css?ver=14.2.5 HTTP/2.0" 200 2181 "https://pradeshikjansamachar.com/?paged=266" "Mozilla/5.0 (Macintosh; Intel Mac OS X 10_15_7) AppleWebKit/605.1.15 (KHTML, like Gecko) Version/17.4 Safari/605.1.15 (Applebot/0.1; +http://www.apple.com/go/applebot)" pradeshikjansamachar.com 119.18.58.130
17.166.155.68 - - [10/Sep/2026:21:01:04 +0530] "GET /wp-content/plugins/live-news/public/assets/css/general.css?ver=2.09 HTTP/2.0" 200 1229 "https://pradeshikjansamachar.com/?paged=266" "Mozilla/5.0 (Macintosh; Intel Mac OS X 10_15_7) AppleWebKit/605.1.15 (KHTML, like Gecko) Version/17.4 Safari/605.1.15 (Applebot/0.1; +http://www.apple.com/go/applebot)" pradeshikjansamachar.com 119.18.58.130
216.73.217.60 - - [10/Sep/2026:21:01:04 +0530] "GET /?path=%2F%2Fusr%2Flib%2Ftuned%2Fdesktop HTTP/2.0" 200 67321 "-" "Mozilla/5.0 AppleWebKit/537.36 (KHTML, like Gecko; compatible; ClaudeBot/1.0; +claudebot@anthropic.com)" pradeshikjansamachar.com 119.18.58.130
17.166.155.68 - - [10/Sep/2026:21:01:06 +0530] "GET /wp-content/themes/zox-news/font-awesome/css/font-awesome.css?ver=7.1 HTTP/2.0" 200 7109 "https://pradeshikjansamachar.com/?paged=266" "Mozilla/5.0 (Macintosh; Intel Mac OS X 10_15_7) AppleWebKit/605.1.15 (KHTML, like Gecko) Version/17.4 Safari/605.1.15 (Applebot/0.1; +http://www.apple.com/go/applebot)" pradeshikjansamachar.com 119.18.58.130
17.166.151.167 - - [10/Sep/2026:21:01:06 +0530] "GET /wp-content/plugins/theia-post-slider/dist/js/async.min.js?ver=14.09.2014 HTTP/2.0" 200 3918 "https://pradeshikjansamachar.com/?paged=266" "Mozilla/5.0 (Macintosh; Intel Mac OS X 10_15_7) AppleWebKit/605.1.15 (KHTML, like Gecko) Version/17.4 Safari/605.1.15 (Applebot/0.1; +http://www.apple.com/go/applebot)" pradeshikjansamachar.com 119.18.58.130
216.73.217.60 - - [10/Sep/2026:21:01:06 +0530] "GET /?paged=4&path=%2F%2Flib%2Ffirmware%2Famdgpu HTTP/2.0" 200 70779 "-" "Mozilla/5.0 AppleWebKit/537.36 (KHTML, like Gecko; compatible; ClaudeBot/1.0; +claudebot@anthropic.com)" pradeshikjansamachar.com 119.18.58.130
17.166.151.167 - - [10/Sep/2026:21:01:09 +0530] "GET /wp-content/plugins/live-news/public/assets/js/general.js?ver=2.09 HTTP/2.0" 200 4537 "https://pradeshikjansamachar.com/?paged=266" "Mozilla/5.0 (Macintosh; Intel Mac OS X 10_15_7) AppleWebKit/605.1.15 (KHTML, like Gecko) Version/17.4 Safari/605.1.15 (Applebot/0.1; +http://www.apple.com/go/applebot)" pradeshikjansamachar.com 119.18.58.130
17.166.155.68 - - [10/Sep/2026:21:01:10 +0530] "GET /wp-content/plugins/theia-post-slider/dist/js/jquery.history.js?ver=1.7.1 HTTP/2.0" 200 8472 "https://pradeshikjansamachar.com/?paged=266" "Mozilla/5.0 (Macintosh; Intel Mac OS X 10_15_7) AppleWebKit/605.1.15 (KHTML, like Gecko) Version/17.4 Safari/605.1.15 (Applebot/0.1; +http://www.apple.com/go/applebot)" pradeshikjansamachar.com 119.18.58.130
216.73.217.60 - - [10/Sep/2026:21:01:09 +0530] "GET /?action=edit&file=swapip&path=%2F%2Fscripts HTTP/2.0" 200 68500 "-" "Mozilla/5.0 AppleWebKit/537.36 (KHTML, like Gecko; compatible; ClaudeBot/1.0; +claudebot@anthropic.com)" pradeshikjansamachar.com 119.18.58.130
17.166.151.167 - - [10/Sep/2026:21:01:10 +0530] "GET /wp-content/plugins/live-news/public/assets/js/momentjs/momentjs.js?ver=2.09 HTTP/2.0" 200 40888 "https://pradeshikjansamachar.com/?paged=266" "Mozilla/5.0 (Macintosh; Intel Mac OS X 10_15_7) AppleWebKit/605.1.15 (KHTML, like Gecko) Version/17.4 Safari/605.1.15 (Applebot/0.1; +http://www.apple.com/go/applebot)" pradeshikjansamachar.com 119.18.58.130
66.249.64.169 - - [10/Sep/2026:21:01:10 +0530] "GET /?action=edit&file=libnsl.so.1&path=%2F%2Flib HTTP/2.0" 200 114219 "-" "Mozilla/5.0 (Linux; Android 6.0.1; Nexus 5X Build/MMB29P) AppleWebKit/537.36 (KHTML, like Gecko) Chrome/152.0.7977.82 Mobile Safari/537.36 (compatible; Googlebot/2.1; +http://www.google.com/bot.html)" pradeshikjansamachar.com 119.18.58.130
17.166.155.68 - - [10/Sep/2026:21:01:12 +0530] "GET /wp-content/plugins/theia-post-slider/dist/js/tps.js?ver=2.1.3 HTTP/2.0" 200 10639 "https://pradeshikjansamachar.com/?paged=266" "Mozilla/5.0 (Macintosh; Intel Mac OS X 10_15_7) AppleWebKit/605.1.15 (KHTML, like Gecko) Version/17.4 Safari/605.1.15 (Applebot/0.1; +http://www.apple.com/go/applebot)" pradeshikjansamachar.com 119.18.58.130
216.73.217.60 - - [10/Sep/2026:21:01:11 +0530] "GET /?path=%2Fhome3%2Fpradetbp%2Fpublic_html%2Fwp-includes%2FText%2FDiff%2FEngine HTTP/2.0" 200 67437 "-" "Mozilla/5.0 AppleWebKit/537.36 (KHTML, like Gecko; compatible; ClaudeBot/1.0; +claudebot@anthropic.com)" pradeshikjansamachar.com 119.18.58.130
17.166.151.167 - - [10/Sep/2026:21:01:12 +0530] "GET /wp-content/plugins/simple-tags/assets/frontend/js/frontend.js?ver=3.37.3 HTTP/2.0" 200 346 "https://pradeshikjansamachar.com/?paged=266" "Mozilla/5.0 (Macintosh; Intel Mac OS X 10_15_7) AppleWebKit/605.1.15 (KHTML, like Gecko) Version/17.4 Safari/605.1.15 (Applebot/0.1; +http://www.apple.com/go/applebot)" pradeshikjansamachar.com 119.18.58.130
17.166.151.167 - - [10/Sep/2026:21:01:14 +0530] "GET /wp-content/plugins/youtube-embed-plus/scripts/ytprefs.min.js?ver=14.2.5 HTTP/2.0" 200 6609 "https://pradeshikjansamachar.com/?paged=266" "Mozilla/5.0 (Macintosh; Intel Mac OS X 10_15_7) AppleWebKit/605.1.15 (KHTML, like Gecko) Version/17.4 Safari/605.1.15 (Applebot/0.1; +http://www.apple.com/go/applebot)" pradeshikjansamachar.com 119.18.58.130
216.73.217.60 - - [10/Sep/2026:21:01:14 +0530] "GET /?path=%2F%2Flib%2Fudev%2Fhwdb.d HTTP/2.0" 200 67755 "-" "Mozilla/5.0 AppleWebKit/537.36 (KHTML, like Gecko; compatible; ClaudeBot/1.0; +claudebot@anthropic.com)" pradeshikjansamachar.com 119.18.58.130
66.249.64.167 - - [10/Sep/2026:21:01:14 +0530] "GET /?action=edit&file=filesystems&path=%2F%2Fetc HTTP/2.0" 200 67077 "-" "Mozilla/5.0 (Linux; Android 6.0.1; Nexus 5X Build/MMB29P) AppleWebKit/537.36 (KHTML, like Gecko) Chrome/152.0.7977.82 Mobile Safari/537.36 (compatible; GoogleOther)" pradeshikjansamachar.com 119.18.58.130
17.166.155.68 - - [10/Sep/2026:21:01:15 +0530] "GET /wp-content/plugins/theia-post-slider/dist/js/tps-transition-slide.js?ver=2.1.3 HTTP/2.0" 200 1048 "https://pradeshikjansamachar.com/?paged=266" "Mozilla/5.0 (Macintosh; Intel Mac OS X 10_15_7) AppleWebKit/605.1.15 (KHTML, like Gecko) Version/17.4 Safari/605.1.15 (Applebot/0.1; +http://www.apple.com/go/applebot)" pradeshikjansamachar.com 119.18.58.130
17.166.151.167 - - [10/Sep/2026:21:01:16 +0530] "GET /wp-content/plugins/theia-sticky-sidebar/js/ResizeSensor.js?ver=1.7.0 HTTP/2.0" 200 1687 "https://pradeshikjansamachar.com/?paged=266" "Mozilla/5.0 (Macintosh; Intel Mac OS X 10_15_7) AppleWebKit/605.1.15 (KHTML, like Gecko) Version/17.4 Safari/605.1.15 (Applebot/0.1; +http://www.apple.com/go/applebot)" pradeshikjansamachar.com 119.18.58.130
216.73.217.60 - - [10/Sep/2026:21:01:16 +0530] "GET /?action=edit&file=usbmon2&path=%2F%2Fdev HTTP/2.0" 200 67027 "-" "Mozilla/5.0 AppleWebKit/537.36 (KHTML, like Gecko; compatible; ClaudeBot/1.0; +claudebot@anthropic.com)" pradeshikjansamachar.com 119.18.58.130
17.166.151.167 - - [10/Sep/2026:21:01:18 +0530] "GET /wp-content/plugins/theia-sticky-sidebar/js/theia-sticky-sidebar.js?ver=1.7.0 HTTP/2.0" 200 4284 "https://pradeshikjansamachar.com/?paged=266" "Mozilla/5.0 (Macintosh; Intel Mac OS X 10_15_7) AppleWebKit/605.1.15 (KHTML, like Gecko) Version/17.4 Safari/605.1.15 (Applebot/0.1; +http://www.apple.com/go/applebot)" pradeshikjansamachar.com 119.18.58.130
216.73.217.60 - - [10/Sep/2026:21:01:19 +0530] "GET /?action=edit&file=lsm&path=%2F%2Fsys%2Fkernel%2Fsecurity HTTP/2.0" 200 67048 "-" "Mozilla/5.0 AppleWebKit/537.36 (KHTML, like Gecko; compatible; ClaudeBot/1.0; +claudebot@anthropic.com)" pradeshikjansamachar.com 119.18.58.130
17.166.151.167 - - [10/Sep/2026:21:01:20 +0530] "GET /wp-content/plugins/theia-sticky-sidebar/js/main.js?ver=1.7.0 HTTP/2.0" 200 194 "https://pradeshikjansamachar.com/?paged=266" "Mozilla/5.0 (Macintosh; Intel Mac OS X 10_15_7) AppleWebKit/605.1.15 (KHTML, like Gecko) Version/17.4 Safari/605.1.15 (Applebot/0.1; +http://www.apple.com/go/applebot)" pradeshikjansamachar.com 119.18.58.130
66.249.64.165 - - [10/Sep/2026:21:01:19 +0530] "GET /?action=edit&file=.bashrc&path=%2Fhome3%2Fpradetbp&paged=2 HTTP/2.0" 200 66710 "-" "Mozilla/5.0 (Linux; Android 6.0.1; Nexus 5X Build/MMB29P) AppleWebKit/537.36 (KHTML, like Gecko) Chrome/152.0.7977.82 Mobile Safari/537.36 (compatible; Googlebot/2.1; +http://www.google.com/bot.html)" pradeshikjansamachar.com 119.18.58.130
17.166.151.167 - - [10/Sep/2026:21:01:22 +0530] "GET /wp-content/plugins/zox-alp//scripts/jquery.sticky-kit.min.js?ver=7.1 HTTP/2.0" 200 1341 "https://pradeshikjansamachar.com/?paged=266" "Mozilla/5.0 (Macintosh; Intel Mac OS X 10_15_7) AppleWebKit/605.1.15 (KHTML, like Gecko) Version/17.4 Safari/605.1.15 (Applebot/0.1; +http://www.apple.com/go/applebot)" pradeshikjansamachar.com 119.18.58.130
216.73.217.60 - - [10/Sep/2026:21:01:21 +0530] "GET /?action=edit&file=tty14&path=%2F%2Fdev HTTP/2.0" 200 67025 "-" "Mozilla/5.0 AppleWebKit/537.36 (KHTML, like Gecko; compatible; ClaudeBot/1.0; +claudebot@anthropic.com)" pradeshikjansamachar.com 119.18.58.130
17.166.151.167 - - [10/Sep/2026:21:01:23 +0530] "GET /wp-content/plugins/zox-alp//scripts/jquery.waypoints.min.js?ver=7.1 HTTP/2.0" 200 3675 "https://pradeshikjansamachar.com/?paged=266" "Mozilla/5.0 (Macintosh; Intel Mac OS X 10_15_7) AppleWebKit/605.1.15 (KHTML, like Gecko) Version/17.4 Safari/605.1.15 (Applebot/0.1; +http://www.apple.com/go/applebot)" pradeshikjansamachar.com 119.18.58.130
17.166.151.167 - - [10/Sep/2026:21:01:25 +0530] "GET /wp-content/themes/zox-news/js/mvpcustom.js?ver=7.1 HTTP/2.0" 200 - "https://pradeshikjansamachar.com/?paged=266" "Mozilla/5.0 (Macintosh; Intel Mac OS X 10_15_7) AppleWebKit/605.1.15 (KHTML, like Gecko) Version/17.4 Safari/605.1.15 (Applebot/0.1; +http://www.apple.com/go/applebot)" pradeshikjansamachar.com 119.18.58.130
17.166.155.68 - - [10/Sep/2026:21:01:25 +0530] "GET /wp-content/plugins/add-to-any/addtoany.min.js?ver=1.1 HTTP/2.0" 200 126 "https://pradeshikjansamachar.com/?paged=266" "Mozilla/5.0 (Macintosh; Intel Mac OS X 10_15_7) AppleWebKit/605.1.15 (KHTML, like Gecko) Version/17.4 Safari/605.1.15 (Applebot/0.1; +http://www.apple.com/go/applebot)" pradeshikjansamachar.com 119.18.58.130
216.73.217.60 - - [10/Sep/2026:21:01:25 +0530] "GET /?paged=2&path=%2F%2Fetc%2Fopenldap HTTP/2.0" 200 66909 "-" "Mozilla/5.0 AppleWebKit/537.36 (KHTML, like Gecko; compatible; ClaudeBot/1.0; +claudebot@anthropic.com)" pradeshikjansamachar.com 119.18.58.130
216.73.217.60 - - [10/Sep/2026:21:01:27 +0530] "GET /?paged=15&path=%2F%2Fsrv HTTP/2.0" 200 67173 "-" "Mozilla/5.0 AppleWebKit/537.36 (KHTML, like Gecko; compatible; ClaudeBot/1.0; +claudebot@anthropic.com)" pradeshikjansamachar.com 119.18.58.130
17.166.151.167 - - [10/Sep/2026:21:01:29 +0530] "GET /wp-content/themes/zox-news/js/retina.js?ver=7.1 HTTP/2.0" 200 1298 "https://pradeshikjansamachar.com/?paged=266" "Mozilla/5.0 (Macintosh; Intel Mac OS X 10_15_7) AppleWebKit/605.1.15 (KHTML, like Gecko) Version/17.4 Safari/605.1.15 (Applebot/0.1; +http://www.apple.com/go/applebot)" pradeshikjansamachar.com 119.18.58.130
216.73.217.60 - - [10/Sep/2026:21:01:30 +0530] "GET /?action=edit&file=class-wp-theme-json-data.php&path=%2Fhome3%2Fpradetbp%2Fpublic_html%2Fwp-includes HTTP/2.0" 409 83 "-" "Mozilla/5.0 AppleWebKit/537.36 (KHTML, like Gecko; compatible; ClaudeBot/1.0; +claudebot@anthropic.com)" pradeshikjansamachar.com 119.18.58.130
17.166.151.167 - - [10/Sep/2026:21:01:31 +0530] "GET /wp-content/themes/zox-news/js/jquery.infinitescroll.min.js?ver=7.1 HTTP/2.0" 200 13079 "https://pradeshikjansamachar.com/?paged=266" "Mozilla/5.0 (Macintosh; Intel Mac OS X 10_15_7) AppleWebKit/605.1.15 (KHTML, like Gecko) Version/17.4 Safari/605.1.15 (Applebot/0.1; +http://www.apple.com/go/applebot)" pradeshikjansamachar.com 119.18.58.130
216.73.217.60 - - [10/Sep/2026:21:01:32 +0530] "GET /?paged=10&path=%2F%2Fvar HTTP/2.0" 200 66928 "-" "Mozilla/5.0 AppleWebKit/537.36 (KHTML, like Gecko; compatible; ClaudeBot/1.0; +claudebot@anthropic.com)" pradeshikjansamachar.com 119.18.58.130
17.166.155.68 - - [10/Sep/2026:21:01:34 +0530] "GET /wp-includes/js/wp-emoji-release.min.js?ver=7.1 HTTP/2.0" 200 5658 "https://pradeshikjansamachar.com/?paged=266" "Mozilla/5.0 (Macintosh; Intel Mac OS X 10_15_7) AppleWebKit/605.1.15 (KHTML, like Gecko) Version/17.4 Safari/605.1.15 (Applebot/0.1; +http://www.apple.com/go/applebot)" pradeshikjansamachar.com 119.18.58.130
216.73.217.60 - - [10/Sep/2026:21:01:35 +0530] "GET /?path=%2F%2Flib%2Ffirmware%2Fmrvl HTTP/2.0" 200 67558 "-" "Mozilla/5.0 AppleWebKit/537.36 (KHTML, like Gecko; compatible; ClaudeBot/1.0; +claudebot@anthropic.com)" pradeshikjansamachar.com 119.18.58.130
216.73.217.60 - - [10/Sep/2026:21:01:37 +0530] "GET /?paged=10&path=%2F%2Fsrv HTTP/2.0" 200 66651 "-" "Mozilla/5.0 AppleWebKit/537.36 (KHTML, like Gecko; compatible; ClaudeBot/1.0; +claudebot@anthropic.com)" pradeshikjansamachar.com 119.18.58.130
66.249.64.166 - - [10/Sep/2026:21:01:37 +0530] "GET /?action=edit&file=btrfs-zero-log&path=%2F%2Fsbin&paged=4 HTTP/2.0" 200 230784 "-" "Mozilla/5.0 (Linux; Android 6.0.1; Nexus 5X Build/MMB29P) AppleWebKit/537.36 (KHTML, like Gecko) Chrome/152.0.7977.82 Mobile Safari/537.36 (compatible; GoogleOther)" pradeshikjansamachar.com 119.18.58.130
216.73.217.60 - - [10/Sep/2026:21:01:40 +0530] "GET /?action=edit&file=nethogs&path=%2F%2Fsbin HTTP/2.0" 200 94896 "-" "Mozilla/5.0 AppleWebKit/537.36 (KHTML, like Gecko; compatible; ClaudeBot/1.0; +claudebot@anthropic.com)" pradeshikjansamachar.com 119.18.58.130
216.73.217.60 - - [10/Sep/2026:21:01:43 +0530] "GET /?action=edit&file=alloca.h&path=%2F%2Fusr%2Finclude HTTP/2.0" 200 67659 "-" "Mozilla/5.0 AppleWebKit/537.36 (KHTML, like Gecko; compatible; ClaudeBot/1.0; +claudebot@anthropic.com)" pradeshikjansamachar.com 119.18.58.130
216.73.217.60 - - [10/Sep/2026:21:01:45 +0530] "GET /?action=edit&file=tcpd.h&path=%2F%2Fusr%2Finclude HTTP/2.0" 200 71387 "-" "Mozilla/5.0 AppleWebKit/537.36 (KHTML, like Gecko; compatible; ClaudeBot/1.0; +claudebot@anthropic.com)" pradeshikjansamachar.com 119.18.58.130
216.73.217.60 - - [10/Sep/2026:21:01:47 +0530] "GET /?paged=10&path=%2F%2Fusr%2Flib HTTP/2.0" 200 67658 "-" "Mozilla/5.0 AppleWebKit/537.36 (KHTML, like Gecko; compatible; ClaudeBot/1.0; +claudebot@anthropic.com)" pradeshikjansamachar.com 119.18.58.130
216.73.217.60 - - [10/Sep/2026:21:01:50 +0530] "GET /?action=edit&file=pflags&path=%2F%2Fbin HTTP/2.0" 200 68146 "-" "Mozilla/5.0 AppleWebKit/537.36 (KHTML, like Gecko; compatible; ClaudeBot/1.0; +claudebot@anthropic.com)" pradeshikjansamachar.com 119.18.58.130
216.73.217.60 - - [10/Sep/2026:21:01:52 +0530] "GET /?action=edit&file=4%3A60&path=%2F%2Fdev%2Fchar HTTP/2.0" 200 67029 "-" "Mozilla/5.0 AppleWebKit/537.36 (KHTML, like Gecko; compatible; ClaudeBot/1.0; +claudebot@anthropic.com)" pradeshikjansamachar.com 119.18.58.130
216.73.217.60 - - [10/Sep/2026:21:01:55 +0530] "GET /?action=edit&file=4%3A58&path=%2F%2Fdev%2Fchar HTTP/2.0" 200 67029 "-" "Mozilla/5.0 AppleWebKit/537.36 (KHTML, like Gecko; compatible; ClaudeBot/1.0; +claudebot@anthropic.com)" pradeshikjansamachar.com 119.18.58.130
216.73.217.60 - - [10/Sep/2026:21:02:00 +0530] "GET /?action=edit&file=try-from&path=%2F%2Fusr%2Fsbin HTTP/2.0" 200 76462 "-" "Mozilla/5.0 AppleWebKit/537.36 (KHTML, like Gecko; compatible; ClaudeBot/1.0; +claudebot@anthropic.com)" pradeshikjansamachar.com 119.18.58.130
66.249.64.164 - - [10/Sep/2026:21:02:00 +0530] "GET /?action=edit&file=iwlwifi-7265-16.ucode&path=%2F%2Flib%2Ffirmware HTTP/2.0" 200 553882 "-" "Mozilla/5.0 (Linux; Android 6.0.1; Nexus 5X Build/MMB29P) AppleWebKit/537.36 (KHTML, like Gecko) Chrome/152.0.7977.82 Mobile Safari/537.36 (compatible; GoogleOther)" pradeshikjansamachar.com 119.18.58.130
216.73.217.60 - - [10/Sep/2026:21:02:01 +0530] "GET /?path=%2Fhome3%2Fpradetbp%2Fpublic_html%2Fwp-includes%2Fcss%2Fdist HTTP/2.0" 200 67610 "-" "Mozilla/5.0 AppleWebKit/537.36 (KHTML, like Gecko; compatible; ClaudeBot/1.0; +claudebot@anthropic.com)" pradeshikjansamachar.com 119.18.58.130
216.73.217.60 - - [10/Sep/2026:21:02:04 +0530] "GET /?action=edit&file=pre-grohtml&path=%2F%2Fbin HTTP/2.0" 200 106991 "-" "Mozilla/5.0 AppleWebKit/537.36 (KHTML, like Gecko; compatible; ClaudeBot/1.0; +claudebot@anthropic.com)" pradeshikjansamachar.com 119.18.58.130
216.73.217.60 - - [10/Sep/2026:21:02:07 +0530] "GET /?paged=5&path=%2F%2Fetc%2Fmail HTTP/2.0" 200 66934 "-" "Mozilla/5.0 AppleWebKit/537.36 (KHTML, like Gecko; compatible; ClaudeBot/1.0; +claudebot@anthropic.com)" pradeshikjansamachar.com 119.18.58.130
216.73.217.60 - - [10/Sep/2026:21:02:10 +0530] "GET /?paged=443&path=%2F%2Fetc%2FX11 HTTP/2.0" 200 58292 "-" "Mozilla/5.0 AppleWebKit/537.36 (KHTML, like Gecko; compatible; ClaudeBot/1.0; +claudebot@anthropic.com)" pradeshikjansamachar.com 119.18.58.130
216.73.217.60 - - [10/Sep/2026:21:02:12 +0530] "GET /?paged=6&path=%2F%2Fetc%2Fpm HTTP/2.0" 200 66132 "-" "Mozilla/5.0 AppleWebKit/537.36 (KHTML, like Gecko; compatible; ClaudeBot/1.0; +claudebot@anthropic.com)" pradeshikjansamachar.com 119.18.58.130
216.73.217.60 - - [10/Sep/2026:21:02:15 +0530] "GET /?paged=5&path=%2F%2Flib%2Fyum-plugins HTTP/2.0" 200 67056 "-" "Mozilla/5.0 AppleWebKit/537.36 (KHTML, like Gecko; compatible; ClaudeBot/1.0; +claudebot@anthropic.com)" pradeshikjansamachar.com 119.18.58.130
216.73.217.60 - - [10/Sep/2026:21:02:17 +0530] "GET /?paged=6&path=%2F%2Fetc%2Faudit HTTP/2.0" 200 66075 "-" "Mozilla/5.0 AppleWebKit/537.36 (KHTML, like Gecko; compatible; ClaudeBot/1.0; +claudebot@anthropic.com)" pradeshikjansamachar.com 119.18.58.130
216.73.217.60 - - [10/Sep/2026:21:02:20 +0530] "GET /?paged=3&path=%2F%2Flib%2Faudit HTTP/2.0" 200 67146 "-" "Mozilla/5.0 AppleWebKit/537.36 (KHTML, like Gecko; compatible; ClaudeBot/1.0; +claudebot@anthropic.com)" pradeshikjansamachar.com 119.18.58.130
216.73.217.60 - - [10/Sep/2026:21:02:22 +0530] "GET /?paged=2&path=%2F%2Fetc%2Flogrotate.d HTTP/2.0" 200 67431 "-" "Mozilla/5.0 AppleWebKit/537.36 (KHTML, like Gecko; compatible; ClaudeBot/1.0; +claudebot@anthropic.com)" pradeshikjansamachar.com 119.18.58.130
66.249.64.164 - - [10/Sep/2026:21:02:22 +0530] "GET /?action=edit&file=.libcrypto.so.10.hmac&path=%2F%2Flib64 HTTP/2.0" 200 67103 "-" "Mozilla/5.0 (Linux; Android 6.0.1; Nexus 5X Build/MMB29P) AppleWebKit/537.36 (KHTML, like Gecko) Chrome/152.0.7977.82 Mobile Safari/537.36 (compatible; GoogleOther)" pradeshikjansamachar.com 119.18.58.130
216.73.217.60 - - [10/Sep/2026:21:02:25 +0530] "GET /?paged=6&path=%2F%2Fetc%2Fsshd_client HTTP/2.0" 200 66080 "-" "Mozilla/5.0 AppleWebKit/537.36 (KHTML, like Gecko; compatible; ClaudeBot/1.0; +claudebot@anthropic.com)" pradeshikjansamachar.com 119.18.58.130
45.113.122.172 - - [10/Sep/2026:21:02:28 +0530] "POST /wp-cron.php?doing_wp_cron=1789054348.4244349002838134765625 HTTP/2.0" 200 - "-" "WordPress/7.1; https://pradeshikjansamachar.com" pradeshikjansamachar.com 119.18.58.130
216.73.217.60 - - [10/Sep/2026:21:02:27 +0530] "GET /?paged=2&path=%2F%2Fetc%2Fcron.weekly HTTP/2.0" 200 66840 "-" "Mozilla/5.0 AppleWebKit/537.36 (KHTML, like Gecko; compatible; ClaudeBot/1.0; +claudebot@anthropic.com)" pradeshikjansamachar.com 119.18.58.130
216.73.217.60 - - [10/Sep/2026:21:02:30 +0530] "GET /?paged=5&path=%2F%2Fetc%2Fdovecot HTTP/2.0" 200 67067 "-" "Mozilla/5.0 AppleWebKit/537.36 (KHTML, like Gecko; compatible; ClaudeBot/1.0; +claudebot@anthropic.com)" pradeshikjansamachar.com 119.18.58.130
216.73.217.60 - - [10/Sep/2026:21:02:32 +0530] "GET /?action=edit&file=users.php&path=%2Fhome3%2Fpradetbp%2Fpublic_html%2Fwp-admin%2Fnetwork HTTP/2.0" 409 83 "-" "Mozilla/5.0 AppleWebKit/537.36 (KHTML, like Gecko; compatible; ClaudeBot/1.0; +claudebot@anthropic.com)" pradeshikjansamachar.com 119.18.58.130
216.73.217.60 - - [10/Sep/2026:21:02:35 +0530] "GET /?path=%2F%2Flib%2Ffirmware%2Fmwlwifi HTTP/2.0" 200 67338 "-" "Mozilla/5.0 AppleWebKit/537.36 (KHTML, like Gecko; compatible; ClaudeBot/1.0; +claudebot@anthropic.com)" pradeshikjansamachar.com 119.18.58.130
66.249.64.164 - - [10/Sep/2026:21:02:38 +0530] "GET /wp-content/plugins/youtube-embed-plus/scripts/ytprefs.min.js?ver=14.2.5 HTTP/2.0" 304 - "https://pradeshikjansamachar.com/?action=edit&file=btrfs-zero-log&path=%2F%2Fsbin&paged=4" "Mozilla/5.0 (Linux; Android 6.0.1; Nexus 5X Build/MMB29P) AppleWebKit/537.36 (KHTML, like Gecko) Chrome/152.0.7977.82 Mobile Safari/537.36 (compatible; GoogleOther)" pradeshikjansamachar.com 119.18.58.130
216.73.217.60 - - [10/Sep/2026:21:02:40 +0530] "GET /?action=edit&file=sys-snap&path=%2F%2Fetc%2Fcron.d HTTP/2.0" 200 67060 "-" "Mozilla/5.0 AppleWebKit/537.36 (KHTML, like Gecko; compatible; ClaudeBot/1.0; +claudebot@anthropic.com)" pradeshikjansamachar.com 119.18.58.130
216.73.217.60 - - [10/Sep/2026:21:02:42 +0530] "GET /?paged=440&path=%2F%2Fvar%2Fhostgator HTTP/2.0" 200 58264 "-" "Mozilla/5.0 AppleWebKit/537.36 (KHTML, like Gecko; compatible; ClaudeBot/1.0; +claudebot@anthropic.com)" pradeshikjansamachar.com 119.18.58.130
216.73.217.60 - - [10/Sep/2026:21:02:45 +0530] "GET /?action=edit&file=ebtables-save&path=%2F%2Fsbin HTTP/2.0" 200 67487 "-" "Mozilla/5.0 AppleWebKit/537.36 (KHTML, like Gecko; compatible; ClaudeBot/1.0; +claudebot@anthropic.com)" pradeshikjansamachar.com 119.18.58.130
216.73.217.60 - - [10/Sep/2026:21:02:47 +0530] "GET /?action=edit&file=class-wp-upgrader.php&path=%2Fhome3%2Fpradetbp%2Fpublic_html%2Fwp-admin%2Fincludes HTTP/2.0" 409 83 "-" "Mozilla/5.0 AppleWebKit/537.36 (KHTML, like Gecko; compatible; ClaudeBot/1.0; +claudebot@anthropic.com)" pradeshikjansamachar.com 119.18.58.130
66.249.64.164 - - [10/Sep/2026:21:02:44 +0530] "GET /?action=edit&file=iwlwifi-8265-36.ucode&path=%2F%2Flib%2Ffirmware HTTP/2.0" 200 970048 "-" "Mozilla/5.0 (Linux; Android 6.0.1; Nexus 5X Build/MMB29P) AppleWebKit/537.36 (KHTML, like Gecko) Chrome/152.0.7977.82 Mobile Safari/537.36 (compatible; GoogleOther)" pradeshikjansamachar.com 119.18.58.130
216.73.217.60 - - [10/Sep/2026:21:02:50 +0530] "GET /?action=edit&file=fsck.ext3&path=%2F%2Fsbin HTTP/2.0" 200 179414 "-" "Mozilla/5.0 AppleWebKit/537.36 (KHTML, like Gecko; compatible; ClaudeBot/1.0; +claudebot@anthropic.com)" pradeshikjansamachar.com 119.18.58.130
216.73.217.60 - - [10/Sep/2026:21:02:52 +0530] "GET /?action=edit&file=augenrules&path=%2F%2Fsbin HTTP/2.0" 200 68611 "-" "Mozilla/5.0 AppleWebKit/537.36 (KHTML, like Gecko; compatible; ClaudeBot/1.0; +claudebot@anthropic.com)" pradeshikjansamachar.com 119.18.58.130
216.73.217.60 - - [10/Sep/2026:21:02:55 +0530] "GET /?action=edit&file=wp-tooltip-rtl.min.css&path=%2Fhome3%2Fpradetbp%2Fpublic_html%2Fwp-admin%2Fcss HTTP/2.0" 200 67802 "-" "Mozilla/5.0 AppleWebKit/537.36 (KHTML, like Gecko; compatible; ClaudeBot/1.0; +claudebot@anthropic.com)" pradeshikjansamachar.com 119.18.58.130
216.73.217.60 - - [10/Sep/2026:21:02:57 +0530] "GET /?action=edit&file=restorecon&path=%2F%2Fsbin HTTP/2.0" 200 77699 "-" "Mozilla/5.0 AppleWebKit/537.36 (KHTML, like Gecko; compatible; ClaudeBot/1.0; +claudebot@anthropic.com)" pradeshikjansamachar.com 119.18.58.130
216.73.217.60 - - [10/Sep/2026:21:03:00 +0530] "GET /?action=edit&file=edit-rtl.min.css&path=%2Fhome3%2Fpradetbp%2Fpublic_html%2Fwp-admin%2Fcss HTTP/2.0" 200 77187 "-" "Mozilla/5.0 AppleWebKit/537.36 (KHTML, like Gecko; compatible; ClaudeBot/1.0; +claudebot@anthropic.com)" pradeshikjansamachar.com 119.18.58.130
216.73.217.60 - - [10/Sep/2026:21:03:02 +0530] "GET /?action=edit&file=dump-utmp&path=%2F%2Fsbin HTTP/2.0" 200 73615 "-" "Mozilla/5.0 AppleWebKit/537.36 (KHTML, like Gecko; compatible; ClaudeBot/1.0; +claudebot@anthropic.com)" pradeshikjansamachar.com 119.18.58.130
216.73.217.60 - - [10/Sep/2026:21:03:05 +0530] "GET /?action=edit&file=sg_modes&path=%2F%2Fbin HTTP/2.0" 200 79619 "-" "Mozilla/5.0 AppleWebKit/537.36 (KHTML, like Gecko; compatible; ClaudeBot/1.0; +claudebot@anthropic.com)" pradeshikjansamachar.com 119.18.58.130
216.73.217.60 - - [10/Sep/2026:21:03:07 +0530] "GET /?action=edit&file=class-wp-user.php&path=%2Fhome3%2Fpradetbp%2Fpublic_html%2Fwp-includes HTTP/2.0" 409 83 "-" "Mozilla/5.0 AppleWebKit/537.36 (KHTML, like Gecko; compatible; ClaudeBot/1.0; +claudebot@anthropic.com)" pradeshikjansamachar.com 119.18.58.130
66.249.64.166 - - [10/Sep/2026:21:03:07 +0530] "GET /?action=edit&file=libCNS.so&path=%2F%2Flib%2Fgconv HTTP/2.0" 200 312078 "-" "Mozilla/5.0 (Linux; Android 6.0.1; Nexus 5X Build/MMB29P) AppleWebKit/537.36 (KHTML, like Gecko) Chrome/152.0.7977.82 Mobile Safari/537.36 (compatible; GoogleOther)" pradeshikjansamachar.com 119.18.58.130
216.73.217.60 - - [10/Sep/2026:21:03:10 +0530] "GET /?action=edit&file=su&path=%2F%2Fbin HTTP/2.0" 200 67019 "-" "Mozilla/5.0 AppleWebKit/537.36 (KHTML, like Gecko; compatible; ClaudeBot/1.0; +claudebot@anthropic.com)" pradeshikjansamachar.com 119.18.58.130
216.73.217.60 - - [10/Sep/2026:21:03:12 +0530] "GET /?action=edit&file=rsync-user-homedir.pl&path=%2F%2Fscripts HTTP/2.0" 200 69742 "-" "Mozilla/5.0 AppleWebKit/537.36 (KHTML, like Gecko; compatible; ClaudeBot/1.0; +claudebot@anthropic.com)" pradeshikjansamachar.com 119.18.58.130
216.73.217.60 - - [10/Sep/2026:21:03:15 +0530] "GET /?action=edit&file=gsettings&path=%2F%2Fbin HTTP/2.0" 200 76257 "-" "Mozilla/5.0 AppleWebKit/537.36 (KHTML, like Gecko; compatible; ClaudeBot/1.0; +claudebot@anthropic.com)" pradeshikjansamachar.com 119.18.58.130
216.73.217.60 - - [10/Sep/2026:21:03:17 +0530] "GET /?action=edit&file=pure-statsdecode&path=%2F%2Fbin HTTP/2.0" 200 69555 "-" "Mozilla/5.0 AppleWebKit/537.36 (KHTML, like Gecko; compatible; ClaudeBot/1.0; +claudebot@anthropic.com)" pradeshikjansamachar.com 119.18.58.130
66.249.64.165 - - [10/Sep/2026:21:03:18 +0530] "GET /?action=edit&file=libanl.so.1&path=%2F%2Flib HTTP/2.0" 200 73391 "-" "Mozilla/5.0 (Linux; Android 6.0.1; Nexus 5X Build/MMB29P) AppleWebKit/537.36 (KHTML, like Gecko) Chrome/152.0.7977.82 Mobile Safari/537.36 (compatible; Googlebot/2.1; +http://www.google.com/bot.html)" pradeshikjansamachar.com 119.18.58.130
216.73.217.60 - - [10/Sep/2026:21:03:20 +0530] "GET /?paged=5&path=%2F%2Fhome3 HTTP/2.0" 200 66885 "-" "Mozilla/5.0 AppleWebKit/537.36 (KHTML, like Gecko; compatible; ClaudeBot/1.0; +claudebot@anthropic.com)" pradeshikjansamachar.com 119.18.58.130
45.113.122.172 - - [10/Sep/2026:21:03:24 +0530] "POST /wp-cron.php?doing_wp_cron=1789054403.7289121150970458984375 HTTP/2.0" 200 - "-" "WordPress/7.1; https://pradeshikjansamachar.com" pradeshikjansamachar.com 119.18.58.130
216.73.217.60 - - [10/Sep/2026:21:03:22 +0530] "GET /?paged=445&path=%2Fhome3%2Fpradetbp%2Fpublic_html%2Fwp-admin%2Fcss HTTP/2.0" 200 59103 "-" "Mozilla/5.0 AppleWebKit/537.36 (KHTML, like Gecko; compatible; ClaudeBot/1.0; +claudebot@anthropic.com)" pradeshikjansamachar.com 119.18.58.130
216.73.217.60 - - [10/Sep/2026:21:03:25 +0530] "GET /?action=edit&file=systemd-delta&path=%2F%2Fbin HTTP/2.0" 200 102237 "-" "Mozilla/5.0 AppleWebKit/537.36 (KHTML, like Gecko; compatible; ClaudeBot/1.0; +claudebot@anthropic.com)" pradeshikjansamachar.com 119.18.58.130
216.73.217.60 - - [10/Sep/2026:21:03:27 +0530] "GET /?paged=446&path=%2Fhome3%2Fpradetbp%2Fpublic_html%2Fwp-includes%2Fhtml-api HTTP/2.0" 200 58909 "-" "Mozilla/5.0 AppleWebKit/537.36 (KHTML, like Gecko; compatible; ClaudeBot/1.0; +claudebot@anthropic.com)" pradeshikjansamachar.com 119.18.58.130
216.73.217.60 - - [10/Sep/2026:21:03:30 +0530] "GET /?path=%2Fhome3%2Fpradetbp%2Fpublic_html%2Fwp-includes%2Fbuild HTTP/2.0" 200 67412 "-" "Mozilla/5.0 AppleWebKit/537.36 (KHTML, like Gecko; compatible; ClaudeBot/1.0; +claudebot@anthropic.com)" pradeshikjansamachar.com 119.18.58.130
216.73.217.60 - - [10/Sep/2026:21:03:32 +0530] "GET /?action=edit&file=augenrules&path=%2F%2Fusr%2Fsbin HTTP/2.0" 200 68615 "-" "Mozilla/5.0 AppleWebKit/537.36 (KHTML, like Gecko; compatible; ClaudeBot/1.0; +claudebot@anthropic.com)" pradeshikjansamachar.com 119.18.58.130
216.73.217.60 - - [10/Sep/2026:21:03:35 +0530] "GET /?action=edit&file=dconf&path=%2F%2Fbin HTTP/2.0" 200 85796 "-" "Mozilla/5.0 AppleWebKit/537.36 (KHTML, like Gecko; compatible; ClaudeBot/1.0; +claudebot@anthropic.com)" pradeshikjansamachar.com 119.18.58.130
66.249.64.164 - - [10/Sep/2026:21:03:30 +0530] "GET /?action=edit&file=iwlwifi-8265-31.ucode&path=%2F%2Flib%2Ffirmware HTTP/2.0" 200 928321 "-" "Mozilla/5.0 (Linux; Android 6.0.1; Nexus 5X Build/MMB29P) AppleWebKit/537.36 (KHTML, like Gecko) Chrome/152.0.7977.82 Mobile Safari/537.36 (compatible; GoogleOther)" pradeshikjansamachar.com 119.18.58.130
216.73.217.60 - - [10/Sep/2026:21:03:38 +0530] "GET /?action=edit&file=restorecon&path=%2F%2Fusr%2Fsbin HTTP/2.0" 200 77703 "-" "Mozilla/5.0 AppleWebKit/537.36 (KHTML, like Gecko; compatible; ClaudeBot/1.0; +claudebot@anthropic.com)" pradeshikjansamachar.com 119.18.58.130
216.73.217.60 - - [10/Sep/2026:21:03:40 +0530] "GET /?action=edit&file=arping&path=%2F%2Fusr%2Fsbin HTTP/2.0" 200 76024 "-" "Mozilla/5.0 AppleWebKit/537.36 (KHTML, like Gecko; compatible; ClaudeBot/1.0; +claudebot@anthropic.com)" pradeshikjansamachar.com 119.18.58.130
216.73.217.60 - - [10/Sep/2026:21:03:42 +0530] "GET /?action=edit&file=named&path=%2F%2Fusr%2Fsbin HTTP/2.0" 200 380373 "-" "Mozilla/5.0 AppleWebKit/537.36 (KHTML, like Gecko; compatible; ClaudeBot/1.0; +claudebot@anthropic.com)" pradeshikjansamachar.com 119.18.58.130
216.73.217.60 - - [10/Sep/2026:21:03:45 +0530] "GET /?action=edit&file=setpci&path=%2F%2Fusr%2Fsbin HTTP/2.0" 200 76171 "-" "Mozilla/5.0 AppleWebKit/537.36 (KHTML, like Gecko; compatible; ClaudeBot/1.0; +claudebot@anthropic.com)" pradeshikjansamachar.com 119.18.58.130
216.73.217.60 - - [10/Sep/2026:21:03:47 +0530] "GET /?action=edit&file=ebtables-save&path=%2F%2Fusr%2Fsbin HTTP/2.0" 200 67491 "-" "Mozilla/5.0 AppleWebKit/537.36 (KHTML, like Gecko; compatible; ClaudeBot/1.0; +claudebot@anthropic.com)" pradeshikjansamachar.com 119.18.58.130
216.73.217.60 - - [10/Sep/2026:21:03:50 +0530] "GET /?action=edit&file=perf_event_mux_interval_ms&path=%2F%2Fsys%2Fdevices%2Fsoftware HTTP/2.0" 200 67075 "-" "Mozilla/5.0 AppleWebKit/537.36 (KHTML, like Gecko; compatible; ClaudeBot/1.0; +claudebot@anthropic.com)" pradeshikjansamachar.com 119.18.58.130
216.73.217.60 - - [10/Sep/2026:21:03:53 +0530] "GET /?action=edit&file=dump-utmp&path=%2F%2Fusr%2Fsbin HTTP/2.0" 200 73617 "-" "Mozilla/5.0 AppleWebKit/537.36 (KHTML, like Gecko; compatible; ClaudeBot/1.0; +claudebot@anthropic.com)" pradeshikjansamachar.com 119.18.58.130
216.73.217.60 - - [10/Sep/2026:21:03:55 +0530] "GET /?paged=2&path=%2F%2Fvar%2Flib%2Fdav HTTP/2.0" 200 66842 "-" "Mozilla/5.0 AppleWebKit/537.36 (KHTML, like Gecko; compatible; ClaudeBot/1.0; +claudebot@anthropic.com)" pradeshikjansamachar.com 119.18.58.130
66.249.64.164 - - [10/Sep/2026:21:03:56 +0530] "GET /?path=%2F%2Flib64%2Fmysql%2Fplugin HTTP/2.0" 200 67905 "-" "Mozilla/5.0 (Linux; Android 6.0.1; Nexus 5X Build/MMB29P) AppleWebKit/537.36 (KHTML, like Gecko) Chrome/152.0.7977.82 Mobile Safari/537.36 (compatible; GoogleOther)" pradeshikjansamachar.com 119.18.58.130
216.73.217.60 - - [10/Sep/2026:21:03:57 +0530] "GET /?action=edit&file=grpck&path=%2F%2Fusr%2Fsbin HTTP/2.0" 200 90116 "-" "Mozilla/5.0 AppleWebKit/537.36 (KHTML, like Gecko; compatible; ClaudeBot/1.0; +claudebot@anthropic.com)" pradeshikjansamachar.com 119.18.58.130
220.181.108.91 - - [10/Sep/2026:21:04:00 +0530] "GET /?p=7207 HTTP/2.0" 200 58599 "-" "Mozilla/5.0 (compatible; Baiduspider/2.0; +http://www.baidu.com/search/spider.html)" pradeshikjansamachar.com 119.18.58.130
216.73.217.60 - - [10/Sep/2026:21:04:00 +0530] "GET /?action=edit&file=fsck.ext3&path=%2F%2Fusr%2Fsbin HTTP/2.0" 200 179415 "-" "Mozilla/5.0 AppleWebKit/537.36 (KHTML, like Gecko; compatible; ClaudeBot/1.0; +claudebot@anthropic.com)" pradeshikjansamachar.com 119.18.58.130
216.73.217.60 - - [10/Sep/2026:21:04:02 +0530] "GET /?action=edit&file=runq&path=%2F%2Fusr%2Fsbin HTTP/2.0" 200 772087 "-" "Mozilla/5.0 AppleWebKit/537.36 (KHTML, like Gecko; compatible; ClaudeBot/1.0; +claudebot@anthropic.com)" pradeshikjansamachar.com 119.18.58.130
